{"id":157,"date":"2018-12-12T15:43:07","date_gmt":"2018-12-12T17:43:07","guid":{"rendered":"https:\/\/www.ufsm.br\/cursos\/graduacao\/santa-maria\/servico-social\/?page_id=157"},"modified":"2018-12-12T15:43:07","modified_gmt":"2018-12-12T17:43:07","slug":"areas-de-atuacao","status":"publish","type":"page","link":"https:\/\/www.ufsm.br\/cursos\/graduacao\/santa-maria\/servico-social\/areas-de-atuacao","title":{"rendered":"\u00c1reas de Atua\u00e7\u00e3o"},"content":{"rendered":"<p>O Assistente Social pode atuar nos seguintes setores:<\/p>\n<p><strong>Primeiro Setor:<\/strong>\u00a0Entidades P\u00fablicas, como: hospitais, albergues, abrigos, pres\u00eddios, prefeituras, judici\u00e1rio, escolas entre outras.<\/p>\n<p><strong>Segundo Setor:\u00a0<\/strong>Entidades Privadas, como: empresas industriais, comerciais e de servi\u00e7os;<\/p>\n<p><strong>Terceiro Setor:<\/strong>\u00a0Entidades S\u00f3cio-Assistenciais; ONGS, associa\u00e7\u00f5es de moradores, funda\u00e7\u00f5es.<\/p>\n<p>Ainda, atua em Institui\u00e7\u00f5es de Ensino e de Pesquisa; Assessoria e Consultoria em Servi\u00e7o Social.<\/p>\n","protected":false},"excerpt":{"rendered":"<p>O Assistente Social pode atuar nos seguintes setores: Primeiro Setor:\u00a0Entidades P\u00fablicas, como: hospitais, albergues, abrigos, pres\u00eddios, prefeituras, judici\u00e1rio, escolas entre outras. Segundo Setor:\u00a0Entidades Privadas, como: empresas industriais, comerciais e de servi\u00e7os; Terceiro Setor:\u00a0Entidades S\u00f3cio-Assistenciais; ONGS, associa\u00e7\u00f5es de moradores, funda\u00e7\u00f5es. Ainda, atua em Institui\u00e7\u00f5es de Ensino e de Pesquisa; Assessoria e Consultoria em Servi\u00e7o Social.<\/p>\n","protected":false},"author":117,"featured_media":0,"parent":0,"menu_order":0,"comment_status":"closed","ping_status":"closed","template":"","meta":{"footnotes":""},"categories":[],"tags":[],"class_list":["post-157","page","type-page","status-publish","hentry"],"acf":[],"_links":{"self":[{"href":"https:\/\/www.ufsm.br\/cursos\/graduacao\/santa-maria\/servico-social\/wp-json\/wp\/v2\/pages\/157","targetHints":{"allow":["GET"]}}],"collection":[{"href":"https:\/\/www.ufsm.br\/cursos\/graduacao\/santa-maria\/servico-social\/wp-json\/wp\/v2\/pages"}],"about":[{"href":"https:\/\/www.ufsm.br\/cursos\/graduacao\/santa-maria\/servico-social\/wp-json\/wp\/v2\/types\/page"}],"author":[{"embeddable":true,"href":"https:\/\/www.ufsm.br\/cursos\/graduacao\/santa-maria\/servico-social\/wp-json\/wp\/v2\/users\/117"}],"replies":[{"embeddable":true,"href":"https:\/\/www.ufsm.br\/cursos\/graduacao\/santa-maria\/servico-social\/wp-json\/wp\/v2\/comments?post=157"}],"version-history":[{"count":0,"href":"https:\/\/www.ufsm.br\/cursos\/graduacao\/santa-maria\/servico-social\/wp-json\/wp\/v2\/pages\/157\/revisions"}],"wp:attachment":[{"href":"https:\/\/www.ufsm.br\/cursos\/graduacao\/santa-maria\/servico-social\/wp-json\/wp\/v2\/media?parent=157"}],"wp:term":[{"taxonomy":"category","embeddable":true,"href":"https:\/\/www.ufsm.br\/cursos\/graduacao\/santa-maria\/servico-social\/wp-json\/wp\/v2\/categories?post=157"},{"taxonomy":"post_tag","embeddable":true,"href":"https:\/\/www.ufsm.br\/cursos\/graduacao\/santa-maria\/servico-social\/wp-json\/wp\/v2\/tags?post=157"}],"curies":[{"name":"wp","href":"https:\/\/api.w.org\/{rel}","templated":true}]}}