{"id":154,"date":"2018-11-28T17:24:50","date_gmt":"2018-11-28T19:24:50","guid":{"rendered":"https:\/\/www.ufsm.br\/cursos\/graduacao\/santa-maria\/sistemas-de-informacao\/?page_id=154"},"modified":"2018-11-28T17:24:51","modified_gmt":"2018-11-28T19:24:51","slug":"projetos-de-pesquisa","status":"publish","type":"page","link":"https:\/\/www.ufsm.br\/cursos\/graduacao\/santa-maria\/sistemas-de-informacao\/projetos-de-pesquisa","title":{"rendered":"Projetos de Pesquisa"},"content":{"rendered":"<p><strong>Como funciona?<\/strong><\/p>\n<p>Todos os estudantes de Sistemas de Informa\u00e7\u00e3o podem ingressar em um Projeto de Pesquisa logo no primeiro semestre. Para isso, basta procurar algum professor que trabalhe na sua \u00e1rea de interesse e conversar com ele sobre o assunto. Se o estudante ainda n\u00e3o tem uma \u00e1rea espec\u00edfica, pode assim mesmo encontrar um projeto para si, apenas conversando com o professor.<\/p>\n","protected":false},"excerpt":{"rendered":"<p>Como funciona? Todos os estudantes de Sistemas de Informa\u00e7\u00e3o podem ingressar em um Projeto de Pesquisa logo no primeiro semestre. Para isso, basta procurar algum professor que trabalhe na sua \u00e1rea de interesse e conversar com ele sobre o assunto. Se o estudante ainda n\u00e3o tem uma \u00e1rea espec\u00edfica, pode assim mesmo encontrar um projeto [&hellip;]<\/p>\n","protected":false},"author":194,"featured_media":0,"parent":0,"menu_order":0,"comment_status":"closed","ping_status":"closed","template":"","meta":{"footnotes":""},"categories":[],"tags":[],"class_list":["post-154","page","type-page","status-publish","hentry"],"acf":[],"_links":{"self":[{"href":"https:\/\/www.ufsm.br\/cursos\/graduacao\/santa-maria\/sistemas-de-informacao\/wp-json\/wp\/v2\/pages\/154","targetHints":{"allow":["GET"]}}],"collection":[{"href":"https:\/\/www.ufsm.br\/cursos\/graduacao\/santa-maria\/sistemas-de-informacao\/wp-json\/wp\/v2\/pages"}],"about":[{"href":"https:\/\/www.ufsm.br\/cursos\/graduacao\/santa-maria\/sistemas-de-informacao\/wp-json\/wp\/v2\/types\/page"}],"author":[{"embeddable":true,"href":"https:\/\/www.ufsm.br\/cursos\/graduacao\/santa-maria\/sistemas-de-informacao\/wp-json\/wp\/v2\/users\/194"}],"replies":[{"embeddable":true,"href":"https:\/\/www.ufsm.br\/cursos\/graduacao\/santa-maria\/sistemas-de-informacao\/wp-json\/wp\/v2\/comments?post=154"}],"version-history":[{"count":0,"href":"https:\/\/www.ufsm.br\/cursos\/graduacao\/santa-maria\/sistemas-de-informacao\/wp-json\/wp\/v2\/pages\/154\/revisions"}],"wp:attachment":[{"href":"https:\/\/www.ufsm.br\/cursos\/graduacao\/santa-maria\/sistemas-de-informacao\/wp-json\/wp\/v2\/media?parent=154"}],"wp:term":[{"taxonomy":"category","embeddable":true,"href":"https:\/\/www.ufsm.br\/cursos\/graduacao\/santa-maria\/sistemas-de-informacao\/wp-json\/wp\/v2\/categories?post=154"},{"taxonomy":"post_tag","embeddable":true,"href":"https:\/\/www.ufsm.br\/cursos\/graduacao\/santa-maria\/sistemas-de-informacao\/wp-json\/wp\/v2\/tags?post=154"}],"curies":[{"name":"wp","href":"https:\/\/api.w.org\/{rel}","templated":true}]}}