{"id":156,"date":"2018-11-27T14:13:33","date_gmt":"2018-11-27T16:13:33","guid":{"rendered":"https:\/\/www.ufsm.br\/cursos\/graduacao\/santa-maria\/tecnologia-em-alimentos\/?page_id=156"},"modified":"2025-09-16T08:26:42","modified_gmt":"2025-09-16T11:26:42","slug":"estagio","status":"publish","type":"page","link":"https:\/\/www.ufsm.br\/cursos\/graduacao\/santa-maria\/tecnologia-em-alimentos\/estagio","title":{"rendered":"Est\u00e1gio Curricular Supervisionado"},"content":{"rendered":"<p>Com a finalidade de obter o grau de Tecn\u00f3logo em Alimentos, o estudante dever\u00e1 realizar, o Est\u00e1gio Curricular Supervisionado em uma \u00e1rea da Tecnologia de Alimentos, visando os seguintes objetivos:<\/p>\n<ul>\n<li>Proporcionar o desenvolvimento na pr\u00e1tica de atividades inerentes ao exerc\u00edcio profissional e de compet\u00eancia do tecn\u00f3logo em alimentos, incorporando nos processos de aprendizagem, forma\u00e7\u00e3o e experi\u00eancia profissional.<\/li>\n<li>Desenvolvimento de atividades de est\u00e1gio curricular de acordo com o projeto pedag\u00f3gico do CSTA nas \u00e1reas que envolvam os conte\u00fados , compostos por campos do saber destinados \u00e0 caracteriza\u00e7\u00e3o da identidade profissional.<\/li>\n<li>O Relat\u00f3rio Final dever\u00e1 ser elaborado dentro dos moldes exigidos da MDT (monografia, tese e disserta\u00e7\u00e3o) e seguindo a Formata\u00e7\u00e3o B\u00e1sica de Relat\u00f3rio Supervisionado.<\/li>\n<\/ul>\n<div><span style=\"font-size: revert;color: initial\">Os est\u00e1gios devem seguir as orienta\u00e7\u00f5es da <\/span><strong style=\"font-size: revert;color: initial\"><a href=\"https:\/\/portal.ufsm.br\/documentos\/publico\/documento.html?id=13946288\">Instru\u00e7\u00e3o Normativa N. 001\/2022\/UFSM\/PROGRAD<\/a>\u00a0<\/strong><span style=\"font-size: revert;color: initial\">que consta no site:\u00a0<\/span><a style=\"font-size: revert\" href=\"https:\/\/www.ufsm.br\/pro-reitorias\/prograd\/code\/estagios\/instrucao-normativa-01-2022\/\">https:\/\/www.ufsm.br\/pro-reitorias\/prograd\/code\/estagios\/instrucao-normativa-01-2022\/<\/a><\/div>\n<div>\n<p><strong>Os discentes interessados em est\u00e1gio devem seguir a ordem das atividades descritas abaixo:<\/strong><\/p>\n<div>1) Verificar se cumpriu todos os pr\u00e9-requisitos.<\/div>\n<div>2) Verificar se a empresa pertence a \u00e1rea de Tecnologia de Alimentos.<\/div>\n<div>\u00a0<\/div>\n<div>Ap\u00f3s essas verifica\u00e7\u00f5es citadas, e se cumpre os requisitos:<\/div>\n<div>\u00a0<\/div>\n<div>3) Conversar com um professor para ser o <b>orientador<\/b>\u00a0na UFSM e assim acompanhar o desenvolvimento do\u00a0<span class=\"il\">est\u00e1gio<\/span>\u00a0<span class=\"il\">curricular (registrar o aceite do professor por<\/span>\u00a0e-mail).<\/div>\n<div>\u00a0<\/div>\n<div>4)<b> Preencher todos os documentos<\/b>\u00a0necess\u00e1rios descritos\u00a0no site (\u00a0<a href=\"https:\/\/www.ufsm.br\/pro-reitorias\/prograd\/code\/estagios\/\" target=\"_blank\" rel=\"noopener noreferrer\" data-saferedirecturl=\"https:\/\/www.google.com\/url?q=https:\/\/www.ufsm.br\/cursos\/graduacao\/santa-maria\/tecnologia-em-alimentos\/formularios\/&amp;source=gmail&amp;ust=1601642057717000&amp;usg=AFQjCNEcQxgrjyd2q39fS-yrspHi_eTQyg\">https:\/\/www.ufsm.br\/pro-reitorias\/prograd\/code\/estagios\/<\/a>)<\/div>\n<div>\u00a0<\/div>\n<div>5)\u00a0 <b>Tramitar via sistema PEN-SIE para assinatura<\/b>\u00a0do\u00a0<strong>orientador UFSM e<\/strong>\u00a0<strong>Supervisor da Empresa<\/strong>\u00a0(<a href=\"https:\/\/www.ufsm.br\/app\/uploads\/sites\/382\/2021\/01\/Tutorial-Termos-de-Estagio.pdf\">Tutorial no site do PEN-SIE<\/a>).<\/div>\n<div>\u00a0<\/div>\n<div>6) Para est\u00e1gio obrigat\u00f3rio: Realizar a matr\u00edcula na disciplina de est\u00e1gio.<\/div>\n<div>\u00a0<\/div>\n<div>Maiores esclarecimentos no e-mail alimentos@ufsm.br<\/div>\n<\/div>\n<div>\u00a0<\/div>\n<p><strong>\u00a0<\/strong><strong>Cronograma DEFESAS DE RELAT\u00d3RIO DE EST\u00c1GIO SUPERVISIONADO 2025\/II<\/strong><\/p>\n<table style=\"width: 97.8942%;height: 348px\" width=\"616\">\n<tbody>\n<tr style=\"height: 24px\">\n<td style=\"height: 24px;width: 29.9654%\" width=\"177\"><strong>Per\u00edodo\u00a0<\/strong><\/td>\n<td style=\"height: 24px;width: 23.2526%\" width=\"146\"><strong>Data<\/strong><\/td>\n<td style=\"height: 24px;width: 46.09%\" width=\"293\"><strong>Descri\u00e7\u00e3o da atividade<\/strong><\/td>\n<\/tr>\n<tr style=\"height: 46px\">\n<td style=\"width: 29.9654%;height: 46px\" width=\"189\">1 m\u00eas antes da defesa<\/td>\n<td style=\"height: 46px;width: 23.2526%\" width=\"146\">24\/10\/2025<\/td>\n<td style=\"height: 46px;width: 46.09%\" width=\"293\">Informar para a Coordena\u00e7\u00e3o os indicados para compor a banca de avalia\u00e7\u00e3o e data da defesa.<\/td>\n<\/tr>\n<tr style=\"height: 46px\">\n<td style=\"width: 29.9654%;height: 46px\" width=\"189\">1 m\u00eas antes da defesa<\/td>\n<td style=\"width: 23.2526%;height: 46px\">24\/10\/2025<\/td>\n<td style=\"width: 46.09%;height: 46px\">Entrega da 1\u00aa vers\u00e3o do relat\u00f3rio para o orientador fazer\u00a0 corre\u00e7\u00f5es<\/td>\n<\/tr>\n<tr style=\"height: 46px\">\n<td style=\"width: 29.9654%;height: 46px\" width=\"189\">2 semanas antes da defesa do est\u00e1gio<\/td>\n<td style=\"width: 23.2526%;height: 46px\">10\/11\/2025<\/td>\n<td style=\"width: 46.09%;height: 46px\">Relat\u00f3rio dispon\u00edvel para corre\u00e7\u00e3o da banca<\/td>\n<\/tr>\n<tr style=\"height: 23px\">\n<td style=\"width: 29.9654%;height: 23px\" width=\"189\"><strong>Semana de defesa do est\u00e1gio<\/strong><\/td>\n<td style=\"width: 23.2526%;height: 23px\"><b>24\/11\/25 \u2013 28\/11\/25<\/b><\/td>\n<td style=\"width: 46.09%;height: 23px\"><strong>Per\u00edodo de defesas de relat\u00f3rio de est\u00e1gio<\/strong><\/td>\n<\/tr>\n<tr style=\"height: 70px\">\n<td style=\"width: 29.9654%;height: 70px\" width=\"189\">\u00a0<\/td>\n<td style=\"width: 23.2526%\" width=\"145\">\n<p>07\/12\/2025<\/p>\n<\/td>\n<td style=\"width: 46.09%;height: 70px\">Data limite de entrega da Vers\u00e3o final do relat\u00f3rio em arquivo pdf (com de acordo do supervisor da empresa)<\/td>\n<\/tr>\n<tr style=\"height: 23px\">\n<td style=\"width: 29.9654%;height: 23px\" width=\"189\">Fim do semestre letivo<\/td>\n<td style=\"width: 23.2526%;height: 23px\">11\/12\/2025<\/td>\n<td style=\"width: 46.09%;height: 23px\">\u00a0<\/td>\n<\/tr>\n<tr style=\"height: 70px\">\n<td style=\"width: 29.9654%;height: 70px\" width=\"189\">Publica\u00e7\u00e3o de notas<\/td>\n<td style=\"width: 23.2526%;height: 70px\" width=\"189\">11\/12\/2025<\/td>\n<td style=\"width: 46.09%;height: 70px\">Data limite para publica\u00e7\u00e3o do aproveitamento escolar pelos Departamentos do 2\u00b0 semestre letivo de 2025 (digita\u00e7\u00e3o de notas)<\/td>\n<\/tr>\n<\/tbody>\n<\/table>\n<p>O Relat\u00f3rio Final dever\u00e1 ser elaborado dentro dos moldes exigidos da\u00a0<a href=\"http:\/\/w3.ufsm.br\/biblioteca\/phocadownload\/Manual_de_Dissertacoes_e_Teses-2015.pdf\">MDT<\/a>\u00a0(monografia, tese e disserta\u00e7\u00e3o) e seguindo a\u00a0<a href=\"http:\/\/w3.ufsm.br\/tecalimentos\/images\/formularios\/FORMATAO%20BSICA%20DE%20RELATRIO%20SUPERVISIONADO.pdf\">Formata\u00e7\u00e3o B\u00e1sica de Relat\u00f3rio Supervisionado<\/a>, dispon\u00edvel no site do Curso: <a href=\"http:\/\/w3.ufsm.br\/tecalimentos\/index.php\/documentos\/estagio\">http:\/\/w3.ufsm.br\/tecalimentos\/index.php\/documentos\/estagio<\/a><\/p>\n<p>Abaixo o link para verificar se a empresa tem <b>conv\u00eanio<\/b> com a Universidade.<\/p>\n<p><a href=\"https:\/\/www.ufsm.br\/pro-reitorias\/proplan\/acordos-e-convenios\">Conv\u00eanios de Est\u00e1gios da UFSM<\/a><\/p>\n\n","protected":false},"excerpt":{"rendered":"<p>Com a finalidade de obter o grau de Tecn\u00f3logo em Alimentos, o estudante dever\u00e1 realizar, o Est\u00e1gio Curricular Supervisionado em uma \u00e1rea da Tecnologia de Alimentos, visando os seguintes objetivos: Proporcionar o desenvolvimento na pr\u00e1tica de atividades inerentes ao exerc\u00edcio profissional e de compet\u00eancia do tecn\u00f3logo em alimentos, incorporando nos processos de aprendizagem, forma\u00e7\u00e3o e [&hellip;]<\/p>\n","protected":false},"author":201,"featured_media":0,"parent":0,"menu_order":0,"comment_status":"closed","ping_status":"closed","template":"","meta":{"footnotes":""},"categories":[],"tags":[],"class_list":["post-156","page","type-page","status-publish","hentry"],"acf":[],"_links":{"self":[{"href":"https:\/\/www.ufsm.br\/cursos\/graduacao\/santa-maria\/tecnologia-em-alimentos\/wp-json\/wp\/v2\/pages\/156","targetHints":{"allow":["GET"]}}],"collection":[{"href":"https:\/\/www.ufsm.br\/cursos\/graduacao\/santa-maria\/tecnologia-em-alimentos\/wp-json\/wp\/v2\/pages"}],"about":[{"href":"https:\/\/www.ufsm.br\/cursos\/graduacao\/santa-maria\/tecnologia-em-alimentos\/wp-json\/wp\/v2\/types\/page"}],"author":[{"embeddable":true,"href":"https:\/\/www.ufsm.br\/cursos\/graduacao\/santa-maria\/tecnologia-em-alimentos\/wp-json\/wp\/v2\/users\/201"}],"replies":[{"embeddable":true,"href":"https:\/\/www.ufsm.br\/cursos\/graduacao\/santa-maria\/tecnologia-em-alimentos\/wp-json\/wp\/v2\/comments?post=156"}],"version-history":[{"count":0,"href":"https:\/\/www.ufsm.br\/cursos\/graduacao\/santa-maria\/tecnologia-em-alimentos\/wp-json\/wp\/v2\/pages\/156\/revisions"}],"wp:attachment":[{"href":"https:\/\/www.ufsm.br\/cursos\/graduacao\/santa-maria\/tecnologia-em-alimentos\/wp-json\/wp\/v2\/media?parent=156"}],"wp:term":[{"taxonomy":"category","embeddable":true,"href":"https:\/\/www.ufsm.br\/cursos\/graduacao\/santa-maria\/tecnologia-em-alimentos\/wp-json\/wp\/v2\/categories?post=156"},{"taxonomy":"post_tag","embeddable":true,"href":"https:\/\/www.ufsm.br\/cursos\/graduacao\/santa-maria\/tecnologia-em-alimentos\/wp-json\/wp\/v2\/tags?post=156"}],"curies":[{"name":"wp","href":"https:\/\/api.w.org\/{rel}","templated":true}]}}