{"id":163,"date":"2018-12-11T15:57:55","date_gmt":"2018-12-11T17:57:55","guid":{"rendered":"https:\/\/www.ufsm.br\/cursos\/graduacao\/santa-maria\/tecnologia-em-geoprocessamento\/?page_id=163"},"modified":"2018-12-11T15:57:55","modified_gmt":"2018-12-11T17:57:55","slug":"pre-requisitos","status":"publish","type":"page","link":"https:\/\/www.ufsm.br\/cursos\/graduacao\/santa-maria\/tecnologia-em-geoprocessamento\/pre-requisitos","title":{"rendered":"Pr\u00e9-Requisitos"},"content":{"rendered":"<table border=\"2\" align=\"center\">\n<tbody>\n<tr>\n<td style=\"text-align: center\"><strong>Semestre<\/strong><\/td>\n<td style=\"text-align: center\"><strong>Disciplina<\/strong><\/td>\n<td style=\"text-align: center\"><strong>Nome<\/strong><\/td>\n<td style=\"text-align: center\"><strong>Pr\u00e9 &#8211; Requisito<\/strong><\/td>\n<\/tr>\n<tr>\n<td style=\"text-align: center\" rowspan=\"7\"><strong>1\u00b0 Sem.<\/strong><\/td>\n<td style=\"text-align: center\">DPADP0001<\/td>\n<td style=\"text-align: center\">INTRODU\u00c7\u00c3O AO GEOPROCESSAMENTO<\/td>\n<td style=\"text-align: center\">Nenhum.<\/td>\n<\/tr>\n<tr>\n<td style=\"text-align: center\">DPADP0002<\/td>\n<td style=\"text-align: center\">C\u00c1LCULO NUM\u00c9RICO<\/td>\n<td style=\"text-align: center\">Nenhum.<\/td>\n<\/tr>\n<tr>\n<td style=\"text-align: center\">DPADP0003<\/td>\n<td style=\"text-align: center\">F\u00cdSICA APLICADA AO GEOPROCESSAMENTO<\/td>\n<td style=\"text-align: center\">Nenhum.<\/td>\n<\/tr>\n<tr>\n<td style=\"text-align: center\">DPADP0004<\/td>\n<td style=\"text-align: center\">INTRODU\u00c7\u00c3O \u00c0 INFORM\u00c1TICA<\/td>\n<td style=\"text-align: center\">Nenhum.<\/td>\n<\/tr>\n<tr>\n<td style=\"text-align: center\">DPADP0005<\/td>\n<td style=\"text-align: center\">TOPOGRAFIA-PLANIMETRIA<\/td>\n<td style=\"text-align: center\">Nenhum.<\/td>\n<\/tr>\n<tr>\n<td style=\"text-align: center\">DPADP0006<\/td>\n<td style=\"text-align: center\">ESTAT\u00cdSTICA B\u00c1SICA<\/td>\n<td style=\"text-align: center\">Nenhum.<\/td>\n<\/tr>\n<tr>\n<td style=\"text-align: center\">DPADP0007<\/td>\n<td style=\"text-align: center\">MATEM\u00c1TICA APLICADA AO GEOPROCESSAMENTO<\/td>\n<td style=\"text-align: center\">Nenhum.<\/td>\n<\/tr>\n<tr>\n<td style=\"text-align: center\" rowspan=\"6\"><strong>2\u00b0 Sem.<\/strong><\/td>\n<td style=\"text-align: center\">DPADP0008<\/td>\n<td style=\"text-align: center\">TOPOGRAFIA &#8211; ALTIMETRIA<\/td>\n<td style=\"text-align: center\">DPADP0005<\/td>\n<\/tr>\n<tr>\n<td style=\"text-align: center\">DPADP0009<\/td>\n<td style=\"text-align: center\">MODELAGEM DE BANCO DE DADOS ESPACIAL<\/td>\n<td style=\"text-align: center\">DPADP0004<\/td>\n<\/tr>\n<tr>\n<td style=\"text-align: center\">DPADP0010<\/td>\n<td style=\"text-align: center\">CARTOGRAFIA GERAL<\/td>\n<td style=\"text-align: center\">Nenhum<\/td>\n<\/tr>\n<tr>\n<td style=\"text-align: center\">DPADP0011<\/td>\n<td style=\"text-align: center\">\u00c1LGEBRA LINEAR E GEOMETRIA ANAL\u00cdTICA<\/td>\n<td style=\"text-align: center\">Nenhum<\/td>\n<\/tr>\n<tr>\n<td style=\"text-align: center\">DPADP0012<\/td>\n<td style=\"text-align: center\">INTRODU\u00c7\u00c3O \u00c0S GEOCI\u00caNCIAS<\/td>\n<td style=\"text-align: center\">Nenhum<\/td>\n<\/tr>\n<tr>\n<td style=\"text-align: center\">DPADP0013<\/td>\n<td style=\"text-align: center\">FOTOINTERPRETA\u00c7\u00c3O<\/td>\n<td style=\"text-align: center\">Nenhum<\/td>\n<\/tr>\n<tr>\n<td style=\"text-align: center\" rowspan=\"7\"><strong>3\u00b0 Sem.<\/strong><\/td>\n<td style=\"text-align: center\">DPADP0014<\/td>\n<td style=\"text-align: center\">METODOLOGIA CIENT\u00cdFICA<\/td>\n<td style=\"text-align: center\">Nenhum<\/td>\n<\/tr>\n<tr>\n<td style=\"text-align: center\">DPADP0015<\/td>\n<td style=\"text-align: center\">ALGORITMOS DE PROGRAMA\u00c7\u00c3O<\/td>\n<td style=\"text-align: center\">DPADP0009<\/td>\n<\/tr>\n<tr>\n<td style=\"text-align: center\">DPADP0016<\/td>\n<td style=\"text-align: center\">GEOD\u00c9SIA GERAL<\/td>\n<td style=\"text-align: center\">DPADP0003 e DPADP0008<\/td>\n<\/tr>\n<tr>\n<td style=\"text-align: center\">DPADP0017<\/td>\n<td style=\"text-align: center\">SENSORIAMENTO REMOTO<\/td>\n<td style=\"text-align: center\">DPADP0003<\/td>\n<\/tr>\n<tr>\n<td style=\"text-align: center\">DPADP0018<\/td>\n<td style=\"text-align: center\">CARTOGRAFIA TEM\u00c1TICA<\/td>\n<td style=\"text-align: center\">DPADP0010 e DPADP0012<\/td>\n<\/tr>\n<tr>\n<td style=\"text-align: center\">DPADP0019<\/td>\n<td style=\"text-align: center\">INGL\u00caS INSTRUMENTAL<\/td>\n<td style=\"text-align: center\">Nenhum<\/td>\n<\/tr>\n<tr>\n<td style=\"text-align: center\">DPADP0020<\/td>\n<td style=\"text-align: center\">PRINC\u00cdPIOS DE ADMINISTRA\u00c7\u00c3O<\/td>\n<td style=\"text-align: center\">Nenhum<\/td>\n<\/tr>\n<tr>\n<td style=\"text-align: center\" rowspan=\"5\"><strong>4\u00b0 Sem.<\/strong><\/td>\n<td style=\"text-align: center\">DPADP0021<\/td>\n<td style=\"text-align: center\">ENGENHARIA DE SOFTWARE<\/td>\n<td style=\"text-align: center\">DPADP0004 e DPADP0015<\/td>\n<\/tr>\n<tr>\n<td style=\"text-align: center\">DPADP0022<\/td>\n<td style=\"text-align: center\">POSICIONAMENTO POR SAT\u00c9LITES<\/td>\n<td style=\"text-align: center\">DPADP0016<\/td>\n<\/tr>\n<tr>\n<td style=\"text-align: center\">DPADP0023<\/td>\n<td style=\"text-align: center\">DIAGN\u00d3STICO E CARACTERIZA\u00c7\u00c3O AMBIENTAL<\/td>\n<td style=\"text-align: center\">DPADP0012<\/td>\n<\/tr>\n<tr>\n<td style=\"text-align: center\">DPADP0024<\/td>\n<td style=\"text-align: center\">PROCESSAMENTO DIGITAL DE IMAGENS<\/td>\n<td style=\"text-align: center\">DPADP0017<\/td>\n<\/tr>\n<tr>\n<td style=\"text-align: center\">DPADP0025<\/td>\n<td style=\"text-align: center\">TEORIAS NO PLANEJAMENTO ESPACIAL<\/td>\n<td style=\"text-align: center\">DPADP0018<\/td>\n<\/tr>\n<tr>\n<td style=\"text-align: center\" rowspan=\"4\"><strong>5\u00b0 Sem.<\/strong><\/td>\n<td style=\"text-align: center\">DPADP0026<\/td>\n<td style=\"text-align: center\">DESENHO AUXILIADO POR COMPUTADOR<\/td>\n<td style=\"text-align: center\">DPADP0008 e DPADP0010<\/td>\n<\/tr>\n<tr>\n<td style=\"text-align: center\">DPADP0027<\/td>\n<td style=\"text-align: center\">FOTOGRAMETRIA ANAL\u00d3GICA E DIGITAL<\/td>\n<td style=\"text-align: center\">DPADP0013<\/td>\n<\/tr>\n<tr>\n<td style=\"text-align: center\">DPADP0028<\/td>\n<td style=\"text-align: center\">AJUSTAMENTO DE OBSERVA\u00c7\u00d5ES GEOD\u00c9SICAS<\/td>\n<td style=\"text-align: center\">DPADP0002 e DPADP0022<\/td>\n<\/tr>\n<tr>\n<td style=\"text-align: center\">DPADP0029<\/td>\n<td style=\"text-align: center\">SISTEMAS DE INFORMA\u00c7\u00d5ES GEOGR\u00c1FICAS<\/td>\n<td style=\"text-align: center\">DPADP0011, DPADP0023,<br \/>\nDPADP0024 e DPADP0025<\/td>\n<\/tr>\n<tr>\n<td style=\"text-align: center\" rowspan=\"6\"><strong>\u00a0 6\u00b0 Sem.\u00a0\u00a0\u00a0<\/strong><\/td>\n<td style=\"text-align: center\">\u00a0DPADP0030<\/td>\n<td style=\"text-align: center\">\u00a0AN\u00c1LISE AMBIENTAL POR GEOPROCESSAMENTO<\/td>\n<td style=\"text-align: center\">\u00a0DPADP0029<\/td>\n<\/tr>\n<tr>\n<td style=\"text-align: center\">\u00a0DPADP0031<\/td>\n<td style=\"text-align: center\">CADASTRO T\u00c9CNICO MULTIFINALIT\u00c1RIO<\/td>\n<td style=\"text-align: center\">\u00a0DPADP0029<\/td>\n<\/tr>\n<tr>\n<td style=\"text-align: center\">\u00a0DPADP0032<\/td>\n<td style=\"text-align: center\">PROJETOS EM GEOPROCESSAMENTO<\/td>\n<td style=\"text-align: center\">\u00a0DPADP0014 e DPADP0029<\/td>\n<\/tr>\n<tr>\n<td style=\"text-align: center\">\u00a0DPADP0033<\/td>\n<td style=\"text-align: center\">\u00a0CLASSIFICA\u00c7\u00c3O DIGITAL DE IMAGENS<\/td>\n<td style=\"text-align: center\">\u00a0DPADP0006 e DPADP0024<\/td>\n<\/tr>\n<tr>\n<td style=\"text-align: center\">\u00a0DPADP0034<\/td>\n<td style=\"text-align: center\">GEOESTAT\u00cdSTICA<\/td>\n<td style=\"text-align: center\">\u00a0DPADP0002, DPADP0006,<\/p>\n<p>DPADP0007 e DPADP0029<\/td>\n<\/tr>\n<tr>\n<td style=\"text-align: center\">\u00a0DPADP0035<\/td>\n<td style=\"text-align: center\">TECNOLOGIA WEB APLICADA AO GEOPROCESSAMENTO<\/td>\n<td style=\"text-align: center\">\u00a0DPADP0015<\/td>\n<\/tr>\n<tr>\n<td style=\"text-align: center\"><strong>\u00a07\u00b0 Sem.<\/strong><\/td>\n<td style=\"text-align: center\">\u00a0DPADP0036<\/td>\n<td style=\"text-align: center\">EST\u00c1GIO CURRICULAR SUPERVISIONADO<\/td>\n<td style=\"text-align: center\">Poder\u00e1 ocorrer a partir do 5\u00ba semestre do curso para os alunos\u00a0que cumprirem com aproveitamento a sequ\u00eancia aconselhada do curso\u00a0ou quando o aluno tiver conclu\u00eddo 65% da carga hor\u00e1ria do mesmo.<\/td>\n<\/tr>\n<tr>\n<td style=\"text-align: center\" rowspan=\"5\"><strong>DCGs\u00a0\u00a0\u00a0<\/strong><\/td>\n<td style=\"text-align: center\">\u00a0DPAPD0115<\/td>\n<td style=\"text-align: center\">\u00a0IMPLEMENTA\u00c7\u00c3O DE BANCO DE DADOS ESPACIAIS<\/td>\n<td style=\"text-align: center\">\u00a0DPADP0009<\/td>\n<\/tr>\n<tr>\n<td style=\"text-align: center\">\u00a0DPADP0103<\/td>\n<td style=\"text-align: center\">\u00a0GEST\u00c3O DE INFORMA\u00c7\u00d5ES GEORREFERENCIADAS<\/td>\n<td style=\"text-align: center\">\u00a0DPADP0010<\/td>\n<\/tr>\n<tr>\n<td style=\"text-align: center\">\u00a0DPADP0116<\/td>\n<td style=\"text-align: center\">\u00a0LINGUAGEM DE PROGRAMA\u00c7\u00c3O<\/td>\n<td style=\"text-align: center\">\u00a0DPADP0015<\/td>\n<\/tr>\n<tr>\n<td style=\"text-align: center\">\u00a0DPADP0118<\/td>\n<td style=\"text-align: center\">MODELAGEM DIN\u00c2MICA ESPACIAL<\/td>\n<td style=\"text-align: center\">\u00a0DPADP0006 e DPADP0017<\/td>\n<\/tr>\n<tr>\n<td style=\"text-align: center\">DPADP0119<\/td>\n<td style=\"text-align: center\">GEOTECNOLOGIAS APLICADAS EM RECURSOS H\u00cdDRICOS<\/td>\n<td style=\"text-align: center\">DPADP0005, DPADP0008,<br \/>\nDPADP0013, DPADP0017 e DPADP0022<\/td>\n<\/tr>\n<\/tbody>\n<\/table>\n","protected":false},"excerpt":{"rendered":"<p>Semestre Disciplina Nome Pr\u00e9 &#8211; Requisito 1\u00b0 Sem. DPADP0001 INTRODU\u00c7\u00c3O AO GEOPROCESSAMENTO Nenhum. DPADP0002 C\u00c1LCULO NUM\u00c9RICO Nenhum. DPADP0003 F\u00cdSICA APLICADA AO GEOPROCESSAMENTO Nenhum. DPADP0004 INTRODU\u00c7\u00c3O \u00c0 INFORM\u00c1TICA Nenhum. DPADP0005 TOPOGRAFIA-PLANIMETRIA Nenhum. DPADP0006 ESTAT\u00cdSTICA B\u00c1SICA Nenhum. DPADP0007 MATEM\u00c1TICA APLICADA AO GEOPROCESSAMENTO Nenhum. 2\u00b0 Sem. DPADP0008 TOPOGRAFIA &#8211; ALTIMETRIA DPADP0005 DPADP0009 MODELAGEM DE BANCO DE DADOS ESPACIAL [&hellip;]<\/p>\n","protected":false},"author":194,"featured_media":0,"parent":0,"menu_order":0,"comment_status":"closed","ping_status":"closed","template":"","meta":{"footnotes":""},"categories":[],"tags":[],"class_list":["post-163","page","type-page","status-publish","hentry"],"acf":[],"_links":{"self":[{"href":"https:\/\/www.ufsm.br\/cursos\/graduacao\/santa-maria\/tecnologia-em-geoprocessamento\/wp-json\/wp\/v2\/pages\/163","targetHints":{"allow":["GET"]}}],"collection":[{"href":"https:\/\/www.ufsm.br\/cursos\/graduacao\/santa-maria\/tecnologia-em-geoprocessamento\/wp-json\/wp\/v2\/pages"}],"about":[{"href":"https:\/\/www.ufsm.br\/cursos\/graduacao\/santa-maria\/tecnologia-em-geoprocessamento\/wp-json\/wp\/v2\/types\/page"}],"author":[{"embeddable":true,"href":"https:\/\/www.ufsm.br\/cursos\/graduacao\/santa-maria\/tecnologia-em-geoprocessamento\/wp-json\/wp\/v2\/users\/194"}],"replies":[{"embeddable":true,"href":"https:\/\/www.ufsm.br\/cursos\/graduacao\/santa-maria\/tecnologia-em-geoprocessamento\/wp-json\/wp\/v2\/comments?post=163"}],"version-history":[{"count":0,"href":"https:\/\/www.ufsm.br\/cursos\/graduacao\/santa-maria\/tecnologia-em-geoprocessamento\/wp-json\/wp\/v2\/pages\/163\/revisions"}],"wp:attachment":[{"href":"https:\/\/www.ufsm.br\/cursos\/graduacao\/santa-maria\/tecnologia-em-geoprocessamento\/wp-json\/wp\/v2\/media?parent=163"}],"wp:term":[{"taxonomy":"category","embeddable":true,"href":"https:\/\/www.ufsm.br\/cursos\/graduacao\/santa-maria\/tecnologia-em-geoprocessamento\/wp-json\/wp\/v2\/categories?post=163"},{"taxonomy":"post_tag","embeddable":true,"href":"https:\/\/www.ufsm.br\/cursos\/graduacao\/santa-maria\/tecnologia-em-geoprocessamento\/wp-json\/wp\/v2\/tags?post=163"}],"curies":[{"name":"wp","href":"https:\/\/api.w.org\/{rel}","templated":true}]}}