{"id":29,"date":"2018-01-18T09:10:07","date_gmt":"2018-01-18T11:10:07","guid":{"rendered":"https:\/\/www.ufsm.br\/cursos\/graduacao\/nutricao\/12352\/?page_id=29"},"modified":"2023-10-30T08:02:48","modified_gmt":"2023-10-30T11:02:48","slug":"contato","status":"publish","type":"page","link":"https:\/\/www.ufsm.br\/cursos\/graduacao\/santa-maria\/tecnologia-em-processos-quimicos\/contato","title":{"rendered":"Contato"},"content":{"rendered":"<p>O Curso Superior de Tecnologia em Processos Qu\u00edmicos conta com uma equipe composta por:<\/p>\n<p><strong>Coordenadora:<\/strong> Profa. Rochele Sogari Picoloto<\/p>\n<p><strong>Coordenadora-Substituta:<\/strong> Profa. Jussiane Souza da Silva<\/p>\n<p><strong>T\u00e9cnica em Laborat\u00f3rio:<\/strong>\u00a0Michele Mantelli Schmidt<\/p>\n<p>O atendimento\u00a0 \u00e9 feito na Secretaria Integrada dos Cursos de Gradua\u00e7\u00e3o das Ci\u00eancias Naturais, Sala 1108A, pr\u00e9dio 13.<\/p>\n<p><strong>Telefone para contato:<\/strong> (55) 3220 8142<\/p>\n<p><strong>Endere\u00e7o para contato:<\/strong>\u00a0<span id=\"cloak85f881a9b3b0ff898185bda6bfdfc5e1\"><a href=\"mailto:processosquimicos@ufsm.br\">processosquimicos@ufsm.br<\/a><\/span><\/p>\n<p><strong>Endere\u00e7o para contato (secretaria)<\/strong>: <a href=\"mailto:graduacao.naturais@ufsm.br\">graduacao.naturais@ufsm.br<\/a><\/p>\n\n\n<p><\/p>\n","protected":false},"excerpt":{"rendered":"<p>O Curso Superior de Tecnologia em Processos Qu\u00edmicos conta com uma equipe composta por: Coordenadora: Profa. Rochele Sogari Picoloto Coordenadora-Substituta: Profa. Jussiane Souza da Silva T\u00e9cnica em Laborat\u00f3rio:\u00a0Michele Mantelli Schmidt O atendimento\u00a0 \u00e9 feito na Secretaria Integrada dos Cursos de Gradua\u00e7\u00e3o das Ci\u00eancias Naturais, Sala 1108A, pr\u00e9dio 13. Telefone para contato: (55) 3220 8142 Endere\u00e7o [&hellip;]<\/p>\n","protected":false},"author":8,"featured_media":0,"parent":0,"menu_order":0,"comment_status":"closed","ping_status":"closed","template":"","meta":{"footnotes":""},"categories":[],"tags":[],"class_list":["post-29","page","type-page","status-publish","hentry"],"acf":[],"_links":{"self":[{"href":"https:\/\/www.ufsm.br\/cursos\/graduacao\/santa-maria\/tecnologia-em-processos-quimicos\/wp-json\/wp\/v2\/pages\/29","targetHints":{"allow":["GET"]}}],"collection":[{"href":"https:\/\/www.ufsm.br\/cursos\/graduacao\/santa-maria\/tecnologia-em-processos-quimicos\/wp-json\/wp\/v2\/pages"}],"about":[{"href":"https:\/\/www.ufsm.br\/cursos\/graduacao\/santa-maria\/tecnologia-em-processos-quimicos\/wp-json\/wp\/v2\/types\/page"}],"author":[{"embeddable":true,"href":"https:\/\/www.ufsm.br\/cursos\/graduacao\/santa-maria\/tecnologia-em-processos-quimicos\/wp-json\/wp\/v2\/users\/8"}],"replies":[{"embeddable":true,"href":"https:\/\/www.ufsm.br\/cursos\/graduacao\/santa-maria\/tecnologia-em-processos-quimicos\/wp-json\/wp\/v2\/comments?post=29"}],"version-history":[{"count":0,"href":"https:\/\/www.ufsm.br\/cursos\/graduacao\/santa-maria\/tecnologia-em-processos-quimicos\/wp-json\/wp\/v2\/pages\/29\/revisions"}],"wp:attachment":[{"href":"https:\/\/www.ufsm.br\/cursos\/graduacao\/santa-maria\/tecnologia-em-processos-quimicos\/wp-json\/wp\/v2\/media?parent=29"}],"wp:term":[{"taxonomy":"category","embeddable":true,"href":"https:\/\/www.ufsm.br\/cursos\/graduacao\/santa-maria\/tecnologia-em-processos-quimicos\/wp-json\/wp\/v2\/categories?post=29"},{"taxonomy":"post_tag","embeddable":true,"href":"https:\/\/www.ufsm.br\/cursos\/graduacao\/santa-maria\/tecnologia-em-processos-quimicos\/wp-json\/wp\/v2\/tags?post=29"}],"curies":[{"name":"wp","href":"https:\/\/api.w.org\/{rel}","templated":true}]}}