{"id":163,"date":"2018-11-30T10:17:05","date_gmt":"2018-11-30T12:17:05","guid":{"rendered":"https:\/\/www.ufsm.br\/cursos\/graduacao\/santa-maria\/terapia-ocupacional\/?page_id=163"},"modified":"2023-05-02T11:01:48","modified_gmt":"2023-05-02T14:01:48","slug":"pesquisa","status":"publish","type":"page","link":"https:\/\/www.ufsm.br\/cursos\/graduacao\/santa-maria\/terapia-ocupacional\/pesquisa","title":{"rendered":"Pesquisa, Ensino e Extens\u00e3o"},"content":{"rendered":"\t\t<div data-elementor-type=\"wp-page\" data-elementor-id=\"163\" class=\"elementor elementor-163\">\n\t\t\t\t\t\t<section class=\"elementor-section elementor-top-section elementor-element elementor-element-aa31aac elementor-section-boxed elementor-section-height-default elementor-section-height-default\" data-id=\"aa31aac\" data-element_type=\"section\">\n\t\t\t\t\t\t<div class=\"elementor-container elementor-column-gap-default\">\n\t\t\t\t\t<div class=\"elementor-column elementor-col-100 elementor-top-column elementor-element elementor-element-b2fcf28\" data-id=\"b2fcf28\" data-element_type=\"column\">\n\t\t\t<div class=\"elementor-widget-wrap elementor-element-populated\">\n\t\t\t\t\t\t<div class=\"elementor-element elementor-element-2985619 elementor-tabs-alignment-stretch elementor-tabs-view-horizontal elementor-widget elementor-widget-tabs\" data-id=\"2985619\" data-element_type=\"widget\" data-widget_type=\"tabs.default\">\n\t\t\t\t<div class=\"elementor-widget-container\">\n\t\t\t\t\t<div class=\"elementor-tabs\">\n\t\t\t<div class=\"elementor-tabs-wrapper\" role=\"tablist\" >\n\t\t\t\t\t\t\t\t\t<div id=\"elementor-tab-title-4351\" class=\"elementor-tab-title elementor-tab-desktop-title\" aria-selected=\"true\" data-tab=\"1\" role=\"tab\" tabindex=\"0\" aria-controls=\"elementor-tab-content-4351\" aria-expanded=\"false\">PESQUISA<\/div>\n\t\t\t\t\t\t\t\t\t<div id=\"elementor-tab-title-4352\" class=\"elementor-tab-title elementor-tab-desktop-title\" aria-selected=\"false\" data-tab=\"2\" role=\"tab\" tabindex=\"-1\" aria-controls=\"elementor-tab-content-4352\" aria-expanded=\"false\">ENSINO<\/div>\n\t\t\t\t\t\t\t\t\t<div id=\"elementor-tab-title-4353\" class=\"elementor-tab-title elementor-tab-desktop-title\" aria-selected=\"false\" data-tab=\"3\" role=\"tab\" tabindex=\"-1\" aria-controls=\"elementor-tab-content-4353\" aria-expanded=\"false\">EXTENS\u00c3O<\/div>\n\t\t\t\t\t\t\t<\/div>\n\t\t\t<div class=\"elementor-tabs-content-wrapper\" role=\"tablist\" aria-orientation=\"vertical\">\n\t\t\t\t\t\t\t\t\t<div class=\"elementor-tab-title elementor-tab-mobile-title\" aria-selected=\"true\" data-tab=\"1\" role=\"tab\" tabindex=\"0\" aria-controls=\"elementor-tab-content-4351\" aria-expanded=\"false\">PESQUISA<\/div>\n\t\t\t\t\t<div id=\"elementor-tab-content-4351\" class=\"elementor-tab-content elementor-clearfix\" data-tab=\"1\" role=\"tabpanel\" aria-labelledby=\"elementor-tab-title-4351\" tabindex=\"0\" hidden=\"false\"><ul><li><p><a href=\"https:\/\/portal.ufsm.br\/projetos\/publico\/projetos\/view.html?idProjeto=71213\">A ESCALA BAYLEY III PARA AVALIA\u00c7\u00c3O COGNITIVA DE\u00a0<span style=\"font-weight: var( --e-global-typography-text-font-weight )\">CRIAN\u00c7AS NASCIDAS PR\u00c9-TERMO EM UM HOSPITAL\u00a0<\/span><span style=\"font-weight: var( --e-global-typography-text-font-weight )\">UNIVERSIT\u00c1RIO<\/span><\/a><\/p><\/li><li><a href=\"https:\/\/portal.ufsm.br\/projetos\/publico\/projetos\/view.html?idProjeto=72657\"><span style=\"font-weight: 400\">MAPEAMENTO TERRITORIAL DE PESSOAS COM DEFICI\u00caNCIA DE UMA UNIDADE B\u00c1SICA DE SA\u00daDE DE SANTA MARIA, RS<\/span><\/a><\/li><\/ul><ul><li><a href=\"https:\/\/portal.ufsm.br\/projetos\/publico\/projetos\/view.html?idProjeto=69575\">EFEITOS F\u00cdSICOS, COGNITIVOS, PSICOL\u00d3GICOS E SOCIAIS DO PROCESSO DE ENVELHECIMENTO E DO CUIDAR DE IDOSOS<\/a><\/li><\/ul><ul><li><a href=\"https:\/\/portal.ufsm.br\/projetos\/publico\/projetos\/view.html?idProjeto=66770\"><span style=\"font-weight: 400\">DESENVOLVIMENTO DO M\u00c9TODO TERAP\u00caUTICO OCUPACIONAL DE CUIDADO AO CUIDADOR INFORMAL &#8211; MeTOCC<\/span><\/a><\/li><\/ul><ul><li><p><a href=\"https:\/\/portal.ufsm.br\/projetos\/publico\/projetos\/view.html?idProjeto=66607\"><span style=\"font-weight: 400\">APOIO E FOMENTO DA ESTRAT\u00c9GIA DA GEST\u00c3O AUT\u00d4NOMA DA MEDICA\u00c7\u00c3O E OUTRAS PR\u00c1TICAS EMANCIPAT\u00d3RIAS EM SA\u00daDE MENTAL NA REGI\u00c3O CENTRAL DO RIO GRANDE DO SUL.<\/span><\/a><\/p><\/li><li><a href=\"https:\/\/portal.ufsm.br\/projetos\/publico\/projetos\/view.html?idProjeto=71104\"><span style=\"font-weight: 400\">M\u00cdDIAS SOCIAIS: POSSIBILIDADES DE DIVULGA\u00c7\u00c3O DA PROFISS\u00c3O DE TERAPIA OCUPACIONAL<\/span><\/a><\/li><\/ul><ul><li><p><a href=\"https:\/\/portal.ufsm.br\/projetos\/publico\/projetos\/view.html?idProjeto=70594\"><span style=\"font-weight: 400\">NO CH\u00c3O BRASIL: CARTOGRAFANDO RASTROS DE OUTRAS CORPORIFICA\u00c7\u00d5ES POSS\u00cdVEIS E SUAS EXPRESS\u00d5ES NAS ARTES DA CENA.<\/span><\/a><\/p><\/li><li><p><a href=\"https:\/\/portal.ufsm.br\/projetos\/publico\/projetos\/view.html?idProjeto=66362\"><span style=\"font-weight: 400\">PANDEMIA DE COVID- 19 NO BRASIL: AVALIA\u00c7\u00c3O DE ESTADOS EMOCIONAIS, COTIDIANOS E DISPOSITIVOS VIRTUAIS DE AJUDA E SUPORTE M\u00daTUO \u00c0 POPULA\u00c7\u00c3O.<\/span><\/a><\/p><\/li><\/ul><\/div>\n\t\t\t\t\t\t\t\t\t<div class=\"elementor-tab-title elementor-tab-mobile-title\" aria-selected=\"false\" data-tab=\"2\" role=\"tab\" tabindex=\"-1\" aria-controls=\"elementor-tab-content-4352\" aria-expanded=\"false\">ENSINO<\/div>\n\t\t\t\t\t<div id=\"elementor-tab-content-4352\" class=\"elementor-tab-content elementor-clearfix\" data-tab=\"2\" role=\"tabpanel\" aria-labelledby=\"elementor-tab-title-4352\" tabindex=\"0\" hidden=\"hidden\"><ul><li><a href=\"https:\/\/portal.ufsm.br\/projetos\/publico\/projetos\/view.html?idProjeto=69798\"><span style=\"font-weight: 400\">O TRABALHO DOCENTE ARTICULADO E TRABALHO MULTIDISCIPLINAR NA EDUCA\u00c7\u00c3O INFANTIL<\/span><\/a><\/li><\/ul><ul><li><a href=\"https:\/\/portal.ufsm.br\/projetos\/publico\/projetos\/view.html?idProjeto=70522\"><span style=\"font-weight: 400\">VIVA BEM A IDADE QUE TEM &#8211; PROMO\u00c7\u00c3O DO ENVELHECIMENTO ATIVO E COM QUALIDADE<\/span><\/a><\/li><\/ul><ul><li><a href=\"https:\/\/portal.ufsm.br\/projetos\/publico\/projetos\/view.html?idProjeto=67018\"><span style=\"font-weight: 400\">SABER PARA CUIDAR: PROJETO INTERDISCIPLINAR, DIALOGANDO SOBRE O PROCESSO DE VIVER E MORRER, NO \u00c2MBITO DOS CUIDADOS PALIATIVOS<\/span><\/a><\/li><\/ul><ul><li><a href=\"https:\/\/portal.ufsm.br\/projetos\/publico\/projetos\/view.html?idProjeto=69151\"><span style=\"font-weight: 400\">PRODUZINDO BANDO: PO\u00c9TICAS, VIDAS E POL\u00cdTICAS NO ESPA\u00c7OCORPO.<\/span><\/a><\/li><\/ul><ul><li><a href=\"https:\/\/portal.ufsm.br\/projetos\/publico\/projetos\/view.html?idProjeto=66401\"><span style=\"font-weight: 400\">GRUPO DE ESTUDOS ESTAMIRA &#8211; TERAPIA OCUPACIONAL, SA\u00daDE MENTAL E VULNERABILIDADE SOCIAL<\/span><\/a><\/li><\/ul><ul><li><a href=\"https:\/\/portal.ufsm.br\/projetos\/publico\/projetos\/view.html?idProjeto=71193\"><span style=\"font-weight: 400\">EXPANS\u00c3O DO ENSINO SOBRE AS ABORDAGENS NA REABILITA\u00c7\u00c3O DE PESSOAS COM PARKINSON<\/span><\/a><\/li><\/ul><\/div>\n\t\t\t\t\t\t\t\t\t<div class=\"elementor-tab-title elementor-tab-mobile-title\" aria-selected=\"false\" data-tab=\"3\" role=\"tab\" tabindex=\"-1\" aria-controls=\"elementor-tab-content-4353\" aria-expanded=\"false\">EXTENS\u00c3O<\/div>\n\t\t\t\t\t<div id=\"elementor-tab-content-4353\" class=\"elementor-tab-content elementor-clearfix\" data-tab=\"3\" role=\"tabpanel\" aria-labelledby=\"elementor-tab-title-4353\" tabindex=\"0\" hidden=\"hidden\"><ul><li><a href=\"https:\/\/portal.ufsm.br\/projetos\/publico\/projetos\/view.html?idProjeto=59687\"><span style=\"font-weight: 400\">TERAPIA OCUPACIONAL E INTERVEN\u00c7\u00c3O PRECOCES COM BEB\u00caS E SEUS FAMILIARES: DETEC\u00c7\u00c3O E TRATAMENTO DOS PROBLEMAS DO DESENVOLVIMENTO E RISCO PS\u00cdQUICO NA PRIMEIRA INF\u00c2NCIA<\/span><\/a><\/li><\/ul><ul><li><a href=\"https:\/\/portal.ufsm.br\/projetos\/publico\/projetos\/view.html?idProjeto=59510\"><span style=\"font-weight: 400\">PACTO: PROGRAMA DE APOIO AOS CUIDADORES DA TERAPIA OCUPACIONAL<\/span><\/a><\/li><\/ul><ul><li><a href=\"https:\/\/portal.ufsm.br\/projetos\/publico\/projetos\/view.html?idProjeto=56352\"><span style=\"font-weight: 400\">A\u00c7\u00d5ES DE QUALIFICA\u00c7\u00c3O E FORTALECIMENTO DA ESTRAT\u00c9GIA DA GEST\u00c3O AUT\u00d4NOMA DA MEDICA\u00c7\u00c3O (GAM) NA REGI\u00c3O DA 4a COORDENADORIA REGIONAL DE SA\u00daDE, RS<\/span><\/a><\/li><\/ul><ul><li><a href=\"https:\/\/portal.ufsm.br\/projetos\/publico\/projetos\/view.html?idProjeto=64980\">ENVELHER ATIVO: UM OLHAR SOBRE O ENVELHECIMENTO SAUD\u00c1VEL<\/a><\/li><\/ul><ul><li><a href=\"https:\/\/portal.ufsm.br\/projetos\/publico\/projetos\/view.html?idProjeto=65694\"><span style=\"font-weight: 400\">JARDIM SENSORIAL: ESPA\u00c7O DE ACESSIBILIDADE E INCLUS\u00c3O<\/span><\/a><\/li><\/ul><ul><li><a href=\"https:\/\/portal.ufsm.br\/projetos\/publico\/projetos\/view.html?idProjeto=68969\"><span style=\"font-weight: 400\">ATEN\u00c7\u00c3O TERAP\u00caUTICA OCUPACIONAL NA SA\u00daDE DOS TRABALHADORES<\/span><\/a><\/li><\/ul><ul><li><a href=\"https:\/\/portal.ufsm.br\/projetos\/publico\/projetos\/view.html?idProjeto=62878\"><span style=\"font-weight: 400\">TERAPIA OCUPACIONAL, EDUCA\u00c7\u00c3O INCLUSIVA E A\u00c7\u00d5ES INTERDISCIPLINARES<\/span><\/a><\/li><\/ul><ul><li><a href=\"https:\/\/portal.ufsm.br\/projetos\/publico\/projetos\/view.html?idProjeto=70334\"><span style=\"font-weight: 400\">BRASILIDADES NOS CORPOS &#8211; TROCANDO SABERES PARA A INVEN\u00c7\u00c3O CONT\u00cdNUA DE SI E DO MUNDO<\/span><\/a><\/li><\/ul><ul><li><p><a href=\"https:\/\/portal.ufsm.br\/projetos\/publico\/projetos\/view.html?idProjeto=62166\"><span style=\"font-weight: 400\">APOIO INTERPROFISSIONAL NA SA\u00daDE MENTAL<\/span><\/a><\/p><\/li><li><a href=\"https:\/\/portal.ufsm.br\/projetos\/publico\/projetos\/view.html?idProjeto=66028\">PROGRAMA ESTAMIRA \u2013 SA\u00daDE MENTAL COMUNIT\u00c1RIA<\/a><\/li><\/ul><\/div>\n\t\t\t\t\t\t\t<\/div>\n\t\t<\/div>\n\t\t\t\t<\/div>\n\t\t\t\t<\/div>\n\t\t\t\t\t<\/div>\n\t\t<\/div>\n\t\t\t\t\t<\/div>\n\t\t<\/section>\n\t\t\t\t<\/div>\n\t\t","protected":false},"excerpt":{"rendered":"<p>PESQUISA ENSINO EXTENS\u00c3O PESQUISA A ESCALA BAYLEY III PARA AVALIA\u00c7\u00c3O COGNITIVA DE&nbsp;CRIAN\u00c7AS NASCIDAS PR\u00c9-TERMO EM UM HOSPITAL&nbsp;UNIVERSIT\u00c1RIO MAPEAMENTO TERRITORIAL DE PESSOAS COM DEFICI\u00caNCIA DE UMA UNIDADE B\u00c1SICA DE SA\u00daDE DE SANTA MARIA, RS EFEITOS F\u00cdSICOS, COGNITIVOS, PSICOL\u00d3GICOS E SOCIAIS DO PROCESSO DE ENVELHECIMENTO E DO CUIDAR DE IDOSOS DESENVOLVIMENTO DO M\u00c9TODO TERAP\u00caUTICO OCUPACIONAL DE CUIDADO [&hellip;]<\/p>\n","protected":false},"author":201,"featured_media":0,"parent":0,"menu_order":0,"comment_status":"closed","ping_status":"closed","template":"","meta":{"footnotes":""},"categories":[],"tags":[],"class_list":["post-163","page","type-page","status-publish","hentry"],"acf":[],"_links":{"self":[{"href":"https:\/\/www.ufsm.br\/cursos\/graduacao\/santa-maria\/terapia-ocupacional\/wp-json\/wp\/v2\/pages\/163","targetHints":{"allow":["GET"]}}],"collection":[{"href":"https:\/\/www.ufsm.br\/cursos\/graduacao\/santa-maria\/terapia-ocupacional\/wp-json\/wp\/v2\/pages"}],"about":[{"href":"https:\/\/www.ufsm.br\/cursos\/graduacao\/santa-maria\/terapia-ocupacional\/wp-json\/wp\/v2\/types\/page"}],"author":[{"embeddable":true,"href":"https:\/\/www.ufsm.br\/cursos\/graduacao\/santa-maria\/terapia-ocupacional\/wp-json\/wp\/v2\/users\/201"}],"replies":[{"embeddable":true,"href":"https:\/\/www.ufsm.br\/cursos\/graduacao\/santa-maria\/terapia-ocupacional\/wp-json\/wp\/v2\/comments?post=163"}],"version-history":[{"count":0,"href":"https:\/\/www.ufsm.br\/cursos\/graduacao\/santa-maria\/terapia-ocupacional\/wp-json\/wp\/v2\/pages\/163\/revisions"}],"wp:attachment":[{"href":"https:\/\/www.ufsm.br\/cursos\/graduacao\/santa-maria\/terapia-ocupacional\/wp-json\/wp\/v2\/media?parent=163"}],"wp:term":[{"taxonomy":"category","embeddable":true,"href":"https:\/\/www.ufsm.br\/cursos\/graduacao\/santa-maria\/terapia-ocupacional\/wp-json\/wp\/v2\/categories?post=163"},{"taxonomy":"post_tag","embeddable":true,"href":"https:\/\/www.ufsm.br\/cursos\/graduacao\/santa-maria\/terapia-ocupacional\/wp-json\/wp\/v2\/tags?post=163"}],"curies":[{"name":"wp","href":"https:\/\/api.w.org\/{rel}","templated":true}]}}