{"id":2887,"date":"2024-11-08T17:01:55","date_gmt":"2024-11-08T20:01:55","guid":{"rendered":"https:\/\/www.ufsm.br\/cursos\/graduacao\/santa-maria\/terapia-ocupacional\/?page_id=2887"},"modified":"2026-03-25T12:19:44","modified_gmt":"2026-03-25T15:19:44","slug":"coordenacao-do-curso","status":"publish","type":"page","link":"https:\/\/www.ufsm.br\/cursos\/graduacao\/santa-maria\/terapia-ocupacional\/coordenacao-do-curso","title":{"rendered":"Coordena\u00e7\u00e3o do Curso"},"content":{"rendered":"\n<p style=\"text-align: justify\"><strong>Coordena\u00e7\u00e3o do Curso: Profa. Dra. Silvani Vargas Vieira\u00a0<\/strong><\/p>\n<p style=\"text-align: justify\"><a href=\"https:\/\/portal.ufsm.br\/documentos\/publico\/documento.html?idDocumento=15087411\">Portaria de Pessoal 121\/2024\/CCS &#8211; Desgina Fun\u00e7\u00e3o Comissionada de Coordenadora do Curso de Terapia Ocupacional &#8211; 12\/06\/2024 at\u00e9 126\/06\/2026\u00a0<\/a><\/p>\n<p style=\"text-align: justify\"><strong>Vice-Coordena\u00e7\u00e3o: Profa. Dra. Bianca Gon\u00e7alves de Carrasco Bassi<\/strong><\/p>\n<p style=\"text-align: justify\"><a href=\"https:\/\/portal.ufsm.br\/documentos\/publico\/documento.html?idDocumento=15507076\">Portaria de Pessoal 175\/2025\/CCS &#8211; Designa Fun\u00e7\u00e3o Comissionada de Coordenadora Substituta do Curso de Terapia Ocupacional &#8211; 17\/07\/2025 at\u00e9 12\/06\/2026<\/a><\/p>\n<p style=\"text-align: justify\"><strong style=\"font-size: revert;color: initial\"><br \/>ORIENTA\u00c7\u00c3O ACAD\u00caMICA:<\/strong><\/p>\n<p style=\"text-align: justify\">Agendar reuni\u00e3o com a Coordena\u00e7\u00e3o com pelo menos 01 (um) dia de anteced\u00eancia, enviando e-mail para <a href=\"mailto:terapiaocupacional@ufsm.br\">terapiaocupacional@ufsm.br<\/a><\/p>\n<p style=\"text-align: justify\"><strong>E-MAIL:<\/strong><\/p>\n<p style=\"text-align: justify\">Assunto: ORIENTA\u00c7\u00c3O ACAD\u00caMICA<\/p>\n<p style=\"text-align: justify\">Nome discente:\u00a0<\/p>\n<p style=\"text-align: justify\">N\u00famero de matr\u00edcula:\u00a0<\/p>\n<p style=\"text-align: justify\">Assunto: (objetividade)<\/p>\n<p style=\"text-align: justify\">Disponibilidade de dia, turno e hor\u00e1rio: (descrever nesta ordem)<\/p>\n<p style=\"text-align: justify\">\u00a0<\/p>\n<p style=\"text-align: justify\"><em>Dados atualizados em: 25\/03\/2026<\/em><\/p>\n\n\n\n\n\n\n\n\n\n\n\n\n","protected":false},"excerpt":{"rendered":"<p>Coordena\u00e7\u00e3o do Curso: Profa. Dra. Silvani Vargas Vieira\u00a0 Portaria de Pessoal 121\/2024\/CCS &#8211; Desgina Fun\u00e7\u00e3o Comissionada de Coordenadora do Curso de Terapia Ocupacional &#8211; 12\/06\/2024 at\u00e9 126\/06\/2026\u00a0 Vice-Coordena\u00e7\u00e3o: Profa. Dra. Bianca Gon\u00e7alves de Carrasco Bassi Portaria de Pessoal 175\/2025\/CCS &#8211; Designa Fun\u00e7\u00e3o Comissionada de Coordenadora Substituta do Curso de Terapia Ocupacional &#8211; 17\/07\/2025 at\u00e9 12\/06\/2026 [&hellip;]<\/p>\n","protected":false},"author":5095,"featured_media":0,"parent":0,"menu_order":0,"comment_status":"closed","ping_status":"closed","template":"","meta":{"footnotes":""},"categories":[],"tags":[],"class_list":["post-2887","page","type-page","status-publish","hentry"],"acf":[],"_links":{"self":[{"href":"https:\/\/www.ufsm.br\/cursos\/graduacao\/santa-maria\/terapia-ocupacional\/wp-json\/wp\/v2\/pages\/2887","targetHints":{"allow":["GET"]}}],"collection":[{"href":"https:\/\/www.ufsm.br\/cursos\/graduacao\/santa-maria\/terapia-ocupacional\/wp-json\/wp\/v2\/pages"}],"about":[{"href":"https:\/\/www.ufsm.br\/cursos\/graduacao\/santa-maria\/terapia-ocupacional\/wp-json\/wp\/v2\/types\/page"}],"author":[{"embeddable":true,"href":"https:\/\/www.ufsm.br\/cursos\/graduacao\/santa-maria\/terapia-ocupacional\/wp-json\/wp\/v2\/users\/5095"}],"replies":[{"embeddable":true,"href":"https:\/\/www.ufsm.br\/cursos\/graduacao\/santa-maria\/terapia-ocupacional\/wp-json\/wp\/v2\/comments?post=2887"}],"version-history":[{"count":0,"href":"https:\/\/www.ufsm.br\/cursos\/graduacao\/santa-maria\/terapia-ocupacional\/wp-json\/wp\/v2\/pages\/2887\/revisions"}],"wp:attachment":[{"href":"https:\/\/www.ufsm.br\/cursos\/graduacao\/santa-maria\/terapia-ocupacional\/wp-json\/wp\/v2\/media?parent=2887"}],"wp:term":[{"taxonomy":"category","embeddable":true,"href":"https:\/\/www.ufsm.br\/cursos\/graduacao\/santa-maria\/terapia-ocupacional\/wp-json\/wp\/v2\/categories?post=2887"},{"taxonomy":"post_tag","embeddable":true,"href":"https:\/\/www.ufsm.br\/cursos\/graduacao\/santa-maria\/terapia-ocupacional\/wp-json\/wp\/v2\/tags?post=2887"}],"curies":[{"name":"wp","href":"https:\/\/api.w.org\/{rel}","templated":true}]}}