{"id":3246,"date":"2026-08-28T16:58:45","date_gmt":"2026-08-28T19:58:45","guid":{"rendered":"https:\/\/www.ufsm.br\/cursos\/graduacao\/santa-maria\/terapia-ocupacional\/?page_id=3246"},"modified":"2026-08-28T16:58:47","modified_gmt":"2026-08-28T19:58:47","slug":"jornada-academica-integrada-jai","status":"publish","type":"page","link":"https:\/\/www.ufsm.br\/cursos\/graduacao\/santa-maria\/terapia-ocupacional\/jornada-academica-integrada-jai","title":{"rendered":"Jornada Acad\u00eamica Integrada (JAI)"},"content":{"rendered":"\n<p>Evento integrante da Universidade Federal de Santa Maria que objetiva estimular a inicia\u00e7\u00e3o dos alunos de gradua\u00e7\u00e3o e de p\u00f3s-gradua\u00e7\u00e3o no meio acad\u00eamico, promover a troca de experi\u00eancias, divulgar seus trabalhos de ensino, pesquisa, inova\u00e7\u00e3o e extens\u00e3o e assegurar o reconhecimento institucional destas a\u00e7\u00f5es.\u00a0<\/p>\n<p><strong>JAI &#8211; UFSM<\/strong> &#8211; <a href=\"https:\/\/www.ufsm.br\/pro-reitorias\/prpgp\/jai\">acesse aqui\u00a0<\/a><\/p>\n\n\n","protected":false},"excerpt":{"rendered":"<p>Evento integrante da Universidade Federal de Santa Maria que objetiva estimular a inicia\u00e7\u00e3o dos alunos de gradua\u00e7\u00e3o e de p\u00f3s-gradua\u00e7\u00e3o no meio acad\u00eamico, promover a troca de experi\u00eancias, divulgar seus trabalhos de ensino, pesquisa, inova\u00e7\u00e3o e extens\u00e3o e assegurar o reconhecimento institucional destas a\u00e7\u00f5es.\u00a0 JAI &#8211; UFSM &#8211; acesse aqui\u00a0<\/p>\n","protected":false},"author":5095,"featured_media":0,"parent":0,"menu_order":0,"comment_status":"closed","ping_status":"closed","template":"","meta":{"footnotes":""},"categories":[],"tags":[],"class_list":["post-3246","page","type-page","status-publish","hentry"],"acf":[],"_links":{"self":[{"href":"https:\/\/www.ufsm.br\/cursos\/graduacao\/santa-maria\/terapia-ocupacional\/wp-json\/wp\/v2\/pages\/3246","targetHints":{"allow":["GET"]}}],"collection":[{"href":"https:\/\/www.ufsm.br\/cursos\/graduacao\/santa-maria\/terapia-ocupacional\/wp-json\/wp\/v2\/pages"}],"about":[{"href":"https:\/\/www.ufsm.br\/cursos\/graduacao\/santa-maria\/terapia-ocupacional\/wp-json\/wp\/v2\/types\/page"}],"author":[{"embeddable":true,"href":"https:\/\/www.ufsm.br\/cursos\/graduacao\/santa-maria\/terapia-ocupacional\/wp-json\/wp\/v2\/users\/5095"}],"replies":[{"embeddable":true,"href":"https:\/\/www.ufsm.br\/cursos\/graduacao\/santa-maria\/terapia-ocupacional\/wp-json\/wp\/v2\/comments?post=3246"}],"version-history":[{"count":0,"href":"https:\/\/www.ufsm.br\/cursos\/graduacao\/santa-maria\/terapia-ocupacional\/wp-json\/wp\/v2\/pages\/3246\/revisions"}],"wp:attachment":[{"href":"https:\/\/www.ufsm.br\/cursos\/graduacao\/santa-maria\/terapia-ocupacional\/wp-json\/wp\/v2\/media?parent=3246"}],"wp:term":[{"taxonomy":"category","embeddable":true,"href":"https:\/\/www.ufsm.br\/cursos\/graduacao\/santa-maria\/terapia-ocupacional\/wp-json\/wp\/v2\/categories?post=3246"},{"taxonomy":"post_tag","embeddable":true,"href":"https:\/\/www.ufsm.br\/cursos\/graduacao\/santa-maria\/terapia-ocupacional\/wp-json\/wp\/v2\/tags?post=3246"}],"curies":[{"name":"wp","href":"https:\/\/api.w.org\/{rel}","templated":true}]}}

Jornada Acadêmica Integrada (JAI)

<p>Evento integrante da Universidade Federal de Santa Maria que objetiva estimular a iniciação dos alunos de graduação e de pós-graduação no meio acadêmico, promover a troca de experiências, divulgar seus trabalhos de ensino, pesquisa, inovação e extensão e assegurar o reconhecimento institucional destas ações. </p>
<p><strong>JAI &#8211; UFSM</strong> &#8211; <a href="https://www.ufsm.br/pro-reitorias/prpgp/jai">acesse aqui </a></p>

<p>Evento integrante da Universidade Federal de Santa Maria que objetiva estimular a iniciação dos alunos de graduação e de pós-graduação no meio acadêmico, promover a troca de experiências, divulgar seus trabalhos de ensino, pesquisa, inovação e extensão e assegurar o reconhecimento institucional destas ações.  JAI &#8211; UFSM &#8211; acesse aqui </p>
