{"id":3250,"date":"2026-08-28T17:20:10","date_gmt":"2026-08-28T20:20:10","guid":{"rendered":"https:\/\/www.ufsm.br\/cursos\/graduacao\/santa-maria\/terapia-ocupacional\/?page_id=3250"},"modified":"2026-08-28T17:20:12","modified_gmt":"2026-08-28T20:20:12","slug":"auxilio-formacao-estudantil-estudante-com-bse","status":"publish","type":"page","link":"https:\/\/www.ufsm.br\/cursos\/graduacao\/santa-maria\/terapia-ocupacional\/auxilio-formacao-estudantil-estudante-com-bse","title":{"rendered":"Aux\u00edlio Forma\u00e7\u00e3o Estudantil &#8211; Estudante com BSE"},"content":{"rendered":"\n<p>O <strong>Aux\u00edlio Forma\u00e7\u00e3o Estudantil<\/strong>\u00a0tem como objetivo auxiliar os alunos na\u00a0<span dir=\"ltr\" role=\"presentation\">para participa\u00e7\u00e3o em\u00a0a\u00e7\u00f5es e eventos que visem<\/span>\u00a0<span dir=\"ltr\" role=\"presentation\">a forma\u00e7\u00e3o estudantil integral e interdisciplinar <strong>(<\/strong>cursos, congressos, semin\u00e1rios, etc., fora do munic\u00edpio sede do campus da UFSM ao qual o aluno esteja vinculado). <\/span><\/p>\n<p><span dir=\"ltr\" role=\"presentation\">Exclusivamente aos estudantes de gradua\u00e7\u00e3o com <strong>BSE ativo<\/strong>, modalidade presencial, vinculados ao Diret\u00f3rio Central dos Estudantes, aos Diret\u00f3rios Acad\u00eamicos\u00a0e \u00e0s Casas dos Estudantes Universit\u00e1rios, limitadas \u00e0s disponibilidades de recursos or\u00e7ament\u00e1rios.<\/span><\/p>\n<p>As inscri\u00e7\u00f5es s\u00e3o feitas no Portal Estudantil <a href=\"https:\/\/portal.ufsm.br\/estudantil\/\" target=\"_blank\" rel=\"noopener\">Portal Estudantil<\/a>., <span dir=\"ltr\" role=\"presentation\">de<\/span>\u00a0<span dir=\"ltr\" role=\"presentation\">acordo<\/span>\u00a0<span dir=\"ltr\" role=\"presentation\">com<\/span>\u00a0<span dir=\"ltr\" role=\"presentation\">o<\/span>\u00a0<a href=\"https:\/\/www.ufsm.br\/orgaos-suplementares\/dag\/pen\/apoio-ao-usuario\/tutorial-para-processo-bolsa-formacao-estudantil\" target=\"_blank\" rel=\"noopener\">Tutorial \u2013 Bolsa Forma\u00e7\u00e3o Estudantil<\/a> e ser\u00e3o analisadas pela Se\u00e7\u00e3o de Bolsas da PRAE at\u00e9 o dia 10 de cada m\u00eas e, se deferidas, ser\u00e3o pagas at\u00e9 o dia 10 do m\u00eas subsequente.<\/p>\n<div>O discente poder\u00e1 realizar a solicita\u00e7\u00e3o a partir de 60 dias antes do evento ou em at\u00e9 30 dias ap\u00f3s o evento, neste caso acompanhada pelo respectivo certificado de participa\u00e7\u00e3o.<\/div>\n<p>Tipo de Bolsa Forma\u00e7\u00e3o, se de Interesse Espec\u00edfico ou de Interesse Geral:\u00a0<b>Eventos de Interesse Geral<\/b>\u00a0s\u00e3o aqueles que envolvem tem\u00e1ticas de representa\u00e7\u00e3o estudantil e atividades esportivas e art\u00edsticas e\u00a0<b>Eventos Espec\u00edficos do Curso<\/b>\u00a0s\u00e3o aqueles que tenham rela\u00e7\u00e3o direta ao curso que o\/a estudante estiver matriculado\/a.<\/p>\n<p>Preencher as informa\u00e7\u00f5es obrigat\u00f3rias\u00a0<\/p>\n<p>Anexar documentos<\/p>\n<p>Tramitar e acompanhar o andamento do processo<\/p>\n<p><strong>Em caso de d\u00favidas, entrar em contato com o Setor de Bolsas.<\/strong><\/p>\n<p>Localiza\u00e7\u00e3o: Pr\u00e9dio 48-D, 3\u00ba andar, Sala 310, Campus Sede da UFSM<\/p>\n<p>Telefone: (55) 3220 8561<\/p>\n<p>email:\u00a0<a class=\"notranslate\" href=\"mailto:bolsasprae@ufsm.br\" target=\"_blank\" rel=\"noopener\">bolsasprae@ufsm.br<\/a><\/p>\n<p>Em caso de d\u00favidas sobre o PEN-SIE, contatar a equipe do DAG pelo e-mail\u00a0<strong><a class=\"notranslate\" href=\"mailto:pen@ufsm.br\">pen@ufsm.br<\/a><\/strong><\/p>\n<p>\u00a0<\/p>\n","protected":false},"excerpt":{"rendered":"<p>O Aux\u00edlio Forma\u00e7\u00e3o Estudantil\u00a0tem como objetivo auxiliar os alunos na\u00a0para participa\u00e7\u00e3o em\u00a0a\u00e7\u00f5es e eventos que visem\u00a0a forma\u00e7\u00e3o estudantil integral e interdisciplinar (cursos, congressos, semin\u00e1rios, etc., fora do munic\u00edpio sede do campus da UFSM ao qual o aluno esteja vinculado). Exclusivamente aos estudantes de gradua\u00e7\u00e3o com BSE ativo, modalidade presencial, vinculados ao Diret\u00f3rio Central dos Estudantes, [&hellip;]<\/p>\n","protected":false},"author":5095,"featured_media":0,"parent":0,"menu_order":0,"comment_status":"closed","ping_status":"closed","template":"","meta":{"footnotes":""},"categories":[],"tags":[],"class_list":["post-3250","page","type-page","status-publish","hentry"],"acf":[],"_links":{"self":[{"href":"https:\/\/www.ufsm.br\/cursos\/graduacao\/santa-maria\/terapia-ocupacional\/wp-json\/wp\/v2\/pages\/3250","targetHints":{"allow":["GET"]}}],"collection":[{"href":"https:\/\/www.ufsm.br\/cursos\/graduacao\/santa-maria\/terapia-ocupacional\/wp-json\/wp\/v2\/pages"}],"about":[{"href":"https:\/\/www.ufsm.br\/cursos\/graduacao\/santa-maria\/terapia-ocupacional\/wp-json\/wp\/v2\/types\/page"}],"author":[{"embeddable":true,"href":"https:\/\/www.ufsm.br\/cursos\/graduacao\/santa-maria\/terapia-ocupacional\/wp-json\/wp\/v2\/users\/5095"}],"replies":[{"embeddable":true,"href":"https:\/\/www.ufsm.br\/cursos\/graduacao\/santa-maria\/terapia-ocupacional\/wp-json\/wp\/v2\/comments?post=3250"}],"version-history":[{"count":0,"href":"https:\/\/www.ufsm.br\/cursos\/graduacao\/santa-maria\/terapia-ocupacional\/wp-json\/wp\/v2\/pages\/3250\/revisions"}],"wp:attachment":[{"href":"https:\/\/www.ufsm.br\/cursos\/graduacao\/santa-maria\/terapia-ocupacional\/wp-json\/wp\/v2\/media?parent=3250"}],"wp:term":[{"taxonomy":"category","embeddable":true,"href":"https:\/\/www.ufsm.br\/cursos\/graduacao\/santa-maria\/terapia-ocupacional\/wp-json\/wp\/v2\/categories?post=3250"},{"taxonomy":"post_tag","embeddable":true,"href":"https:\/\/www.ufsm.br\/cursos\/graduacao\/santa-maria\/terapia-ocupacional\/wp-json\/wp\/v2\/tags?post=3250"}],"curies":[{"name":"wp","href":"https:\/\/api.w.org\/{rel}","templated":true}]}}

Auxílio Formação Estudantil &#8211; Estudante com BSE

<p>O <strong>Auxílio Formação Estudantil</strong> tem como objetivo auxiliar os alunos na <span dir="ltr" role="presentation">para participação em ações e eventos que visem</span> <span dir="ltr" role="presentation">a formação estudantil integral e interdisciplinar <strong>(</strong>cursos, congressos, seminários, etc., fora do município sede do campus da UFSM ao qual o aluno esteja vinculado). </span></p>
<p><span dir="ltr" role="presentation">Exclusivamente aos estudantes de graduação com <strong>BSE ativo</strong>, modalidade presencial, vinculados ao Diretório Central dos Estudantes, aos Diretórios Acadêmicos e às Casas dos Estudantes Universitários, limitadas às disponibilidades de recursos orçamentários.</span></p>
<p>As inscrições são feitas no Portal Estudantil <a href="https://portal.ufsm.br/estudantil/" target="_blank" rel="noopener">Portal Estudantil</a>., <span dir="ltr" role="presentation">de</span> <span dir="ltr" role="presentation">acordo</span> <span dir="ltr" role="presentation">com</span> <span dir="ltr" role="presentation">o</span> <a href="https://www.ufsm.br/orgaos-suplementares/dag/pen/apoio-ao-usuario/tutorial-para-processo-bolsa-formacao-estudantil" target="_blank" rel="noopener">Tutorial – Bolsa Formação Estudantil</a> e serão analisadas pela Seção de Bolsas da PRAE até o dia 10 de cada mês e, se deferidas, serão pagas até o dia 10 do mês subsequente.</p>
<div>O discente poderá realizar a solicitação a partir de 60 dias antes do evento ou em até 30 dias após o evento, neste caso acompanhada pelo respectivo certificado de participação.</div>
<p>Tipo de Bolsa Formação, se de Interesse Específico ou de Interesse Geral: <b>Eventos de Interesse Geral</b> são aqueles que envolvem temáticas de representação estudantil e atividades esportivas e artísticas e <b>Eventos Específicos do Curso</b> são aqueles que tenham relação direta ao curso que o/a estudante estiver matriculado/a.</p>
<p>Preencher as informações obrigatórias </p>
<p>Anexar documentos</p>
<p>Tramitar e acompanhar o andamento do processo</p>
<p><strong>Em caso de dúvidas, entrar em contato com o Setor de Bolsas.</strong></p>
<p>Localização: Prédio 48-D, 3º andar, Sala 310, Campus Sede da UFSM</p>
<p>Telefone: (55) 3220 8561</p>
<p>email: <a class="notranslate" href="mailto:bolsasprae@ufsm.br" target="_blank" rel="noopener">bolsasprae@ufsm.br</a></p>
<p>Em caso de dúvidas sobre o PEN-SIE, contatar a equipe do DAG pelo e-mail <strong><a class="notranslate" href="mailto:pen@ufsm.br">pen@ufsm.br</a></strong></p>
<p> </p>

<p>O Auxílio Formação Estudantil tem como objetivo auxiliar os alunos na para participação em ações e eventos que visem a formação estudantil integral e interdisciplinar (cursos, congressos, seminários, etc., fora do município sede do campus da UFSM ao qual o aluno esteja vinculado). Exclusivamente aos estudantes de graduação com BSE ativo, modalidade presencial, vinculados ao Diretório Central dos Estudantes, [&hellip;]</p>
