{"id":169,"date":"2020-02-06T12:44:16","date_gmt":"2020-02-06T15:44:16","guid":{"rendered":"https:\/\/www.ufsm.br\/cursos\/pos-graduacao\/educacao-a-distancia\/espeficienciaenergeticaaplicada\/?page_id=169"},"modified":"2020-02-06T12:44:17","modified_gmt":"2020-02-06T15:44:17","slug":"estrategias-pedagogicas","status":"publish","type":"page","link":"https:\/\/www.ufsm.br\/cursos\/pos-graduacao\/educacao-a-distancia\/espeficienciaenergeticaaplicada\/estrategias-pedagogicas","title":{"rendered":"Estrat\u00e9gias Pedag\u00f3gicas"},"content":{"rendered":"\n<p>As estrat\u00e9gias pedag\u00f3gicas representam os instrumentos para a efetiva consolida\u00e7\u00e3o da proposta curricular explicitada no perfil e compet\u00eancias a serem desenvolvidas nos alunos, tanto na dimens\u00e3o operacional quanto na dimens\u00e3o pedag\u00f3gica.<\/p>\n\n\n\n<p>A proposta curricular do curso est\u00e1 centrada no desenvolvimento de compet\u00eancias que exigir\u00e3o uma pr\u00e1tica pedag\u00f3gica pautada na intera\u00e7\u00e3o com o aluno e na constru\u00e7\u00e3o do seu conhecimento. Assim, as iniciativas dos alunos, o di\u00e1logo, os diferentes est\u00e1gios de desenvolvimento cognitivo e a autonomia ter\u00e3o que ser considerados para que aconte\u00e7a n\u00e3o somente o saber fazer, mas, acima de tudo o saber por que est\u00e1 sendo feito.<\/p>\n\n\n\n<p>Dessa forma, ser\u00e3o utilizadas estrat\u00e9gias como:<\/p>\n\n\n\n<ul class=\"wp-block-list\"><li>sentido de pertencimento e afetiva\u00e7\u00e3o \u2013 como num curso de p\u00f3s-gradua\u00e7\u00e3o n\u00e3o h\u00e1 o contato di\u00e1rio isso afasta os alunos do conv\u00edvio da sala de aula, da presen\u00e7a afetiva do professor e dos colegas, e as caracter\u00edsticas naturais da cultura brasileira necessita de rela\u00e7\u00f5es afetivas para motiva\u00e7\u00e3o da aprendizagem, o modelo do curso buscar\u00e1 satisfazer esta necessidade oferecendo recursos como: encontros fora de salas de aula, encontros virtuais e comunica\u00e7\u00e3o permanente e amig\u00e1vel;<\/li><li>divis\u00e3o de conte\u00fados e pr\u00e1tica pedag\u00f3gica \u2013 cada disciplina ser\u00e1 oferecida por meio dos conte\u00fados apresentados em salas de aulas disponibilizadas em apostilas impressas, distribu\u00eddas aos alunos gratuitamente, antes de in\u00edcio de cada disciplina;<\/li><li>est\u00edmulo ao trabalho cooperativo \u2013 as instru\u00e7\u00f5es pedag\u00f3gicas do curso buscam formar um ambiente de coopera\u00e7\u00e3o para facilitar a aprendizagem no qual os alunos interagem uns com os outros, gerando estrat\u00e9gias de aprendizagem e integrando novas informa\u00e7\u00f5es num conhecimento j\u00e1 existente. Os trabalhos individuais e em grupo que s\u00e3o disponibilizados pelo professor com o intuito de formar uma imensa teia de conhecimentos;<\/li><li>semin\u00e1rios \u2013 durante a execu\u00e7\u00e3o do curso ser\u00e3o oferecidos dois momentos para discuss\u00e3o de temas atuais do agroneg\u00f3cio brasileiro. Para isso, ser\u00e1 oferecido dois semin\u00e1rios com palestrantes de renome nacional que possam contribuir para melhor desenvolvimento do curso. Al\u00e9m disso, esses semin\u00e1rios servir\u00e3o como formas de integra\u00e7\u00e3o entre a gradua\u00e7\u00e3o, o mestrado e a especializa\u00e7\u00e3o e<\/li><li>acompanhamento permanente \u2013 o curso oferece por meio do professor, bolsista e coordena\u00e7\u00e3o, o atendimento cont\u00ednuo aos alunos, de forma a prover e orientar as suas necessidades. O modelo do curso disponibilizar\u00e1 canais de comunica\u00e7\u00e3o on-line permanente com o professor, coordena\u00e7\u00e3o e bolsista.<\/li><\/ul>\n\n\n\n<p>A jornada de dedica\u00e7\u00e3o ao curso foi desenhada de forma a facilitar o trabalho do professor e o acompanhamento dos alunos, que dever\u00e3o realizar as atividades solicitadas em hor\u00e1rios especiais, nos polos e em casa.<\/p>\n","protected":false},"excerpt":{"rendered":"<p>As estrat\u00e9gias pedag\u00f3gicas representam os instrumentos para a efetiva consolida\u00e7\u00e3o da proposta curricular explicitada no perfil e compet\u00eancias a serem desenvolvidas nos alunos, tanto na dimens\u00e3o operacional quanto na dimens\u00e3o pedag\u00f3gica. A proposta curricular do curso est\u00e1 centrada no desenvolvimento de compet\u00eancias que exigir\u00e3o uma pr\u00e1tica pedag\u00f3gica pautada na intera\u00e7\u00e3o com o aluno e na [&hellip;]<\/p>\n","protected":false},"author":117,"featured_media":0,"parent":0,"menu_order":0,"comment_status":"closed","ping_status":"closed","template":"","meta":{"footnotes":""},"categories":[],"tags":[],"class_list":["post-169","page","type-page","status-publish","hentry"],"acf":[],"_links":{"self":[{"href":"https:\/\/www.ufsm.br\/cursos\/pos-graduacao\/educacao-a-distancia\/espeficienciaenergeticaaplicada\/wp-json\/wp\/v2\/pages\/169","targetHints":{"allow":["GET"]}}],"collection":[{"href":"https:\/\/www.ufsm.br\/cursos\/pos-graduacao\/educacao-a-distancia\/espeficienciaenergeticaaplicada\/wp-json\/wp\/v2\/pages"}],"about":[{"href":"https:\/\/www.ufsm.br\/cursos\/pos-graduacao\/educacao-a-distancia\/espeficienciaenergeticaaplicada\/wp-json\/wp\/v2\/types\/page"}],"author":[{"embeddable":true,"href":"https:\/\/www.ufsm.br\/cursos\/pos-graduacao\/educacao-a-distancia\/espeficienciaenergeticaaplicada\/wp-json\/wp\/v2\/users\/117"}],"replies":[{"embeddable":true,"href":"https:\/\/www.ufsm.br\/cursos\/pos-graduacao\/educacao-a-distancia\/espeficienciaenergeticaaplicada\/wp-json\/wp\/v2\/comments?post=169"}],"version-history":[{"count":0,"href":"https:\/\/www.ufsm.br\/cursos\/pos-graduacao\/educacao-a-distancia\/espeficienciaenergeticaaplicada\/wp-json\/wp\/v2\/pages\/169\/revisions"}],"wp:attachment":[{"href":"https:\/\/www.ufsm.br\/cursos\/pos-graduacao\/educacao-a-distancia\/espeficienciaenergeticaaplicada\/wp-json\/wp\/v2\/media?parent=169"}],"wp:term":[{"taxonomy":"category","embeddable":true,"href":"https:\/\/www.ufsm.br\/cursos\/pos-graduacao\/educacao-a-distancia\/espeficienciaenergeticaaplicada\/wp-json\/wp\/v2\/categories?post=169"},{"taxonomy":"post_tag","embeddable":true,"href":"https:\/\/www.ufsm.br\/cursos\/pos-graduacao\/educacao-a-distancia\/espeficienciaenergeticaaplicada\/wp-json\/wp\/v2\/tags?post=169"}],"curies":[{"name":"wp","href":"https:\/\/api.w.org\/{rel}","templated":true}]}}