{"id":185,"date":"2020-02-06T13:10:11","date_gmt":"2020-02-06T16:10:11","guid":{"rendered":"https:\/\/www.ufsm.br\/cursos\/pos-graduacao\/educacao-a-distancia\/espeficienciaenergeticaaplicada\/?page_id=185"},"modified":"2020-02-06T13:10:13","modified_gmt":"2020-02-06T16:10:13","slug":"modelos-de-formularios","status":"publish","type":"page","link":"https:\/\/www.ufsm.br\/cursos\/pos-graduacao\/educacao-a-distancia\/espeficienciaenergeticaaplicada\/modelos-de-formularios","title":{"rendered":"Modelos de Formul\u00e1rios"},"content":{"rendered":"\n<p>Roteiro de Pr\u00e9-Projeto de TCC comentado &#8211;\u00a0\u00a0<a href=\"http:\/\/coralx.ufsm.br\/cedeap\/files\/Roteiro_TCC.docx\">\u00a0Formato :.\u00a0<\/a><a href=\"https:\/\/www.ufsm.br\/cursos\/pos-graduacao\/educacao-a-distancia\/espeficienciaenergeticaaplicada\/wp-content\/uploads\/sites\/707\/2020\/02\/Roteiro_TCC.docx\">docx\u00a0\u00a0\u00a0\u00a0 \u00a0 \u00a0 \u00a0.\u00a0Formato: odt<\/a><\/p>\n\n\n\n<p>Declara\u00e7\u00e3o de Orienta\u00e7\u00e3o de TCC &#8211;\u00a0\u00a0\u00a0<a href=\"http:\/\/coralx.ufsm.br\/cedeap\/files\/Formaul%C3%A1rio%20para%20orienta%C3%A7%C3%A3o.dochttps:\/\/www.ufsm.br\/cursos\/pos-graduacao\/educacao-a-distancia\/espeficienciaenergeticaaplicada\/wp-content\/uploads\/sites\/707\/2020\/02\/Formaul\u00e1rio-para-orienta\u00e7\u00e3o.pdf\">\u00a0Formato :.\u00a0\u00a0docx\u00a0\u00a0\u00a0<\/a>\u00a0\u00a0 \u00a0 \u00a0 \u00a0<a href=\"http:\/\/coralx.ufsm.br\/cedeap\/files\/Formaul%C3%A1rio%20para%20orienta%C3%A7%C3%A3o.odthttps:\/\/www.ufsm.br\/cursos\/pos-graduacao\/educacao-a-distancia\/espeficienciaenergeticaaplicada\/wp-content\/uploads\/sites\/707\/2020\/02\/Formaul\u00e1rio-para-orienta\u00e7\u00e3o.pdf\">.\u00a0\u00a0Formato: odt<\/a>\u00a0\u00a0 \u00a0<a href=\"http:\/\/coralx.ufsm.br\/cedeap\/files\/Formaul%C3%A1rio%20para%20orienta%C3%A7%C3%A3o.pdf\">\u00a0.\u00a0Formato: pdf (edit\u00e1vel)<\/a><\/p>\n\n\n\n<p>&#8211; Com Tr\u00eas vias&nbsp;&nbsp;&nbsp;devidamente&nbsp;&nbsp;&nbsp;preenchidas e assinadas (para o Aluno, o Orientador ea Coordena\u00e7\u00e3o do Curso).<\/p>\n\n\n\n<p>Tutorial de Solicita\u00e7\u00e3o de Abertura do Plano de Estudo no portal do aluno &#8211;\u00a0<a href=\"https:\/\/www.ufsm.br\/cursos\/pos-graduacao\/educacao-a-distancia\/espeficienciaenergeticaaplicada\/wp-content\/uploads\/sites\/707\/2020\/02\/TUTORIAL-PLANO-DE-ESTUDOS.pdf\">Formato:\u00a0pdf<\/a><br><\/p>\n\n\n\n<p>Tutorial de Solicita\u00e7\u00e3o de Abertura de Defesa de TCC no portal do aluno &#8211;\u00a0<a href=\"https:\/\/www.ufsm.br\/cursos\/pos-graduacao\/educacao-a-distancia\/espeficienciaenergeticaaplicada\/wp-content\/uploads\/sites\/707\/2020\/02\/Tutorial-Defesa-MDT-2013.pdf\">Formato:\u00a0pdf<\/a><\/p>\n\n\n\n<p>Ficha de avalia\u00e7\u00e3o do TCC &#8211;\u00a0<a href=\"https:\/\/www.ufsm.br\/cursos\/pos-graduacao\/educacao-a-distancia\/espeficienciaenergeticaaplicada\/wp-content\/uploads\/sites\/707\/2020\/02\/Ficha_Avalia\u00e7\u00e3o_TCC_CEDEAP.pdf\">Formato.pdf<\/a><\/p>\n\n\n\n<p>Modelo escrito de TCC &#8211;\u00a0<a href=\"https:\/\/www.ufsm.br\/cursos\/pos-graduacao\/educacao-a-distancia\/espeficienciaenergeticaaplicada\/wp-content\/uploads\/sites\/707\/2020\/02\/AlvaroOliveira.pdf\">formato.pdf<\/a><\/p>\n\n\n\n<p>Formato de apresenta\u00e7\u00e3o oral &#8211;\u00a0<a href=\"https:\/\/www.ufsm.br\/cursos\/pos-graduacao\/educacao-a-distancia\/espeficienciaenergeticaaplicada\/wp-content\/uploads\/sites\/707\/2020\/02\/Apresentacao_TCC-CEDEAP.pptx\">Formato.pptx<\/a><\/p>\n","protected":false},"excerpt":{"rendered":"<p>Roteiro de Pr\u00e9-Projeto de TCC comentado &#8211;\u00a0\u00a0\u00a0Formato :.\u00a0docx\u00a0\u00a0\u00a0\u00a0 \u00a0 \u00a0 \u00a0.\u00a0Formato: odt Declara\u00e7\u00e3o de Orienta\u00e7\u00e3o de TCC &#8211;\u00a0\u00a0\u00a0\u00a0Formato :.\u00a0\u00a0docx\u00a0\u00a0\u00a0\u00a0\u00a0 \u00a0 \u00a0 \u00a0.\u00a0\u00a0Formato: odt\u00a0\u00a0 \u00a0\u00a0.\u00a0Formato: pdf (edit\u00e1vel) &#8211; Com Tr\u00eas vias&nbsp;&nbsp;&nbsp;devidamente&nbsp;&nbsp;&nbsp;preenchidas e assinadas (para o Aluno, o Orientador ea Coordena\u00e7\u00e3o do Curso). Tutorial de Solicita\u00e7\u00e3o de Abertura do Plano de Estudo no portal do aluno &#8211;\u00a0Formato:\u00a0pdf [&hellip;]<\/p>\n","protected":false},"author":117,"featured_media":0,"parent":0,"menu_order":0,"comment_status":"closed","ping_status":"closed","template":"","meta":{"footnotes":""},"categories":[],"tags":[],"class_list":["post-185","page","type-page","status-publish","hentry"],"acf":[],"_links":{"self":[{"href":"https:\/\/www.ufsm.br\/cursos\/pos-graduacao\/educacao-a-distancia\/espeficienciaenergeticaaplicada\/wp-json\/wp\/v2\/pages\/185","targetHints":{"allow":["GET"]}}],"collection":[{"href":"https:\/\/www.ufsm.br\/cursos\/pos-graduacao\/educacao-a-distancia\/espeficienciaenergeticaaplicada\/wp-json\/wp\/v2\/pages"}],"about":[{"href":"https:\/\/www.ufsm.br\/cursos\/pos-graduacao\/educacao-a-distancia\/espeficienciaenergeticaaplicada\/wp-json\/wp\/v2\/types\/page"}],"author":[{"embeddable":true,"href":"https:\/\/www.ufsm.br\/cursos\/pos-graduacao\/educacao-a-distancia\/espeficienciaenergeticaaplicada\/wp-json\/wp\/v2\/users\/117"}],"replies":[{"embeddable":true,"href":"https:\/\/www.ufsm.br\/cursos\/pos-graduacao\/educacao-a-distancia\/espeficienciaenergeticaaplicada\/wp-json\/wp\/v2\/comments?post=185"}],"version-history":[{"count":0,"href":"https:\/\/www.ufsm.br\/cursos\/pos-graduacao\/educacao-a-distancia\/espeficienciaenergeticaaplicada\/wp-json\/wp\/v2\/pages\/185\/revisions"}],"wp:attachment":[{"href":"https:\/\/www.ufsm.br\/cursos\/pos-graduacao\/educacao-a-distancia\/espeficienciaenergeticaaplicada\/wp-json\/wp\/v2\/media?parent=185"}],"wp:term":[{"taxonomy":"category","embeddable":true,"href":"https:\/\/www.ufsm.br\/cursos\/pos-graduacao\/educacao-a-distancia\/espeficienciaenergeticaaplicada\/wp-json\/wp\/v2\/categories?post=185"},{"taxonomy":"post_tag","embeddable":true,"href":"https:\/\/www.ufsm.br\/cursos\/pos-graduacao\/educacao-a-distancia\/espeficienciaenergeticaaplicada\/wp-json\/wp\/v2\/tags?post=185"}],"curies":[{"name":"wp","href":"https:\/\/api.w.org\/{rel}","templated":true}]}}