{"id":193,"date":"2020-02-06T13:26:56","date_gmt":"2020-02-06T16:26:56","guid":{"rendered":"https:\/\/www.ufsm.br\/cursos\/pos-graduacao\/educacao-a-distancia\/espeficienciaenergeticaaplicada\/?page_id=193"},"modified":"2020-02-06T13:30:48","modified_gmt":"2020-02-06T16:30:48","slug":"fluxograma-para-defesa","status":"publish","type":"page","link":"https:\/\/www.ufsm.br\/cursos\/pos-graduacao\/educacao-a-distancia\/espeficienciaenergeticaaplicada\/fluxograma-para-defesa","title":{"rendered":"Defesas de TCC"},"content":{"rendered":"\n<p>Esse fluxograma tem por objetivo orientar os discente e docente, do Curso de Especializa\u00e7\u00e3o em Efici\u00eancia Energ\u00e9tica Aplicada aos Processos Produtivos UFSM\/UAB acerca dos procedimentos e responsabilidades para a realiza\u00e7\u00e3o da defesa do Trabalho de Conclus\u00e3o de Curso. Esse procedimentos s\u00e3o estabelecidos pelo regimento da UFSM e da P\u00f3s-Gradua\u00e7\u00e3o, sendo divulgados em nossa pagina do curso para facilitar o processo a todos os envolvidos. \u00c9 importante observar os prazos estabelecidos no fluxograma para que se possam realizar as defesas nas datas propostas.<\/p>\n\n\n\n<p>Fluxograma dos Procedimentos e Orienta\u00e7\u00f5es para a Defesa de TCC &#8211;\u00a0<a href=\"https:\/\/www.ufsm.br\/cursos\/pos-graduacao\/educacao-a-distancia\/espeficienciaenergeticaaplicada\/wp-content\/uploads\/sites\/707\/2020\/02\/fluxograma1.pdf\">fluxograma para a defesa<\/a><\/p>\n\n\n\n<p>Procedimentos para Solicita\u00e7\u00e3o de Defesa de MDT\u00a0<a href=\"https:\/\/www.ufsm.br\/cursos\/pos-graduacao\/educacao-a-distancia\/espeficienciaenergeticaaplicada\/wp-content\/uploads\/sites\/707\/2020\/02\/procedimentosdedefesa.pdf\">formato.pdf<\/a><\/p>\n\n\n\n<p>Ficha de avalia\u00e7\u00e3o do TCC &#8211;\u00a0<a href=\"https:\/\/www.ufsm.br\/cursos\/pos-graduacao\/educacao-a-distancia\/espeficienciaenergeticaaplicada\/wp-content\/uploads\/sites\/707\/2020\/02\/Ficha_Avalia\u00e7\u00e3o_TCC_CEDEAP-1.pdf\">Formato.pdf<\/a><\/p>\n\n\n\n<p>Modelo para apresenta\u00e7\u00e3o do TCC &#8211;\u00a0<a href=\"https:\/\/www.ufsm.br\/cursos\/pos-graduacao\/educacao-a-distancia\/espeficienciaenergeticaaplicada\/wp-content\/uploads\/sites\/707\/2020\/02\/Apresentacao_TCC-CEDEAP-1.pptx\">Formato.pptx<\/a>\u00a0e\u00a0<a href=\"https:\/\/www.ufsm.br\/cursos\/pos-graduacao\/educacao-a-distancia\/espeficienciaenergeticaaplicada\/wp-content\/uploads\/sites\/707\/2020\/02\/Apresentacao_TCC-CEDEAP.pdf\">formato.pdf<\/a><\/p>\n\n\n\n<p>Rela\u00e7\u00e3o data\/hor\u00e1rios de discentes e docentes para as defesas de TCC:\u00a0<a href=\"https:\/\/www.ufsm.br\/cursos\/pos-graduacao\/educacao-a-distancia\/espeficienciaenergeticaaplicada\/wp-content\/uploads\/sites\/707\/2020\/02\/BANCAS.xls\">Arquivo Excel<\/a><\/p>\n","protected":false},"excerpt":{"rendered":"<p>Esse fluxograma tem por objetivo orientar os discente e docente, do Curso de Especializa\u00e7\u00e3o em Efici\u00eancia Energ\u00e9tica Aplicada aos Processos Produtivos UFSM\/UAB acerca dos procedimentos e responsabilidades para a realiza\u00e7\u00e3o da defesa do Trabalho de Conclus\u00e3o de Curso. Esse procedimentos s\u00e3o estabelecidos pelo regimento da UFSM e da P\u00f3s-Gradua\u00e7\u00e3o, sendo divulgados em nossa pagina do [&hellip;]<\/p>\n","protected":false},"author":117,"featured_media":0,"parent":0,"menu_order":0,"comment_status":"closed","ping_status":"closed","template":"","meta":{"footnotes":""},"categories":[],"tags":[],"class_list":["post-193","page","type-page","status-publish","hentry"],"acf":[],"_links":{"self":[{"href":"https:\/\/www.ufsm.br\/cursos\/pos-graduacao\/educacao-a-distancia\/espeficienciaenergeticaaplicada\/wp-json\/wp\/v2\/pages\/193","targetHints":{"allow":["GET"]}}],"collection":[{"href":"https:\/\/www.ufsm.br\/cursos\/pos-graduacao\/educacao-a-distancia\/espeficienciaenergeticaaplicada\/wp-json\/wp\/v2\/pages"}],"about":[{"href":"https:\/\/www.ufsm.br\/cursos\/pos-graduacao\/educacao-a-distancia\/espeficienciaenergeticaaplicada\/wp-json\/wp\/v2\/types\/page"}],"author":[{"embeddable":true,"href":"https:\/\/www.ufsm.br\/cursos\/pos-graduacao\/educacao-a-distancia\/espeficienciaenergeticaaplicada\/wp-json\/wp\/v2\/users\/117"}],"replies":[{"embeddable":true,"href":"https:\/\/www.ufsm.br\/cursos\/pos-graduacao\/educacao-a-distancia\/espeficienciaenergeticaaplicada\/wp-json\/wp\/v2\/comments?post=193"}],"version-history":[{"count":0,"href":"https:\/\/www.ufsm.br\/cursos\/pos-graduacao\/educacao-a-distancia\/espeficienciaenergeticaaplicada\/wp-json\/wp\/v2\/pages\/193\/revisions"}],"wp:attachment":[{"href":"https:\/\/www.ufsm.br\/cursos\/pos-graduacao\/educacao-a-distancia\/espeficienciaenergeticaaplicada\/wp-json\/wp\/v2\/media?parent=193"}],"wp:term":[{"taxonomy":"category","embeddable":true,"href":"https:\/\/www.ufsm.br\/cursos\/pos-graduacao\/educacao-a-distancia\/espeficienciaenergeticaaplicada\/wp-json\/wp\/v2\/categories?post=193"},{"taxonomy":"post_tag","embeddable":true,"href":"https:\/\/www.ufsm.br\/cursos\/pos-graduacao\/educacao-a-distancia\/espeficienciaenergeticaaplicada\/wp-json\/wp\/v2\/tags?post=193"}],"curies":[{"name":"wp","href":"https:\/\/api.w.org\/{rel}","templated":true}]}}