{"id":160,"date":"2019-08-19T09:54:17","date_gmt":"2019-08-19T12:54:17","guid":{"rendered":"https:\/\/www.ufsm.br\/cursos\/pos-graduacao\/educacao-a-distancia\/espgestaoeducacional\/?page_id=160"},"modified":"2023-10-23T12:06:18","modified_gmt":"2023-10-23T15:06:18","slug":"contatos","status":"publish","type":"page","link":"https:\/\/www.ufsm.br\/cursos\/pos-graduacao\/educacao-a-distancia\/espgestaoeducacional\/contatos","title":{"rendered":"Contatos"},"content":{"rendered":"\n<p><strong>D\u00e9bora Teixeira de Mello<\/strong><br>(Coordenadora do Curso)<\/p>\n\n\n\n<p><strong>CONTATO:<\/strong><br><strong>geeadufsm@gmail.com<\/strong>\u00a0<\/p>\n\n\n\n<p><strong>SECRETARIA:<\/strong><br>(55) 3220-9693<br><a href=\"mailto:geeadufsm@gmail.com\">geeadufsm@gmail.com<\/a><\/p>\n\n\n\n<p><strong>ENDERE\u00c7O:<\/strong><br><strong>Centro de Educa\u00e7\u00e3o \u2013 Pr\u00e9dio 16 &#8211; B Sala 21&nbsp;<\/strong><br><strong>Sala 3180 \u2013 Depart. Adm. Escolar<\/strong><br><strong>Av.Rora\u00edma n\u00ba 1000, Cidade Universit\u00e1ria,<br><\/strong><strong>Bairro Camobi, Santa Maria \u2013 RS, 97105-900<\/strong><\/p>\n","protected":false},"excerpt":{"rendered":"<p>D\u00e9bora Teixeira de Mello(Coordenadora do Curso) CONTATO:geeadufsm@gmail.com\u00a0 SECRETARIA:(55) 3220-9693geeadufsm@gmail.com ENDERE\u00c7O:Centro de Educa\u00e7\u00e3o \u2013 Pr\u00e9dio 16 &#8211; B Sala 21&nbsp;Sala 3180 \u2013 Depart. Adm. EscolarAv.Rora\u00edma n\u00ba 1000, Cidade Universit\u00e1ria,Bairro Camobi, Santa Maria \u2013 RS, 97105-900<\/p>\n","protected":false},"author":324,"featured_media":0,"parent":0,"menu_order":0,"comment_status":"closed","ping_status":"closed","template":"","meta":{"footnotes":""},"categories":[],"tags":[],"class_list":["post-160","page","type-page","status-publish","hentry"],"acf":[],"_links":{"self":[{"href":"https:\/\/www.ufsm.br\/cursos\/pos-graduacao\/educacao-a-distancia\/espgestaoeducacional\/wp-json\/wp\/v2\/pages\/160","targetHints":{"allow":["GET"]}}],"collection":[{"href":"https:\/\/www.ufsm.br\/cursos\/pos-graduacao\/educacao-a-distancia\/espgestaoeducacional\/wp-json\/wp\/v2\/pages"}],"about":[{"href":"https:\/\/www.ufsm.br\/cursos\/pos-graduacao\/educacao-a-distancia\/espgestaoeducacional\/wp-json\/wp\/v2\/types\/page"}],"author":[{"embeddable":true,"href":"https:\/\/www.ufsm.br\/cursos\/pos-graduacao\/educacao-a-distancia\/espgestaoeducacional\/wp-json\/wp\/v2\/users\/324"}],"replies":[{"embeddable":true,"href":"https:\/\/www.ufsm.br\/cursos\/pos-graduacao\/educacao-a-distancia\/espgestaoeducacional\/wp-json\/wp\/v2\/comments?post=160"}],"version-history":[{"count":0,"href":"https:\/\/www.ufsm.br\/cursos\/pos-graduacao\/educacao-a-distancia\/espgestaoeducacional\/wp-json\/wp\/v2\/pages\/160\/revisions"}],"wp:attachment":[{"href":"https:\/\/www.ufsm.br\/cursos\/pos-graduacao\/educacao-a-distancia\/espgestaoeducacional\/wp-json\/wp\/v2\/media?parent=160"}],"wp:term":[{"taxonomy":"category","embeddable":true,"href":"https:\/\/www.ufsm.br\/cursos\/pos-graduacao\/educacao-a-distancia\/espgestaoeducacional\/wp-json\/wp\/v2\/categories?post=160"},{"taxonomy":"post_tag","embeddable":true,"href":"https:\/\/www.ufsm.br\/cursos\/pos-graduacao\/educacao-a-distancia\/espgestaoeducacional\/wp-json\/wp\/v2\/tags?post=160"}],"curies":[{"name":"wp","href":"https:\/\/api.w.org\/{rel}","templated":true}]}}