{"id":179,"date":"2020-10-13T13:51:00","date_gmt":"2020-10-13T16:51:00","guid":{"rendered":"https:\/\/www.ufsm.br\/cursos\/pos-graduacao\/educacao-a-distancia\/espmidiaseducacao\/?page_id=179"},"modified":"2020-10-13T13:51:01","modified_gmt":"2020-10-13T16:51:01","slug":"passos-para-defesa-do-tcc","status":"publish","type":"page","link":"https:\/\/www.ufsm.br\/cursos\/pos-graduacao\/educacao-a-distancia\/espmidiaseducacao\/passos-para-defesa-do-tcc","title":{"rendered":"Passos Para Defesa do TCC"},"content":{"rendered":"\n<p><strong>1. PROCEDIMENTOS DA DEFESA DO TCC<\/strong><\/p>\n\n\n\n<p><strong>1.1.<\/strong>&nbsp;Procedimentos de responsabilidade do aluno<br><strong>1.1.1.<\/strong>&nbsp;A defesa do artigo pelo aluno deve ser feita de forma presencial, sendo que a mesma ocorrer\u00e1 no Polo de Apoio Presencial onde o aluno se matriculou.<br><strong>1.1.2.<\/strong>&nbsp;No ato de apresenta\u00e7\u00e3o do artigo, o discente dever\u00e1 assinar o&nbsp;<strong>TERMO DE AUTORIZA\u00c7\u00c3O<\/strong>&nbsp;de disponibiliza\u00e7\u00e3o do TCC em bibliotecas digitais, ou outros instrumentos de distribui\u00e7\u00e3o p\u00fablica de conte\u00fados.<br><strong>1.1.3.<\/strong>&nbsp;O termo de AUTORIZA\u00c7\u00c3O deve ser conferido, e assinado pelo aluno, exceto o campo referente aos dados complementares (nome e CPF dos membros da banca) que ser\u00e3o preenchidos, posteriormente, pela secretaria do curso.<\/p>\n\n\n\n<p><strong>1.2.<\/strong>&nbsp;Procedimentos de responsabilidade do presidente da banca de defesa<br><strong>1.2.1.<\/strong>&nbsp;Cabe ao professor Presidente da Banca Examinadora (orientador do artigo), a entrega das portarias de defesa do TCC a cada um dos membros constituintes da banca e o preenchimento da Ata de defesa ap\u00f3s a delibera\u00e7\u00e3o da banca. Tais documentos ser\u00e3o entregues previamente ao professor Presidente pela coordena\u00e7\u00e3o do curso.<br><strong>1.2.2.<\/strong>&nbsp;O preenchimento e a entrega da ata \u00e0 coordena\u00e7\u00e3o de curso s\u00e3o atos de responsabilidade do professor orientador e imprescind\u00edveis para o encaminhamento pela coordena\u00e7\u00e3o ao DERCA, junto aos demais documentos do processo, da autoriza\u00e7\u00e3o para a emiss\u00e3o do diploma.<br><strong>1.2.3.<\/strong>&nbsp;\u00c9 de responsabilidade do Presidente da Banca Examinadora orientar aos demais quanto ao cumprimento, na defesa do TCC, da seguinte cronometragem *:<\/p>\n\n\n\n<ul class=\"wp-block-list\"><li>At\u00e9 5 minutos para o Presidente da banca instaurar o processo e abrir os trabalhos.<\/li><li>At\u00e9 20 minutos para apresenta\u00e7\u00e3o do discente;<\/li><li>At\u00e9 15 minutos para considera\u00e7\u00f5es dos membros da banca;<\/li><li>At\u00e9 5 minutos para resposta do candidato \u00e0s indaga\u00e7\u00f5es ou apontamentos da banca;<\/li><li>At\u00e9 5 minutos para as considera\u00e7\u00f5es finais do Orientador.<\/li><li>At\u00e9 10 minutos para delibera\u00e7\u00e3o interna da banca.<\/li><li>O Presidente da Banca emite o parecer de forma verbal (Aprovado ou Reprovado) para o Discente e encerra os trabalhos.<\/li><\/ul>\n\n\n\n<p>* A regulamenta\u00e7\u00e3o institucional indica um tempo m\u00e1ximo para as defesas (de mestrado e doutorado), de at\u00e9 50 minutos. No entanto, pondera-se que no caso de artigo cient\u00edfico, o tempo m\u00e1ximo de 50 minutos \u00e9 desproporcionalmente maior ao necess\u00e1rio. A normatiza\u00e7\u00e3o proposta com os tempos estipulados para a din\u00e2mica de apresenta\u00e7\u00e3o, tem por objetivo determinar e regular o procedimento, haja vista a necessidade de controle para a organiza\u00e7\u00e3o da log\u00edstica das defesas, que pelo n\u00famero de alunos e pelas distancias f\u00edsicas, deve ser minuciosa. Em caso de discord\u00e2ncia desse procedimento, encaminhar justificativa para a coordena\u00e7\u00e3o do curso.<br><strong>1.2.4.<\/strong>&nbsp;\u00c9 de responsabilidade do Presidente da Banca Examinadora, no preenchimento da Ata de defesa, a observ\u00e2ncia a que o parecer da banca se resuma a duas possibilidades: Aprovado ou Reprovado. Ademais, deve o Presidente fazer constar em ata a indica\u00e7\u00e3o de um prazo para que o discente efetue as corre\u00e7\u00f5es que porventura forem sugeridas pela banca examinadora.<\/p>\n\n\n\n<p><strong>2. PROCEDIMENTOS P\u00d3S-DEFESA DO TCC<\/strong><\/p>\n\n\n\n<p><strong>2.1.<\/strong>&nbsp;Procedimentos de responsabilidade do aluno<br><strong>2.1.1.<\/strong>&nbsp;\u00c9 ato obrigat\u00f3rio, de responsabilidade do aluno, a entrega para a coordena\u00e7\u00e3o do curso de 1(<strong>UMA<\/strong>) c\u00f3pia f\u00edsica(impressa) e uma em arquivo digital, no formato PDF gravado em m\u00eddia f\u00edsica (CD ou DVD), da vers\u00e3o final do trabalho, acatadas todas as considera\u00e7\u00f5es da banca de avalia\u00e7\u00e3o, e revisadas pelo professor Presidente da Banca, tamb\u00e9m ser\u00e1 necess\u00e1rio uma autoriza\u00e7\u00e3o para libera\u00e7\u00e3o do trabalho On-line pela &#8220;biblioteca central&#8221;, mencionado no item &#8220;1.1.2&#8221;.<br>O encaminhamento do processo ao DERCA, para emiss\u00e3o do diploma, s\u00f3 se efetivar\u00e1 ap\u00f3s a referida entrega.<br><strong>Obs.<\/strong>&nbsp;Na entrega da vers\u00e3o final, a c\u00f3pia impressa&nbsp;<strong>N\u00c3O PODE SER ENCADERNADA<\/strong>.<br><strong>2.1.2.<\/strong>&nbsp;A entrega da vers\u00e3o final do artigo, tal como trata o item 2.1.1., deve obedecer ao prazo dado pela banca examinadora no dia da defesa, contanto em caso de envio pelo correio, a data de postagem, sendo no m\u00e1ximo, 30 (trinta) dias ap\u00f3s a defesa.<br><strong>Obs.<\/strong>&nbsp;A vers\u00e3o&nbsp;<strong>final do material<\/strong>&nbsp;(ap\u00f3s o&nbsp;<strong>OK<\/strong>&nbsp;do orientador) dever\u00e1 ser entregue&nbsp;<strong>PRIORITAMENTE<\/strong>&nbsp;no&nbsp;<strong>POLO DE DEFESA<\/strong>, ou na UFSM, no &#8220;endere\u00e7o abaixo&#8221;, sempre atendendo aos prazos determinados pela banca.<br><strong>2.1.3.<\/strong><strong>Certificado:<\/strong>&nbsp;a emiss\u00e3o ocorrer\u00e1 em um prazo &#8220;M\u00cdNIMO&#8221; de&nbsp;<strong>30<\/strong>&nbsp;dias.<br><strong>2.1.4.<\/strong>&nbsp;Em caso de envio pelo &#8220;correio&#8221;, as c\u00f3pias do artigo devem ser remetidas para:<\/p>\n\n\n\n<p><strong>Universidade Federal de Santa Maria<br>Curso de Especializa\u00e7\u00e3o em M\u00eddias na Educa\u00e7\u00e3o<br>Centro de Tecnologia<br>A\/C Prof. G\u00e9dson M\u00e1rio Borges Dal Forno<br>Avenida Roraima, n\u00ba 1000<br>Cidade Universit\u00e1ria &#8211; Bairro Camobi<br>Santa Maria &#8211; RS CEP: 97105-900<\/strong><\/p>\n","protected":false},"excerpt":{"rendered":"<p>1. PROCEDIMENTOS DA DEFESA DO TCC 1.1.&nbsp;Procedimentos de responsabilidade do aluno1.1.1.&nbsp;A defesa do artigo pelo aluno deve ser feita de forma presencial, sendo que a mesma ocorrer\u00e1 no Polo de Apoio Presencial onde o aluno se matriculou.1.1.2.&nbsp;No ato de apresenta\u00e7\u00e3o do artigo, o discente dever\u00e1 assinar o&nbsp;TERMO DE AUTORIZA\u00c7\u00c3O&nbsp;de disponibiliza\u00e7\u00e3o do TCC em bibliotecas digitais, [&hellip;]<\/p>\n","protected":false},"author":8,"featured_media":0,"parent":0,"menu_order":0,"comment_status":"closed","ping_status":"closed","template":"","meta":{"footnotes":""},"categories":[],"tags":[],"class_list":["post-179","page","type-page","status-publish","hentry"],"acf":[],"_links":{"self":[{"href":"https:\/\/www.ufsm.br\/cursos\/pos-graduacao\/educacao-a-distancia\/espmidiaseducacao\/wp-json\/wp\/v2\/pages\/179","targetHints":{"allow":["GET"]}}],"collection":[{"href":"https:\/\/www.ufsm.br\/cursos\/pos-graduacao\/educacao-a-distancia\/espmidiaseducacao\/wp-json\/wp\/v2\/pages"}],"about":[{"href":"https:\/\/www.ufsm.br\/cursos\/pos-graduacao\/educacao-a-distancia\/espmidiaseducacao\/wp-json\/wp\/v2\/types\/page"}],"author":[{"embeddable":true,"href":"https:\/\/www.ufsm.br\/cursos\/pos-graduacao\/educacao-a-distancia\/espmidiaseducacao\/wp-json\/wp\/v2\/users\/8"}],"replies":[{"embeddable":true,"href":"https:\/\/www.ufsm.br\/cursos\/pos-graduacao\/educacao-a-distancia\/espmidiaseducacao\/wp-json\/wp\/v2\/comments?post=179"}],"version-history":[{"count":0,"href":"https:\/\/www.ufsm.br\/cursos\/pos-graduacao\/educacao-a-distancia\/espmidiaseducacao\/wp-json\/wp\/v2\/pages\/179\/revisions"}],"wp:attachment":[{"href":"https:\/\/www.ufsm.br\/cursos\/pos-graduacao\/educacao-a-distancia\/espmidiaseducacao\/wp-json\/wp\/v2\/media?parent=179"}],"wp:term":[{"taxonomy":"category","embeddable":true,"href":"https:\/\/www.ufsm.br\/cursos\/pos-graduacao\/educacao-a-distancia\/espmidiaseducacao\/wp-json\/wp\/v2\/categories?post=179"},{"taxonomy":"post_tag","embeddable":true,"href":"https:\/\/www.ufsm.br\/cursos\/pos-graduacao\/educacao-a-distancia\/espmidiaseducacao\/wp-json\/wp\/v2\/tags?post=179"}],"curies":[{"name":"wp","href":"https:\/\/api.w.org\/{rel}","templated":true}]}}