{"id":186,"date":"2020-10-13T14:01:24","date_gmt":"2020-10-13T17:01:24","guid":{"rendered":"https:\/\/www.ufsm.br\/cursos\/pos-graduacao\/educacao-a-distancia\/espmidiaseducacao\/?page_id=186"},"modified":"2020-10-13T14:01:25","modified_gmt":"2020-10-13T17:01:25","slug":"processo-seletivo","status":"publish","type":"page","link":"https:\/\/www.ufsm.br\/cursos\/pos-graduacao\/educacao-a-distancia\/espmidiaseducacao\/processo-seletivo","title":{"rendered":"Processo Seletivo"},"content":{"rendered":"\n<p><strong>N\u00famero de Vagas:<\/strong>&nbsp;150<\/p>\n\n\n\n<p><strong>P\u00fablico Alvo:<\/strong>&nbsp;professores da rede p\u00fablica de ensino (estadual e municipal), diplomados em Curso de gradua\u00e7\u00e3o e no exerc\u00edcio do magist\u00e9rio<\/p>\n\n\n\n<p><strong>Inscri\u00e7\u00e3o e sele\u00e7\u00e3o:<\/strong>&nbsp;Edital P\u00fablico, divulgado na p\u00e1gina do curso e na pagina da UFSM\/NTE<\/p>\n\n\n\n<p><strong>Dentre os requisitos para participa\u00e7\u00e3o no curso destacam-se:<\/strong><\/p>\n\n\n\n<ul class=\"wp-block-list\"><li>Ter disponibilidade para dedicar-se no m\u00ednimo de &#8220;10 horas semanais&#8221; para realizar as atividades ass\u00edncronas (realizadas via ambiente virtual de aprendizagem na hora que melhor convier ao estudante).<\/li><li>Ter disponibilidade para participar das atividades presenciais que ser\u00e3o realizadas no in\u00edcio (um dia para capacita\u00e7\u00e3o no uso da plataforma MOODLE e informa\u00e7\u00f5es gerais sobre o curso), durante o curso ( no in\u00edcio das disciplinas, quando necess\u00e1rio) e no final do curso (um dia para defesa do artigo).<\/li><li>Ter computador e acesso a Internet, assim como saber utilizar tais recursos.<\/li><li>De acordo com as diretrizes do MEC, &#8220;O Curso Midias na Educa\u00e7\u00e3o n\u00e3o \u00e9 um curso para inclus\u00e3o digital de professores &#8211; para isso existem os NTEs, ou seja, o professor j\u00e1 deve ter conhecimento suficiente para navegar na Internet, compactar arquivos, etc&#8221;.<\/li><li>Dispor de endere\u00e7o de correio eletr\u00f4nico e acess\u00e1-lo diariamente.<\/li><\/ul>\n","protected":false},"excerpt":{"rendered":"<p>N\u00famero de Vagas:&nbsp;150 P\u00fablico Alvo:&nbsp;professores da rede p\u00fablica de ensino (estadual e municipal), diplomados em Curso de gradua\u00e7\u00e3o e no exerc\u00edcio do magist\u00e9rio Inscri\u00e7\u00e3o e sele\u00e7\u00e3o:&nbsp;Edital P\u00fablico, divulgado na p\u00e1gina do curso e na pagina da UFSM\/NTE Dentre os requisitos para participa\u00e7\u00e3o no curso destacam-se: Ter disponibilidade para dedicar-se no m\u00ednimo de &#8220;10 horas semanais&#8221; [&hellip;]<\/p>\n","protected":false},"author":8,"featured_media":0,"parent":0,"menu_order":0,"comment_status":"closed","ping_status":"closed","template":"","meta":{"footnotes":""},"categories":[],"tags":[],"class_list":["post-186","page","type-page","status-publish","hentry"],"acf":[],"_links":{"self":[{"href":"https:\/\/www.ufsm.br\/cursos\/pos-graduacao\/educacao-a-distancia\/espmidiaseducacao\/wp-json\/wp\/v2\/pages\/186","targetHints":{"allow":["GET"]}}],"collection":[{"href":"https:\/\/www.ufsm.br\/cursos\/pos-graduacao\/educacao-a-distancia\/espmidiaseducacao\/wp-json\/wp\/v2\/pages"}],"about":[{"href":"https:\/\/www.ufsm.br\/cursos\/pos-graduacao\/educacao-a-distancia\/espmidiaseducacao\/wp-json\/wp\/v2\/types\/page"}],"author":[{"embeddable":true,"href":"https:\/\/www.ufsm.br\/cursos\/pos-graduacao\/educacao-a-distancia\/espmidiaseducacao\/wp-json\/wp\/v2\/users\/8"}],"replies":[{"embeddable":true,"href":"https:\/\/www.ufsm.br\/cursos\/pos-graduacao\/educacao-a-distancia\/espmidiaseducacao\/wp-json\/wp\/v2\/comments?post=186"}],"version-history":[{"count":0,"href":"https:\/\/www.ufsm.br\/cursos\/pos-graduacao\/educacao-a-distancia\/espmidiaseducacao\/wp-json\/wp\/v2\/pages\/186\/revisions"}],"wp:attachment":[{"href":"https:\/\/www.ufsm.br\/cursos\/pos-graduacao\/educacao-a-distancia\/espmidiaseducacao\/wp-json\/wp\/v2\/media?parent=186"}],"wp:term":[{"taxonomy":"category","embeddable":true,"href":"https:\/\/www.ufsm.br\/cursos\/pos-graduacao\/educacao-a-distancia\/espmidiaseducacao\/wp-json\/wp\/v2\/categories?post=186"},{"taxonomy":"post_tag","embeddable":true,"href":"https:\/\/www.ufsm.br\/cursos\/pos-graduacao\/educacao-a-distancia\/espmidiaseducacao\/wp-json\/wp\/v2\/tags?post=186"}],"curies":[{"name":"wp","href":"https:\/\/api.w.org\/{rel}","templated":true}]}}