{"id":317,"date":"2021-01-27T14:07:07","date_gmt":"2021-01-27T17:07:07","guid":{"rendered":"https:\/\/www.ufsm.br\/cursos\/pos-graduacao\/frederico-westphalen\/ppgctamb\/?page_id=317"},"modified":"2022-06-22T09:52:37","modified_gmt":"2022-06-22T12:52:37","slug":"grupos-de-pesquisa","status":"publish","type":"page","link":"https:\/\/www.ufsm.br\/cursos\/pos-graduacao\/frederico-westphalen\/ppgctamb\/grupos-de-pesquisa","title":{"rendered":"Grupos de Pesquisa"},"content":{"rendered":"\t\t<div data-elementor-type=\"wp-page\" data-elementor-id=\"317\" class=\"elementor elementor-317\">\n\t\t\t\t\t\t<section class=\"elementor-section elementor-top-section elementor-element elementor-element-619d7f6b elementor-section-boxed elementor-section-height-default elementor-section-height-default\" data-id=\"619d7f6b\" data-element_type=\"section\">\n\t\t\t\t\t\t<div class=\"elementor-container elementor-column-gap-default\">\n\t\t\t\t\t<div class=\"elementor-column elementor-col-100 elementor-top-column elementor-element elementor-element-7fa1b6f2\" data-id=\"7fa1b6f2\" data-element_type=\"column\">\n\t\t\t<div class=\"elementor-widget-wrap elementor-element-populated\">\n\t\t\t\t\t\t<div class=\"elementor-element elementor-element-3789926b elementor-widget elementor-widget-text-editor\" data-id=\"3789926b\" data-element_type=\"widget\" data-widget_type=\"text-editor.default\">\n\t\t\t\t<div class=\"elementor-widget-container\">\n\t\t\t\t\t\t\t<!-- wp:paragraph -->\n<p><strong><a href=\"https:\/\/www.ufsm.br\/grupos\/gesar\/\">Grupo de Estudos em Saneamento Rural (CNPQ)<\/a><br \/><a href=\"https:\/\/www.ufsm.br\/grupos\/geopro-e-sensoriam-remoto\/\">Grupo de Pesquisa CONESAT &#8211; Monitoring the CONESUL using remote sensing data (CNPQ)<\/a><br \/><\/strong><strong><a href=\"https:\/\/www.ufsm.br\/grupos\/gamrh\/\" target=\"_blank\" rel=\"noreferrer noopener\">Grupo de Pesquisa em Gerenciamento Ambiental e Manejo de Recursos H\u00eddricos<\/a><\/strong><br \/><strong><a href=\"https:\/\/www.ufsm.br\/cursos\/pos-graduacao\/frederico-westphalen\/ppgctamb\/grupo-de-pesquisa-em-hidrodinamica-ambiental\/\" target=\"_blank\" rel=\"noreferrer noopener\">Grupo de Pesquisa em Hidrodin\u00e2mica Ambiental (CNPQ)<\/a><\/strong><br \/><strong><a href=\"https:\/\/www.ufsm.br\/cursos\/pos-graduacao\/frederico-westphalen\/ppgctamb\/grupo-de-pesquisa-em-monitoramento-ambiental-gma-cnpq\/\" target=\"_blank\" rel=\"noreferrer noopener\">Grupo de Pesquisa em Monitoramento Ambiental (GMA) (CNPQ)<\/a><br \/><a href=\"https:\/\/www.ufsm.br\/cursos\/pos-graduacao\/frederico-westphalen\/ppgctamb\/grupo-de-pesquisa-em-residuos-solidos-gestao-e-educacao-ambiental-ufsm-fw\/\" target=\"_blank\" rel=\"noreferrer noopener\">Grupo de Pesquisa em Res\u00edduos S\u00f3lidos, Gest\u00e3o e Educa\u00e7\u00e3o Ambiental UFSM\/FW<\/a><br \/><a href=\"https:\/\/www.ufsm.br\/grupos\/espectral-angular\/\">Grupo de Pesquisa em Sensoriamento Remoto Espectral Angular (CNPQ)<\/a><\/strong><\/p>\n<!-- \/wp:paragraph -->\t\t\t\t\t\t<\/div>\n\t\t\t\t<\/div>\n\t\t\t\t\t<\/div>\n\t\t<\/div>\n\t\t\t\t\t<\/div>\n\t\t<\/section>\n\t\t\t\t<\/div>\n\t\t","protected":false},"excerpt":{"rendered":"<p>Grupo de Estudos em Saneamento Rural (CNPQ)Grupo de Pesquisa CONESAT &#8211; Monitoring the CONESUL using remote sensing data (CNPQ)Grupo de Pesquisa em Gerenciamento Ambiental e Manejo de Recursos H\u00eddricosGrupo de Pesquisa em Hidrodin\u00e2mica Ambiental (CNPQ)Grupo de Pesquisa em Monitoramento Ambiental (GMA) (CNPQ)Grupo de Pesquisa em Res\u00edduos S\u00f3lidos, Gest\u00e3o e Educa\u00e7\u00e3o Ambiental UFSM\/FWGrupo de Pesquisa em [&hellip;]<\/p>\n","protected":false},"author":299,"featured_media":0,"parent":0,"menu_order":0,"comment_status":"closed","ping_status":"closed","template":"","meta":{"footnotes":""},"categories":[],"tags":[],"class_list":["post-317","page","type-page","status-publish","hentry"],"acf":[],"_links":{"self":[{"href":"https:\/\/www.ufsm.br\/cursos\/pos-graduacao\/frederico-westphalen\/ppgctamb\/wp-json\/wp\/v2\/pages\/317","targetHints":{"allow":["GET"]}}],"collection":[{"href":"https:\/\/www.ufsm.br\/cursos\/pos-graduacao\/frederico-westphalen\/ppgctamb\/wp-json\/wp\/v2\/pages"}],"about":[{"href":"https:\/\/www.ufsm.br\/cursos\/pos-graduacao\/frederico-westphalen\/ppgctamb\/wp-json\/wp\/v2\/types\/page"}],"author":[{"embeddable":true,"href":"https:\/\/www.ufsm.br\/cursos\/pos-graduacao\/frederico-westphalen\/ppgctamb\/wp-json\/wp\/v2\/users\/299"}],"replies":[{"embeddable":true,"href":"https:\/\/www.ufsm.br\/cursos\/pos-graduacao\/frederico-westphalen\/ppgctamb\/wp-json\/wp\/v2\/comments?post=317"}],"version-history":[{"count":0,"href":"https:\/\/www.ufsm.br\/cursos\/pos-graduacao\/frederico-westphalen\/ppgctamb\/wp-json\/wp\/v2\/pages\/317\/revisions"}],"wp:attachment":[{"href":"https:\/\/www.ufsm.br\/cursos\/pos-graduacao\/frederico-westphalen\/ppgctamb\/wp-json\/wp\/v2\/media?parent=317"}],"wp:term":[{"taxonomy":"category","embeddable":true,"href":"https:\/\/www.ufsm.br\/cursos\/pos-graduacao\/frederico-westphalen\/ppgctamb\/wp-json\/wp\/v2\/categories?post=317"},{"taxonomy":"post_tag","embeddable":true,"href":"https:\/\/www.ufsm.br\/cursos\/pos-graduacao\/frederico-westphalen\/ppgctamb\/wp-json\/wp\/v2\/tags?post=317"}],"curies":[{"name":"wp","href":"https:\/\/api.w.org\/{rel}","templated":true}]}}