{"id":797,"date":"2024-12-02T16:21:08","date_gmt":"2024-12-02T19:21:08","guid":{"rendered":"https:\/\/www.ufsm.br\/cursos\/pos-graduacao\/frederico-westphalen\/ppgctamb\/?page_id=797"},"modified":"2024-12-02T16:37:40","modified_gmt":"2024-12-02T19:37:40","slug":"area-de-concentracao-e-linhas-de-pesquisa","status":"publish","type":"page","link":"https:\/\/www.ufsm.br\/cursos\/pos-graduacao\/frederico-westphalen\/ppgctamb\/area-de-concentracao-e-linhas-de-pesquisa","title":{"rendered":"\u00c1rea de Concentra\u00e7\u00e3o e Linhas de Pesquisa"},"content":{"rendered":"\t\t<div data-elementor-type=\"wp-page\" data-elementor-id=\"797\" class=\"elementor elementor-797\">\n\t\t\t\t\t\t<section class=\"elementor-section elementor-top-section elementor-element elementor-element-6daddc1 elementor-section-boxed elementor-section-height-default elementor-section-height-default\" data-id=\"6daddc1\" data-element_type=\"section\">\n\t\t\t\t\t\t<div class=\"elementor-container elementor-column-gap-default\">\n\t\t\t\t\t<div class=\"elementor-column elementor-col-100 elementor-top-column elementor-element elementor-element-188618d3\" data-id=\"188618d3\" data-element_type=\"column\">\n\t\t\t<div class=\"elementor-widget-wrap elementor-element-populated\">\n\t\t\t\t\t\t<div class=\"elementor-element elementor-element-4d175e42 elementor-widget elementor-widget-text-editor\" data-id=\"4d175e42\" data-element_type=\"widget\" data-widget_type=\"text-editor.default\">\n\t\t\t\t<div class=\"elementor-widget-container\">\n\t\t\t\t\t\t\t<p><!-- wp:paragraph --><\/p>\n<h5><span style=\"font-size: 14pt\"><strong>\u00c1rea de Concentra\u00e7\u00e3o<\/strong><\/span><\/h5>\n<p><strong>Meio Ambiente e Tecnologias Sustent\u00e1veis<\/strong><\/p>\n<p><!-- \/wp:paragraph --><!-- wp:paragraph --><\/p>\n<p>O programa de p\u00f3s-gradua\u00e7\u00e3o conta com uma \u00e1rea de concentra\u00e7\u00e3o a fim de promover o suporte para o monitoramento, desenvolvimento e aplica\u00e7\u00e3o de tecnologias para preven\u00e7\u00e3o e mitiga\u00e7\u00e3o de problemas ambientais, atrav\u00e9s da gera\u00e7\u00e3o de conhecimentos sobre a funcionalidade e a din\u00e2mica dos sistemas e das consequ\u00eancias decorrentes das interfer\u00eancias promovidas pelo homem.<br>Esta \u00e1rea de concentra\u00e7\u00e3o do PPGCTA destina-se \u00e0 capacita\u00e7\u00e3o de novos pesquisadores para atuarem em processos ambientais, de forma interdisciplinar, nos temas das linhas de pesquisa, dos projetos e das disciplinas oferecidas, na converg\u00eancia de conhecimentos distintos.<\/p><p><br><\/p>\n<p><!-- \/wp:paragraph --><!-- wp:paragraph --><\/p>\n<p><!-- \/wp:paragraph --><!-- wp:paragraph --><\/p>\n<h5><span style=\"font-size: 14pt\"><strong>Linhas de Pesquisa<\/strong><\/span><\/h5>\n<p>O programa \u00e9 formado por duas linhas de pesquisa:<\/p>\n<p><!-- \/wp:paragraph --><!-- wp:paragraph --><\/p>\n<p><strong>Monitoramento Ambiental:<\/strong> Esta linha de pesquisa visa a avaliar e monitorar os diversos ambientes \u2013 impactados ou n\u00e3o &#8211; antropicamente, com o intuito de refletir sobre o consumo e o uso sustent\u00e1vel dos recursos naturais pela sociedade, fazendo uso de conhecimentos das \u00e1reas interdisciplinares da Biologia, Qu\u00edmica, Microbiologia, Matem\u00e1tica, Geoprocessamento, que reflitam o dinamismo do ambiente.<\/p>\n<p><!-- \/wp:paragraph --><!-- wp:paragraph --><\/p>\n<p><strong>Tecnologias aplicadas ao meio ambiente:<\/strong> Esta linha de pesquisa visa a desenvolver e avaliar tecnologias, consagradas e novas, para aprimorar o saneamento ambiental, o uso e ocupa\u00e7\u00e3o do solo, manejo dos recursos h\u00eddricos, para minimizar, controlar e biorremediar a polui\u00e7\u00e3o ambiental.<\/p>\n<p><!-- \/wp:paragraph --><!-- wp:paragraph --><\/p>\n<p><!-- \/wp:paragraph --><\/p>\t\t\t\t\t\t<\/div>\n\t\t\t\t<\/div>\n\t\t\t\t\t<\/div>\n\t\t<\/div>\n\t\t\t\t\t<\/div>\n\t\t<\/section>\n\t\t\t\t<\/div>\n\t\t","protected":false},"excerpt":{"rendered":"<p>\u00c1rea de Concentra\u00e7\u00e3o Meio Ambiente e Tecnologias Sustent\u00e1veis O programa de p\u00f3s-gradua\u00e7\u00e3o conta com uma \u00e1rea de concentra\u00e7\u00e3o a fim de promover o suporte para o monitoramento, desenvolvimento e aplica\u00e7\u00e3o de tecnologias para preven\u00e7\u00e3o e mitiga\u00e7\u00e3o de problemas ambientais, atrav\u00e9s da gera\u00e7\u00e3o de conhecimentos sobre a funcionalidade e a din\u00e2mica dos sistemas e das consequ\u00eancias [&hellip;]<\/p>\n","protected":false},"author":299,"featured_media":0,"parent":0,"menu_order":0,"comment_status":"closed","ping_status":"closed","template":"","meta":{"footnotes":""},"categories":[],"tags":[],"class_list":["post-797","page","type-page","status-publish","hentry"],"acf":[],"_links":{"self":[{"href":"https:\/\/www.ufsm.br\/cursos\/pos-graduacao\/frederico-westphalen\/ppgctamb\/wp-json\/wp\/v2\/pages\/797","targetHints":{"allow":["GET"]}}],"collection":[{"href":"https:\/\/www.ufsm.br\/cursos\/pos-graduacao\/frederico-westphalen\/ppgctamb\/wp-json\/wp\/v2\/pages"}],"about":[{"href":"https:\/\/www.ufsm.br\/cursos\/pos-graduacao\/frederico-westphalen\/ppgctamb\/wp-json\/wp\/v2\/types\/page"}],"author":[{"embeddable":true,"href":"https:\/\/www.ufsm.br\/cursos\/pos-graduacao\/frederico-westphalen\/ppgctamb\/wp-json\/wp\/v2\/users\/299"}],"replies":[{"embeddable":true,"href":"https:\/\/www.ufsm.br\/cursos\/pos-graduacao\/frederico-westphalen\/ppgctamb\/wp-json\/wp\/v2\/comments?post=797"}],"version-history":[{"count":0,"href":"https:\/\/www.ufsm.br\/cursos\/pos-graduacao\/frederico-westphalen\/ppgctamb\/wp-json\/wp\/v2\/pages\/797\/revisions"}],"wp:attachment":[{"href":"https:\/\/www.ufsm.br\/cursos\/pos-graduacao\/frederico-westphalen\/ppgctamb\/wp-json\/wp\/v2\/media?parent=797"}],"wp:term":[{"taxonomy":"category","embeddable":true,"href":"https:\/\/www.ufsm.br\/cursos\/pos-graduacao\/frederico-westphalen\/ppgctamb\/wp-json\/wp\/v2\/categories?post=797"},{"taxonomy":"post_tag","embeddable":true,"href":"https:\/\/www.ufsm.br\/cursos\/pos-graduacao\/frederico-westphalen\/ppgctamb\/wp-json\/wp\/v2\/tags?post=797"}],"curies":[{"name":"wp","href":"https:\/\/api.w.org\/{rel}","templated":true}]}}