{"id":2048,"date":"2024-04-02T11:09:58","date_gmt":"2024-04-02T14:09:58","guid":{"rendered":"https:\/\/www.ufsm.br\/cursos\/pos-graduacao\/palmeira-das-missoes\/ppgagr\/?page_id=2048"},"modified":"2024-04-02T11:10:00","modified_gmt":"2024-04-02T14:10:00","slug":"aula-magna-06-10-23","status":"publish","type":"page","link":"https:\/\/www.ufsm.br\/cursos\/pos-graduacao\/palmeira-das-missoes\/ppgagr\/aula-magna-06-10-23","title":{"rendered":"Aula Magna 06.10.23"},"content":{"rendered":"\n<p>No dia 06\/10\/2023 foi realizada a Aula Magna \u2013 O Papel da CONAB nas pol\u00edticas p\u00fablicas de armazenamento, estoques e comercializa\u00e7\u00e3o no Brasil para a Agricultura Familiar, com o ilustre palestrante e presidente da CONAB, Sr. Edegar Pretto.<\/p>\n<p><a href=\"https:\/\/drive.google.com\/drive\/folders\/1umXVvJcQMko2pcyhQ05pePzQF19fUbmn?usp=sharing\">Clique aqui<\/a> para ver os principais registros do evento.<\/p>\n\n\n","protected":false},"excerpt":{"rendered":"<p>No dia 06\/10\/2023 foi realizada a Aula Magna \u2013 O Papel da CONAB nas pol\u00edticas p\u00fablicas de armazenamento, estoques e comercializa\u00e7\u00e3o no Brasil para a Agricultura Familiar, com o ilustre palestrante e presidente da CONAB, Sr. Edegar Pretto. Clique aqui para ver os principais registros do evento.<\/p>\n","protected":false},"author":7954,"featured_media":0,"parent":0,"menu_order":0,"comment_status":"closed","ping_status":"closed","template":"","meta":{"footnotes":""},"categories":[],"tags":[],"class_list":["post-2048","page","type-page","status-publish","hentry"],"acf":[],"_links":{"self":[{"href":"https:\/\/www.ufsm.br\/cursos\/pos-graduacao\/palmeira-das-missoes\/ppgagr\/wp-json\/wp\/v2\/pages\/2048","targetHints":{"allow":["GET"]}}],"collection":[{"href":"https:\/\/www.ufsm.br\/cursos\/pos-graduacao\/palmeira-das-missoes\/ppgagr\/wp-json\/wp\/v2\/pages"}],"about":[{"href":"https:\/\/www.ufsm.br\/cursos\/pos-graduacao\/palmeira-das-missoes\/ppgagr\/wp-json\/wp\/v2\/types\/page"}],"author":[{"embeddable":true,"href":"https:\/\/www.ufsm.br\/cursos\/pos-graduacao\/palmeira-das-missoes\/ppgagr\/wp-json\/wp\/v2\/users\/7954"}],"replies":[{"embeddable":true,"href":"https:\/\/www.ufsm.br\/cursos\/pos-graduacao\/palmeira-das-missoes\/ppgagr\/wp-json\/wp\/v2\/comments?post=2048"}],"version-history":[{"count":0,"href":"https:\/\/www.ufsm.br\/cursos\/pos-graduacao\/palmeira-das-missoes\/ppgagr\/wp-json\/wp\/v2\/pages\/2048\/revisions"}],"wp:attachment":[{"href":"https:\/\/www.ufsm.br\/cursos\/pos-graduacao\/palmeira-das-missoes\/ppgagr\/wp-json\/wp\/v2\/media?parent=2048"}],"wp:term":[{"taxonomy":"category","embeddable":true,"href":"https:\/\/www.ufsm.br\/cursos\/pos-graduacao\/palmeira-das-missoes\/ppgagr\/wp-json\/wp\/v2\/categories?post=2048"},{"taxonomy":"post_tag","embeddable":true,"href":"https:\/\/www.ufsm.br\/cursos\/pos-graduacao\/palmeira-das-missoes\/ppgagr\/wp-json\/wp\/v2\/tags?post=2048"}],"curies":[{"name":"wp","href":"https:\/\/api.w.org\/{rel}","templated":true}]}}