{"id":193,"date":"2021-07-29T10:55:39","date_gmt":"2021-07-29T13:55:39","guid":{"rendered":"https:\/\/www.ufsm.br\/cursos\/pos-graduacao\/palmeira-das-missoes\/ppgser\/?page_id=193"},"modified":"2025-09-09T10:14:57","modified_gmt":"2025-09-09T13:14:57","slug":"regulamento","status":"publish","type":"page","link":"https:\/\/www.ufsm.br\/cursos\/pos-graduacao\/palmeira-das-missoes\/ppgsr\/regulamento","title":{"rendered":"Regulamento e Normas"},"content":{"rendered":"\n<p><a href=\"https:\/\/www.ufsm.br\/app\/uploads\/sites\/861\/2022\/02\/APCN-VERSAO-CIENCIAS-2019-versao-03_06.pdf\">Projeto do PPGSR<\/a><\/p>\n<p><a href=\"https:\/\/www.ufsm.br\/app\/uploads\/sites\/345\/2023\/10\/RES_UFSM_2023_139_ANEXO_I_Regulamento-Geral-PG-Stricto-Sensu-UFSM-2023.pdf\">Regimento Geral da P\u00f3s-Gradua\u00e7\u00e3o<\/a><\/p>\n<p><a href=\"https:\/\/www.ufsm.br\/app\/uploads\/sites\/861\/2021\/07\/Regulamento-CORRIGIDO.pdf\">Regulamento do Curso de P\u00f3s-Gradua\u00e7\u00e3o em Sa\u00fade e Ruralidade &#8211; Vigente at\u00e9 17\/02\/2025<\/a><\/p>\n<p><a href=\"https:\/\/drive.google.com\/file\/d\/11R9bh8iYsBHGoEQUVzW24N5VkTir38gO\/view?usp=sharing\">Portaria normativa 01.2025 &#8211; aprova o Regulamento do PPGSR &#8211; Vigente ap\u00f3s 18\/02\/2025<\/a><\/p>\n<p><a href=\"https:\/\/drive.google.com\/file\/d\/1jdX3YPTs6lyYsJIoZ_C04Ca8rCSFCEb3\/view?usp=sharing\">Anexo I da Portaria normativa 01.2025 &#8211; Regulamento do PPGSR &#8211; Vigente ap\u00f3s 18\/02\/2025<\/a>\u00a0<\/p>\n<p><a href=\"https:\/\/www.ufsm.br\/app\/uploads\/sites\/861\/2023\/08\/RESOLUCAO-NORMATIVA-CREDENCIAMENTO-RECREDENCIAMENTO-PPGSR-1.pdf\">Resolu\u00e7\u00e3o de Credenciamento e Recredenciamento Docente no Programa de P\u00f3s Gradua\u00e7\u00e3o em Sa\u00fade e Ruralidade<\/a><\/p>\n<p><a href=\"https:\/\/www.ufsm.br\/app\/uploads\/sites\/861\/2025\/09\/Normativa-01-Bolsas-PPGSR-_2025.pdf\">Normativa 01 &#8211; Bolsas PPGSR _2025<\/a><\/p>\n\n\n\n<p><\/p>\n\n\n\n<p><\/p>\n","protected":false},"excerpt":{"rendered":"<p>Projeto do PPGSR Regimento Geral da P\u00f3s-Gradua\u00e7\u00e3o Regulamento do Curso de P\u00f3s-Gradua\u00e7\u00e3o em Sa\u00fade e Ruralidade &#8211; Vigente at\u00e9 17\/02\/2025 Portaria normativa 01.2025 &#8211; aprova o Regulamento do PPGSR &#8211; Vigente ap\u00f3s 18\/02\/2025 Anexo I da Portaria normativa 01.2025 &#8211; Regulamento do PPGSR &#8211; Vigente ap\u00f3s 18\/02\/2025\u00a0 Resolu\u00e7\u00e3o de Credenciamento e Recredenciamento Docente no Programa [&hellip;]<\/p>\n","protected":false},"author":3862,"featured_media":0,"parent":0,"menu_order":0,"comment_status":"closed","ping_status":"closed","template":"","meta":{"footnotes":""},"categories":[],"tags":[],"class_list":["post-193","page","type-page","status-publish","hentry"],"acf":[],"_links":{"self":[{"href":"https:\/\/www.ufsm.br\/cursos\/pos-graduacao\/palmeira-das-missoes\/ppgsr\/wp-json\/wp\/v2\/pages\/193","targetHints":{"allow":["GET"]}}],"collection":[{"href":"https:\/\/www.ufsm.br\/cursos\/pos-graduacao\/palmeira-das-missoes\/ppgsr\/wp-json\/wp\/v2\/pages"}],"about":[{"href":"https:\/\/www.ufsm.br\/cursos\/pos-graduacao\/palmeira-das-missoes\/ppgsr\/wp-json\/wp\/v2\/types\/page"}],"author":[{"embeddable":true,"href":"https:\/\/www.ufsm.br\/cursos\/pos-graduacao\/palmeira-das-missoes\/ppgsr\/wp-json\/wp\/v2\/users\/3862"}],"replies":[{"embeddable":true,"href":"https:\/\/www.ufsm.br\/cursos\/pos-graduacao\/palmeira-das-missoes\/ppgsr\/wp-json\/wp\/v2\/comments?post=193"}],"version-history":[{"count":0,"href":"https:\/\/www.ufsm.br\/cursos\/pos-graduacao\/palmeira-das-missoes\/ppgsr\/wp-json\/wp\/v2\/pages\/193\/revisions"}],"wp:attachment":[{"href":"https:\/\/www.ufsm.br\/cursos\/pos-graduacao\/palmeira-das-missoes\/ppgsr\/wp-json\/wp\/v2\/media?parent=193"}],"wp:term":[{"taxonomy":"category","embeddable":true,"href":"https:\/\/www.ufsm.br\/cursos\/pos-graduacao\/palmeira-das-missoes\/ppgsr\/wp-json\/wp\/v2\/categories?post=193"},{"taxonomy":"post_tag","embeddable":true,"href":"https:\/\/www.ufsm.br\/cursos\/pos-graduacao\/palmeira-das-missoes\/ppgsr\/wp-json\/wp\/v2\/tags?post=193"}],"curies":[{"name":"wp","href":"https:\/\/api.w.org\/{rel}","templated":true}]}}