{"id":203,"date":"2021-07-29T11:23:22","date_gmt":"2021-07-29T14:23:22","guid":{"rendered":"https:\/\/www.ufsm.br\/cursos\/pos-graduacao\/palmeira-das-missoes\/ppgser\/?page_id=203"},"modified":"2025-10-24T13:56:15","modified_gmt":"2025-10-24T16:56:15","slug":"colegiado","status":"publish","type":"page","link":"https:\/\/www.ufsm.br\/cursos\/pos-graduacao\/palmeira-das-missoes\/ppgsr\/colegiado","title":{"rendered":"Colegiado e Comiss\u00f5es"},"content":{"rendered":"\t\t<div data-elementor-type=\"wp-page\" data-elementor-id=\"203\" class=\"elementor elementor-203\">\n\t\t\t\t\t\t<section class=\"elementor-section elementor-top-section elementor-element elementor-element-1cf6a47 elementor-section-boxed elementor-section-height-default elementor-section-height-default\" data-id=\"1cf6a47\" data-element_type=\"section\">\n\t\t\t\t\t\t<div class=\"elementor-container elementor-column-gap-default\">\n\t\t\t\t\t<div class=\"elementor-column elementor-col-100 elementor-top-column elementor-element elementor-element-4ab8c4c\" data-id=\"4ab8c4c\" data-element_type=\"column\">\n\t\t\t<div class=\"elementor-widget-wrap elementor-element-populated\">\n\t\t\t\t\t\t<div class=\"elementor-element elementor-element-91b5774 elementor-widget__width-initial elementor-widget elementor-widget-text-editor\" data-id=\"91b5774\" data-element_type=\"widget\" data-widget_type=\"text-editor.default\">\n\t\t\t\t<div class=\"elementor-widget-container\">\n\t\t\t\t\t\t\t<p style=\"margin: 0in;font-family: Calibri;font-size: 11.0pt\"><span style=\"font-family: georgia, palatino, serif;font-size: 12pt\"><strong>Comiss\u00e3o de bolsas do PPGSR<\/strong><\/span><\/p><p><span style=\"font-family: georgia, palatino, serif;font-size: 12pt\">Prof\u00aa. Dr\u00aa. <\/span>Marta Cocco da Costa &#8211; SIAPE 1652651 &#8211; presidente;<br \/><span style=\"font-family: georgia, palatino, serif;font-size: 12pt\">Prof\u00aa. Dr\u00aa. <\/span>Alexa Pupiara Flores Coelho Centenaro &#8211; SIAPE 3031896 &#8211; Representante da Linha de Pesquisa Vulnerabilidades da popula\u00e7\u00e3o no contexto da ruralidade;<br \/><span style=\"font-family: georgia, palatino, serif;font-size: 12pt\">Prof\u00aa. Dr\u00aa. <\/span>Andressa da Silveira &#8211; SIAPE 1932703 &#8211; Representante da Linha de Pesquisa Aten\u00e7\u00e3o \u00e0 sa\u00fade da popula\u00e7\u00e3o rural nos ciclos da vida;<br \/>Danielle Signori de Carvalho &#8211; Matr\u00edcula 202460561 &#8211; Representante discente.<\/p><p><strong><a href=\"https:\/\/www.ufsm.br\/app\/uploads\/sites\/861\/2025\/07\/Portaria-42.2025-Designa-comisso-de-Bolsa-PPGSR-1-1.pdf\">Acesse aqui a Portaria<\/a><\/strong><\/p><p style=\"margin: 0in;font-family: Calibri;font-size: 11.0pt\"><span style=\"font-weight: bold;font-family: georgia, palatino, serif;font-size: 12pt\">Colegiado do PPGSR<\/span><\/p><p style=\"margin: 0in\"><span style=\"font-family: georgia, palatino, serif;font-size: 12pt\">Prof\u00aa. Dr\u00aa.\u00a0Marta Cocco da Costa &#8211; SIAPE 1652651 &#8211; Coordenadora &#8211; Presidente;<\/span><\/p><p style=\"margin: 0in\"><span style=\"font-family: georgia, palatino, serif;font-size: 12pt\">Prof\u00aa. Dr\u00aa.\u00a0Ethel Bastos da Silva &#8211; SIAPE 1693915 &#8211; Coordenadora Substituta;<\/span><\/p><p style=\"margin: 0in\"><span style=\"font-family: georgia, palatino, serif;font-size: 12pt\">Prof\u00aa. Dr\u00aa.\u00a0Andressa de Andrade &#8211; SIAPE 1792007 &#8211; Titular da Linha de Vulnerabilidades da popula\u00e7\u00e3o no contexto da ruralidade;<\/span><\/p><p style=\"margin: 0in\"><span style=\"font-family: georgia, palatino, serif;font-size: 12pt\">Prof\u00aa. Dr\u00aa.\u00a0Darielli Gindri Resta Fontana &#8211; SIAPE 2498397 &#8211; Suplente da Linha de Vulnerabilidades da popula\u00e7\u00e3o no contexto da ruralidade;<\/span><\/p><p style=\"margin: 0in\"><span style=\"font-family: georgia, palatino, serif;font-size: 12pt\">Prof\u00aa. Dr\u00aa.\u00a0Jaqueline Arboit &#8211; SIAPE 1070245 &#8211; Titular da Linha de Vulnerabilidades da popula\u00e7\u00e3o no contexto da ruralidade;<\/span><\/p><p style=\"margin: 0in\"><span style=\"font-family: georgia, palatino, serif;font-size: 12pt\">Prof Dr Rafael Marcelo Soder &#8211; SIAPE 1771830 &#8211; &#8211; Suplente da Linha de Vulnerabilidades da\u00a0popula\u00e7\u00e3o no contexto da ruralidade;<\/span><\/p><p style=\"margin: 0in\"><span style=\"font-family: georgia, palatino, serif;font-size: 12pt\">Prof\u00aa. Dr\u00aa.\u00a0Fernanda Beheregaray Cabral &#8211; SIAPE 2353342 &#8211; Titular da Linha de Pesquisa Aten\u00e7\u00e3o \u00e0 sa\u00fade da popula\u00e7\u00e3o rural nos ciclos da vida;;<\/span><\/p><p style=\"margin: 0in\"><span style=\"font-family: georgia, palatino, serif;font-size: 12pt\">Prof\u00aa. Dr\u00aa.\u00a0Eliane Raquel Rieth Benetti &#8211; SIAPE 1063548 &#8211; Suplente da Linha de Pesquisa Aten\u00e7\u00e3o \u00e0 sa\u00fade da popula\u00e7\u00e3o rural nos ciclos da vida.;<\/span><\/p><p style=\"margin: 0in\">Prof Dr Leonardo Bigolin Jantsch \u2013 SIAPE 1160023 &#8211; Titular da Linha de Pesquisa Aten\u00e7\u00e3o \u00e0 sa\u00fade da popula\u00e7\u00e3o rural nos ciclos da vida;<\/p><p style=\"margin: 0in\"><span style=\"font-family: georgia, palatino, serif;font-size: 12pt\">Prof\u00aa. Dr\u00aa. <\/span>Andressa da Silveira &#8211; SIAPE 1932703 &#8211; Suplente da Linha de Pesquisa Aten\u00e7\u00e3o \u00e0 sa\u00fade da popula\u00e7\u00e3o rural nos ciclos da vida;<\/p><p style=\"margin: 0in\">Mariana Ferreira Santos &#8211; Matr\u00edcula 202461000 &#8211; Representante discente titular.<\/p><p>Bruna Paola de Lima Bridi &#8211; Matr\u00edcula 202560859 &#8211; Representante discente suplente.<\/p><p><span style=\"font-family: georgia, palatino, serif;font-size: 12pt\"><strong><a href=\"https:\/\/drive.google.com\/file\/d\/1XTbKbmZJJNoQmfigI2MFArUzCLma1HGs\/view?usp=sharing\">Acesse aqui a portaria<\/a><\/strong><\/span><\/p><p><span style=\"font-family: georgia, palatino, serif;font-size: 12pt\"><strong><a href=\"https:\/\/drive.google.com\/file\/d\/1vzsYdmef8AtFkRGdGSI0waMAd33od1bK\/view?usp=sharing\">Acesse aqui a apostila da Portaria<\/a><\/strong><\/span><\/p><p><strong><a href=\"https:\/\/www.ufsm.br\/app\/uploads\/sites\/861\/2025\/04\/Apostila-01-Portaria-039_2024.docx.pdf\">Acesse aqui a apostila 01 da Portaria\u00a0<\/a><\/strong><\/p><p><strong><a href=\"https:\/\/drive.google.com\/file\/d\/1fLSGHUBqiaVuQwCYG-f6BYhXhV0CCfe6\/view?usp=sharing\">Acesso aqui a apostila 02 da Portaria<\/a><\/strong><\/p><p style=\"margin: 0in;font-family: Calibri;font-size: 11.0pt\"><span style=\"font-weight: bold;text-align: var(--bs-body-text-align);font-family: georgia, palatino, serif;font-size: 12pt\">\u00a0<\/span><\/p><p style=\"margin: 0in;font-family: Calibri;font-size: 11.0pt\"><span style=\"font-weight: bold;text-align: var(--bs-body-text-align);font-family: georgia, palatino, serif;font-size: 12pt\">Comiss\u00e3o de credenciamento e descredenciamento:<\/span><\/p><p style=\"margin: 0in;font-family: Calibri;font-size: 11.0pt\">Prof\u00aa. Dr\u00aa. Marta Cocco &#8211; SIAPE 1652651 &#8211; Coordenadora; <br \/>Prof\u00aa. Dr\u00aa. Ethel Bastos da Silva &#8211; SIAPE 1693915 &#8211; Coordenadora substituta; <br \/>Prof\u00aa. Dr\u00aa. Marin\u00eas Tambara Leite &#8211; SIAPE 1639847 &#8211; Representante da Linha de Pesquisa Aten\u00e7\u00e3o \u00e0 sa\u00fade da popula\u00e7\u00e3o rural nos ciclos da vida; <br \/>Prof\u00aa. Dr\u00aa. Jaqueline Arboit &#8211; SIAPE 1070245 &#8211; Representante da Linha de Pesquisa Vulnerabilidades da Popula\u00e7\u00e3o no Contexto da Ruralidade.<\/p><p style=\"margin: 0in;font-family: Calibri;font-size: 11.0pt\"><strong><a href=\"https:\/\/www.ufsm.br\/app\/uploads\/sites\/861\/2025\/07\/091-Designa-comisso-de-credenciamento-e-recredenciamento-do-PPGSR.pdf\">Acesse aqui a Portaria<\/a><\/strong><\/p><p style=\"margin: 0in;font-family: Calibri;font-size: 11.0pt\"><span style=\"font-family: georgia, palatino, serif;font-size: 12pt\"><span style=\"font-weight: bold\">Grupo de Trabalho de Auto av<\/span><\/span><span style=\"font-family: georgia, palatino, serif;font-size: 12pt;font-weight: bold\">alia\u00e7\u00e3o do PPGSR:<\/span><\/p><p style=\"margin: 0in;font-family: Calibri;font-size: 11.0pt\"><span style=\"font-family: georgia, palatino, serif;font-size: 12pt\">Prof\u00aa Dr\u00aa Marin\u00eas Tambar\u00e1 Leite<\/span><\/p><p style=\"margin: 0in;font-family: Calibri;font-size: 11.0pt\"><span style=\"font-family: georgia, palatino, serif;font-size: 12pt\">Prof\u00aa Dr\u00aa Ethel Bastos da Silva<\/span><\/p><p style=\"margin: 0in;font-family: Calibri;font-size: 11.0pt\"><span style=\"font-family: georgia, palatino, serif;font-size: 12pt\">Prof\u00aa Dr\u00aa Marta Cocco da Costa<\/span><\/p><p style=\"margin: 0in;font-family: Calibri;font-size: 11.0pt\"><span style=\"font-family: georgia, palatino, serif;font-size: 12pt\">Prof Dr\u00aa Leila Mariza Hildebrandt<\/span><\/p><p style=\"margin: 0in;font-family: Calibri;font-size: 11.0pt\"><span style=\"font-family: georgia, palatino, serif;font-size: 12pt\">Katiane Fr\u00e9u &#8211; TAE<\/span><\/p><p style=\"margin: 0in;font-family: Calibri;font-size: 11.0pt\"><span style=\"font-family: georgia, palatino, serif;font-size: 12pt\">Fabiane Debastiani &#8211; Discente<\/span><\/p><p style=\"margin: 0in;font-family: Calibri;font-size: 11.0pt\"><span style=\"font-family: georgia, palatino, serif;font-size: 12pt\">Carmem Layana Jadischke Bandeira (suplente discente)<\/span><\/p><p style=\"margin: 0in;font-family: Calibri;font-size: 11.0pt\"><span style=\"font-family: georgia, palatino, serif;font-size: 12pt\">Dra. Patr\u00edcia de Carli &#8211; Membro externo<\/span><\/p><p style=\"margin: 0in;font-family: Calibri;font-size: 11.0pt\"><span style=\"font-family: georgia, palatino, serif;font-size: 12pt\"><strong>Comiss\u00e3o de Ensino Pesquisa e Extens\u00e3o (CEPEX):<\/strong><\/span><\/p><p><span style=\"font-family: georgia, palatino, serif;font-size: 12pt\">Prof\u00aa Dr\u00aa Eliane Raquel Rieth Benetti &#8211; Titular<\/span><br \/><span style=\"font-family: georgia, palatino, serif;font-size: 12pt\">Prof\u00aa Dr\u00aa Neila Santini de Souza &#8211; Suplente<\/span><\/p><p><strong><a href=\"https:\/\/www.ufsm.br\/app\/uploads\/sites\/861\/2025\/02\/Apostila-Portaria-036_2024-Membros-da-CEPEX-2024-a-2026.pdf\">Acesse aqui a apostila da portaria<\/a> <\/strong><\/p><p><strong><a href=\"https:\/\/www.ufsm.br\/app\/uploads\/sites\/861\/2025\/02\/Portaria-no-036-2024-Membros-da-CEPEX-2024-a-2026.pdf\">Acesse aqui a Portaria<\/a><\/strong><\/p><p><span style=\"font-family: georgia, palatino, serif;font-size: 12pt\"><strong>Grupo de trabalho de eventos:<\/strong><\/span><\/p><p><span style=\"font-family: georgia, palatino, serif;font-size: 12pt\">Prof\u00aa Dr\u00aa Andressa da Silveira<\/span><br \/><span style=\"font-family: georgia, palatino, serif;font-size: 12pt\">Prof\u00aa Dr\u00aa Marta Cocco da Costa<\/span><br \/><span style=\"font-family: georgia, palatino, serif;font-size: 12pt\">Prof\u00aa Dr\u00aa Ethel Bastos da Silva<\/span><br \/><span style=\"font-family: georgia, palatino, serif;font-size: 12pt\">Prof\u00aa Dr\u00aa Marin\u00eas Tambara Leite<\/span><\/p><p><span style=\"font-family: georgia, palatino, serif;font-size: 12pt\"><strong>Comiss\u00e3o de Sele\u00e7\u00e3o do PPGSR<\/strong><\/span><\/p><p>Adriane Cervi Bl\u00fcmke &#8211; SIAPE 2395388;<\/p><p>Alexa Pupiara Flores Coelho Centenaro &#8211; SIAPE 3031896;<\/p><p>Andressa da Silveira &#8211; SIAPE 1932703;<\/p><p>Andressa de Andrade &#8211; SIAPE 1792007;<\/p><p>Darielli Gindri Resta Fontana &#8211; SIAPE 2498397;<\/p><p>Eliane Raquel Rieth Benetti &#8211; SIAPE 1063548;<\/p><p>Ethel Bastos da Silva &#8211; SIAPE 1693915;<\/p><p>Fernanda Beheregaray Cabral &#8211; SIAPE 2353342;<\/p><p>Isabel Cristina dos Santos Colom\u00e9 &#8211; SIAPE 1552591;<\/p><p>Jaqueline Arboit &#8211; SIAPE 1070245;<\/p><p>Leonardo Bigolin Jantsch &#8211; SIAPE 1160023;<\/p><p>Luiz Anildo Anacleto da Silva &#8211; SIAPE 1639778;<\/p><p>Marta Cocco da Costa &#8211; SIAPE 1652651;<\/p><p>Oclaris Lopes Munhoz &#8211; SIAPE 2072550;<\/p><p>Rafael Marcelo Soder &#8211; SIAPE 1771830;<\/p><p>Silomar Ilha &#8211; SIAPE 3360195.<\/p><p><strong><a href=\"https:\/\/www.ufsm.br\/app\/uploads\/sites\/861\/2025\/09\/Portaria-154-Designa-Comisso-de-Seleo-do-PPGSR.docx.pdf\">Acesse aqui a portaria<\/a><\/strong><\/p>\t\t\t\t\t\t<\/div>\n\t\t\t\t<\/div>\n\t\t\t\t\t<\/div>\n\t\t<\/div>\n\t\t\t\t\t<\/div>\n\t\t<\/section>\n\t\t\t\t<\/div>\n\t\t","protected":false},"excerpt":{"rendered":"<p>Comiss\u00e3o de bolsas do PPGSR Prof\u00aa. Dr\u00aa. Marta Cocco da Costa &#8211; SIAPE 1652651 &#8211; presidente;Prof\u00aa. Dr\u00aa. Alexa Pupiara Flores Coelho Centenaro &#8211; SIAPE 3031896 &#8211; Representante da Linha de Pesquisa Vulnerabilidades da popula\u00e7\u00e3o no contexto da ruralidade;Prof\u00aa. Dr\u00aa. Andressa da Silveira &#8211; SIAPE 1932703 &#8211; Representante da Linha de Pesquisa Aten\u00e7\u00e3o \u00e0 sa\u00fade da [&hellip;]<\/p>\n","protected":false},"author":3862,"featured_media":0,"parent":0,"menu_order":0,"comment_status":"closed","ping_status":"closed","template":"","meta":{"footnotes":""},"categories":[],"tags":[],"class_list":["post-203","page","type-page","status-publish","hentry"],"acf":[],"_links":{"self":[{"href":"https:\/\/www.ufsm.br\/cursos\/pos-graduacao\/palmeira-das-missoes\/ppgsr\/wp-json\/wp\/v2\/pages\/203","targetHints":{"allow":["GET"]}}],"collection":[{"href":"https:\/\/www.ufsm.br\/cursos\/pos-graduacao\/palmeira-das-missoes\/ppgsr\/wp-json\/wp\/v2\/pages"}],"about":[{"href":"https:\/\/www.ufsm.br\/cursos\/pos-graduacao\/palmeira-das-missoes\/ppgsr\/wp-json\/wp\/v2\/types\/page"}],"author":[{"embeddable":true,"href":"https:\/\/www.ufsm.br\/cursos\/pos-graduacao\/palmeira-das-missoes\/ppgsr\/wp-json\/wp\/v2\/users\/3862"}],"replies":[{"embeddable":true,"href":"https:\/\/www.ufsm.br\/cursos\/pos-graduacao\/palmeira-das-missoes\/ppgsr\/wp-json\/wp\/v2\/comments?post=203"}],"version-history":[{"count":0,"href":"https:\/\/www.ufsm.br\/cursos\/pos-graduacao\/palmeira-das-missoes\/ppgsr\/wp-json\/wp\/v2\/pages\/203\/revisions"}],"wp:attachment":[{"href":"https:\/\/www.ufsm.br\/cursos\/pos-graduacao\/palmeira-das-missoes\/ppgsr\/wp-json\/wp\/v2\/media?parent=203"}],"wp:term":[{"taxonomy":"category","embeddable":true,"href":"https:\/\/www.ufsm.br\/cursos\/pos-graduacao\/palmeira-das-missoes\/ppgsr\/wp-json\/wp\/v2\/categories?post=203"},{"taxonomy":"post_tag","embeddable":true,"href":"https:\/\/www.ufsm.br\/cursos\/pos-graduacao\/palmeira-das-missoes\/ppgsr\/wp-json\/wp\/v2\/tags?post=203"}],"curies":[{"name":"wp","href":"https:\/\/api.w.org\/{rel}","templated":true}]}}