{"id":933,"date":"2025-02-21T10:38:22","date_gmt":"2025-02-21T13:38:22","guid":{"rendered":"https:\/\/www.ufsm.br\/cursos\/pos-graduacao\/palmeira-das-missoes\/ppgsr\/?page_id=933"},"modified":"2025-02-21T10:57:20","modified_gmt":"2025-02-21T13:57:20","slug":"ii-seminario-internacional-em-saude-e-ruralidade","status":"publish","type":"page","link":"https:\/\/www.ufsm.br\/cursos\/pos-graduacao\/palmeira-das-missoes\/ppgsr\/ii-seminario-internacional-em-saude-e-ruralidade","title":{"rendered":"II Semin\u00e1rio Internacional em Sa\u00fade e Ruralidade"},"content":{"rendered":"\n<p>Nos dias 17, 18 e 19 de setembro de 2024, com o tema \u201cAten\u00e7\u00e3o \u00e0 Sa\u00fade da Popula\u00e7\u00e3o Adulta e Idosa\u201d e &#8220;Tecnologias, educa\u00e7\u00e3o e sa\u00fade nos ciclos da vida&#8221; foi realizado o II Semin\u00e1rio Internacional de Pesquisa em Sa\u00fade e Ruralidade promovido pelo Programa de P\u00f3s-gradua\u00e7\u00e3o em Sa\u00fade e Ruralidade com apoio do GECEDH, UFSM-PM, CAPES e PET-ENFERMAGEM.<\/p>\n\n\n\n<p>Confira algumas fotos deste&nbsp;grande&nbsp;evento:<\/p>\n\n\n\n<figure class=\"wp-block-gallery has-nested-images columns-default is-cropped wp-block-gallery-1 is-layout-flex wp-block-gallery-is-layout-flex\">\n<figure class=\"wp-block-image size-large\"><img fetchpriority=\"high\" decoding=\"async\" width=\"1024\" height=\"768\" data-id=\"850\" src=\"https:\/\/www.ufsm.br\/app\/uploads\/sites\/861\/2024\/10\/IMG_2748-1-1024x768.jpg\" alt=\"\" class=\"wp-image-850\" srcset=\"https:\/\/www.ufsm.br\/app\/uploads\/sites\/861\/2024\/10\/IMG_2748-1-1024x768.jpg 1024w, https:\/\/www.ufsm.br\/app\/uploads\/sites\/861\/2024\/10\/IMG_2748-1-300x225.jpg 300w, https:\/\/www.ufsm.br\/app\/uploads\/sites\/861\/2024\/10\/IMG_2748-1-768x576.jpg 768w, https:\/\/www.ufsm.br\/app\/uploads\/sites\/861\/2024\/10\/IMG_2748-1-1536x1152.jpg 1536w, https:\/\/www.ufsm.br\/app\/uploads\/sites\/861\/2024\/10\/IMG_2748-1.jpg 1920w\" sizes=\"(max-width: 1024px) 100vw, 1024px\" \/><\/figure>\n\n\n\n<figure class=\"wp-block-image size-large\"><img decoding=\"async\" width=\"1024\" height=\"768\" data-id=\"854\" src=\"https:\/\/www.ufsm.br\/app\/uploads\/sites\/861\/2024\/10\/IMG_2839-1-1024x768.jpg\" alt=\"\" class=\"wp-image-854\" srcset=\"https:\/\/www.ufsm.br\/app\/uploads\/sites\/861\/2024\/10\/IMG_2839-1-1024x768.jpg 1024w, https:\/\/www.ufsm.br\/app\/uploads\/sites\/861\/2024\/10\/IMG_2839-1-300x225.jpg 300w, https:\/\/www.ufsm.br\/app\/uploads\/sites\/861\/2024\/10\/IMG_2839-1-768x576.jpg 768w, https:\/\/www.ufsm.br\/app\/uploads\/sites\/861\/2024\/10\/IMG_2839-1-1536x1152.jpg 1536w, https:\/\/www.ufsm.br\/app\/uploads\/sites\/861\/2024\/10\/IMG_2839-1.jpg 1920w\" sizes=\"(max-width: 1024px) 100vw, 1024px\" \/><\/figure>\n\n\n\n<figure class=\"wp-block-image size-large\"><img decoding=\"async\" width=\"768\" height=\"1024\" data-id=\"834\" src=\"https:\/\/www.ufsm.br\/app\/uploads\/sites\/861\/2024\/10\/IMG_2798-768x1024.jpg\" alt=\"\" class=\"wp-image-834\" srcset=\"https:\/\/www.ufsm.br\/app\/uploads\/sites\/861\/2024\/10\/IMG_2798-768x1024.jpg 768w, https:\/\/www.ufsm.br\/app\/uploads\/sites\/861\/2024\/10\/IMG_2798-225x300.jpg 225w, https:\/\/www.ufsm.br\/app\/uploads\/sites\/861\/2024\/10\/IMG_2798-1152x1536.jpg 1152w, https:\/\/www.ufsm.br\/app\/uploads\/sites\/861\/2024\/10\/IMG_2798-1536x2048.jpg 1536w, https:\/\/www.ufsm.br\/app\/uploads\/sites\/861\/2024\/10\/IMG_2798.jpg 1920w\" sizes=\"(max-width: 768px) 100vw, 768px\" \/><\/figure>\n\n\n\n<figure class=\"wp-block-image size-large\"><img loading=\"lazy\" decoding=\"async\" width=\"1024\" height=\"768\" data-id=\"833\" src=\"https:\/\/www.ufsm.br\/app\/uploads\/sites\/861\/2024\/10\/IMG_2839-1024x768.jpg\" alt=\"\" class=\"wp-image-833\" srcset=\"https:\/\/www.ufsm.br\/app\/uploads\/sites\/861\/2024\/10\/IMG_2839-1024x768.jpg 1024w, https:\/\/www.ufsm.br\/app\/uploads\/sites\/861\/2024\/10\/IMG_2839-300x225.jpg 300w, https:\/\/www.ufsm.br\/app\/uploads\/sites\/861\/2024\/10\/IMG_2839-768x576.jpg 768w, https:\/\/www.ufsm.br\/app\/uploads\/sites\/861\/2024\/10\/IMG_2839-1536x1152.jpg 1536w, https:\/\/www.ufsm.br\/app\/uploads\/sites\/861\/2024\/10\/IMG_2839.jpg 1920w\" sizes=\"(max-width: 1024px) 100vw, 1024px\" \/><\/figure>\n\n\n\n<figure class=\"wp-block-image size-large\"><img loading=\"lazy\" decoding=\"async\" width=\"1024\" height=\"768\" data-id=\"832\" src=\"https:\/\/www.ufsm.br\/app\/uploads\/sites\/861\/2024\/10\/IMG_2739-1024x768.jpg\" alt=\"\" class=\"wp-image-832\" srcset=\"https:\/\/www.ufsm.br\/app\/uploads\/sites\/861\/2024\/10\/IMG_2739-1024x768.jpg 1024w, https:\/\/www.ufsm.br\/app\/uploads\/sites\/861\/2024\/10\/IMG_2739-300x225.jpg 300w, https:\/\/www.ufsm.br\/app\/uploads\/sites\/861\/2024\/10\/IMG_2739-768x576.jpg 768w, https:\/\/www.ufsm.br\/app\/uploads\/sites\/861\/2024\/10\/IMG_2739-1536x1152.jpg 1536w, https:\/\/www.ufsm.br\/app\/uploads\/sites\/861\/2024\/10\/IMG_2739.jpg 1920w\" sizes=\"(max-width: 1024px) 100vw, 1024px\" \/><\/figure>\n\n\n\n<figure class=\"wp-block-image size-large\"><img loading=\"lazy\" decoding=\"async\" width=\"1024\" height=\"768\" data-id=\"831\" src=\"https:\/\/www.ufsm.br\/app\/uploads\/sites\/861\/2024\/10\/IMG_2687-1024x768.jpg\" alt=\"\" class=\"wp-image-831\" srcset=\"https:\/\/www.ufsm.br\/app\/uploads\/sites\/861\/2024\/10\/IMG_2687-1024x768.jpg 1024w, https:\/\/www.ufsm.br\/app\/uploads\/sites\/861\/2024\/10\/IMG_2687-300x225.jpg 300w, https:\/\/www.ufsm.br\/app\/uploads\/sites\/861\/2024\/10\/IMG_2687-768x576.jpg 768w, https:\/\/www.ufsm.br\/app\/uploads\/sites\/861\/2024\/10\/IMG_2687-1536x1152.jpg 1536w, https:\/\/www.ufsm.br\/app\/uploads\/sites\/861\/2024\/10\/IMG_2687.jpg 1920w\" sizes=\"(max-width: 1024px) 100vw, 1024px\" \/><\/figure>\n\n\n\n<figure class=\"wp-block-image size-large\"><img loading=\"lazy\" decoding=\"async\" width=\"1024\" height=\"768\" data-id=\"830\" src=\"https:\/\/www.ufsm.br\/app\/uploads\/sites\/861\/2024\/10\/IMG_2774-1024x768.jpg\" alt=\"\" class=\"wp-image-830\" srcset=\"https:\/\/www.ufsm.br\/app\/uploads\/sites\/861\/2024\/10\/IMG_2774-1024x768.jpg 1024w, https:\/\/www.ufsm.br\/app\/uploads\/sites\/861\/2024\/10\/IMG_2774-300x225.jpg 300w, https:\/\/www.ufsm.br\/app\/uploads\/sites\/861\/2024\/10\/IMG_2774-768x576.jpg 768w, https:\/\/www.ufsm.br\/app\/uploads\/sites\/861\/2024\/10\/IMG_2774-1536x1152.jpg 1536w, https:\/\/www.ufsm.br\/app\/uploads\/sites\/861\/2024\/10\/IMG_2774.jpg 1920w\" sizes=\"(max-width: 1024px) 100vw, 1024px\" \/><\/figure>\n\n\n\n<figure class=\"wp-block-image size-large\"><img loading=\"lazy\" decoding=\"async\" width=\"1024\" height=\"768\" data-id=\"820\" src=\"https:\/\/www.ufsm.br\/app\/uploads\/sites\/861\/2024\/10\/Imagem-do-WhatsApp-de-2024-10-18-as-10.54.58_0c5174ad-1024x768.jpg\" alt=\"\" class=\"wp-image-820\" srcset=\"https:\/\/www.ufsm.br\/app\/uploads\/sites\/861\/2024\/10\/Imagem-do-WhatsApp-de-2024-10-18-as-10.54.58_0c5174ad-1024x768.jpg 1024w, https:\/\/www.ufsm.br\/app\/uploads\/sites\/861\/2024\/10\/Imagem-do-WhatsApp-de-2024-10-18-as-10.54.58_0c5174ad-300x225.jpg 300w, https:\/\/www.ufsm.br\/app\/uploads\/sites\/861\/2024\/10\/Imagem-do-WhatsApp-de-2024-10-18-as-10.54.58_0c5174ad-768x576.jpg 768w, https:\/\/www.ufsm.br\/app\/uploads\/sites\/861\/2024\/10\/Imagem-do-WhatsApp-de-2024-10-18-as-10.54.58_0c5174ad-1536x1152.jpg 1536w, https:\/\/www.ufsm.br\/app\/uploads\/sites\/861\/2024\/10\/Imagem-do-WhatsApp-de-2024-10-18-as-10.54.58_0c5174ad.jpg 1600w\" sizes=\"(max-width: 1024px) 100vw, 1024px\" \/><\/figure>\n\n\n\n<figure class=\"wp-block-image size-large\"><img loading=\"lazy\" decoding=\"async\" width=\"1024\" height=\"768\" data-id=\"822\" src=\"https:\/\/www.ufsm.br\/app\/uploads\/sites\/861\/2024\/10\/IMG_2844-1024x768.jpg\" alt=\"\" class=\"wp-image-822\" srcset=\"https:\/\/www.ufsm.br\/app\/uploads\/sites\/861\/2024\/10\/IMG_2844-1024x768.jpg 1024w, https:\/\/www.ufsm.br\/app\/uploads\/sites\/861\/2024\/10\/IMG_2844-300x225.jpg 300w, https:\/\/www.ufsm.br\/app\/uploads\/sites\/861\/2024\/10\/IMG_2844-768x576.jpg 768w, https:\/\/www.ufsm.br\/app\/uploads\/sites\/861\/2024\/10\/IMG_2844-1536x1152.jpg 1536w, https:\/\/www.ufsm.br\/app\/uploads\/sites\/861\/2024\/10\/IMG_2844.jpg 1920w\" sizes=\"(max-width: 1024px) 100vw, 1024px\" \/><\/figure>\n\n\n\n<figure class=\"wp-block-image size-large\"><img loading=\"lazy\" decoding=\"async\" width=\"1024\" height=\"768\" data-id=\"823\" src=\"https:\/\/www.ufsm.br\/app\/uploads\/sites\/861\/2024\/10\/IMG_2853-1024x768.jpg\" alt=\"\" class=\"wp-image-823\" srcset=\"https:\/\/www.ufsm.br\/app\/uploads\/sites\/861\/2024\/10\/IMG_2853-1024x768.jpg 1024w, https:\/\/www.ufsm.br\/app\/uploads\/sites\/861\/2024\/10\/IMG_2853-300x225.jpg 300w, https:\/\/www.ufsm.br\/app\/uploads\/sites\/861\/2024\/10\/IMG_2853-768x576.jpg 768w, https:\/\/www.ufsm.br\/app\/uploads\/sites\/861\/2024\/10\/IMG_2853-1536x1152.jpg 1536w, https:\/\/www.ufsm.br\/app\/uploads\/sites\/861\/2024\/10\/IMG_2853.jpg 1920w\" sizes=\"(max-width: 1024px) 100vw, 1024px\" \/><\/figure>\n\n\n\n<figure class=\"wp-block-image size-large\"><img loading=\"lazy\" decoding=\"async\" width=\"1024\" height=\"768\" data-id=\"824\" src=\"https:\/\/www.ufsm.br\/app\/uploads\/sites\/861\/2024\/10\/IMG_2618-1024x768.jpg\" alt=\"\" class=\"wp-image-824\" srcset=\"https:\/\/www.ufsm.br\/app\/uploads\/sites\/861\/2024\/10\/IMG_2618-1024x768.jpg 1024w, https:\/\/www.ufsm.br\/app\/uploads\/sites\/861\/2024\/10\/IMG_2618-300x225.jpg 300w, https:\/\/www.ufsm.br\/app\/uploads\/sites\/861\/2024\/10\/IMG_2618-768x576.jpg 768w, https:\/\/www.ufsm.br\/app\/uploads\/sites\/861\/2024\/10\/IMG_2618-1536x1152.jpg 1536w, https:\/\/www.ufsm.br\/app\/uploads\/sites\/861\/2024\/10\/IMG_2618.jpg 1920w\" sizes=\"(max-width: 1024px) 100vw, 1024px\" \/><\/figure>\n\n\n\n<figure class=\"wp-block-image size-large\"><img loading=\"lazy\" decoding=\"async\" width=\"1024\" height=\"768\" data-id=\"825\" src=\"https:\/\/www.ufsm.br\/app\/uploads\/sites\/861\/2024\/10\/IMG_2883-1024x768.jpg\" alt=\"\" class=\"wp-image-825\" srcset=\"https:\/\/www.ufsm.br\/app\/uploads\/sites\/861\/2024\/10\/IMG_2883-1024x768.jpg 1024w, https:\/\/www.ufsm.br\/app\/uploads\/sites\/861\/2024\/10\/IMG_2883-300x225.jpg 300w, https:\/\/www.ufsm.br\/app\/uploads\/sites\/861\/2024\/10\/IMG_2883-768x576.jpg 768w, https:\/\/www.ufsm.br\/app\/uploads\/sites\/861\/2024\/10\/IMG_2883-1536x1152.jpg 1536w, https:\/\/www.ufsm.br\/app\/uploads\/sites\/861\/2024\/10\/IMG_2883.jpg 1920w\" sizes=\"(max-width: 1024px) 100vw, 1024px\" \/><\/figure>\n\n\n\n<figure class=\"wp-block-image size-large\"><img loading=\"lazy\" decoding=\"async\" width=\"1024\" height=\"768\" data-id=\"827\" src=\"https:\/\/www.ufsm.br\/app\/uploads\/sites\/861\/2024\/10\/IMG_2729-1024x768.jpg\" alt=\"\" class=\"wp-image-827\" srcset=\"https:\/\/www.ufsm.br\/app\/uploads\/sites\/861\/2024\/10\/IMG_2729-1024x768.jpg 1024w, https:\/\/www.ufsm.br\/app\/uploads\/sites\/861\/2024\/10\/IMG_2729-300x225.jpg 300w, https:\/\/www.ufsm.br\/app\/uploads\/sites\/861\/2024\/10\/IMG_2729-768x576.jpg 768w, https:\/\/www.ufsm.br\/app\/uploads\/sites\/861\/2024\/10\/IMG_2729-1536x1152.jpg 1536w, https:\/\/www.ufsm.br\/app\/uploads\/sites\/861\/2024\/10\/IMG_2729.jpg 1920w\" sizes=\"(max-width: 1024px) 100vw, 1024px\" \/><\/figure>\n\n\n\n<figure class=\"wp-block-image size-large\"><img loading=\"lazy\" decoding=\"async\" width=\"1024\" height=\"768\" data-id=\"829\" src=\"https:\/\/www.ufsm.br\/app\/uploads\/sites\/861\/2024\/10\/IMG_2795-1024x768.jpg\" alt=\"\" class=\"wp-image-829\" srcset=\"https:\/\/www.ufsm.br\/app\/uploads\/sites\/861\/2024\/10\/IMG_2795-1024x768.jpg 1024w, https:\/\/www.ufsm.br\/app\/uploads\/sites\/861\/2024\/10\/IMG_2795-300x225.jpg 300w, https:\/\/www.ufsm.br\/app\/uploads\/sites\/861\/2024\/10\/IMG_2795-768x576.jpg 768w, https:\/\/www.ufsm.br\/app\/uploads\/sites\/861\/2024\/10\/IMG_2795-1536x1152.jpg 1536w, https:\/\/www.ufsm.br\/app\/uploads\/sites\/861\/2024\/10\/IMG_2795.jpg 1920w\" sizes=\"(max-width: 1024px) 100vw, 1024px\" \/><\/figure>\n\n\n\n<figure class=\"wp-block-image size-large\"><img loading=\"lazy\" decoding=\"async\" width=\"768\" height=\"1024\" data-id=\"818\" src=\"https:\/\/www.ufsm.br\/app\/uploads\/sites\/861\/2024\/10\/Imagem-do-WhatsApp-de-2024-10-18-as-10.54.58_461be1fa-768x1024.jpg\" alt=\"\" class=\"wp-image-818\" srcset=\"https:\/\/www.ufsm.br\/app\/uploads\/sites\/861\/2024\/10\/Imagem-do-WhatsApp-de-2024-10-18-as-10.54.58_461be1fa-768x1024.jpg 768w, https:\/\/www.ufsm.br\/app\/uploads\/sites\/861\/2024\/10\/Imagem-do-WhatsApp-de-2024-10-18-as-10.54.58_461be1fa-225x300.jpg 225w, https:\/\/www.ufsm.br\/app\/uploads\/sites\/861\/2024\/10\/Imagem-do-WhatsApp-de-2024-10-18-as-10.54.58_461be1fa-1152x1536.jpg 1152w, https:\/\/www.ufsm.br\/app\/uploads\/sites\/861\/2024\/10\/Imagem-do-WhatsApp-de-2024-10-18-as-10.54.58_461be1fa.jpg 1200w\" sizes=\"(max-width: 768px) 100vw, 768px\" \/><\/figure>\n\n\n\n<figure class=\"wp-block-image size-large\"><img loading=\"lazy\" decoding=\"async\" width=\"768\" height=\"1024\" data-id=\"816\" src=\"https:\/\/www.ufsm.br\/app\/uploads\/sites\/861\/2024\/10\/Imagem-do-WhatsApp-de-2024-10-18-as-10.55.00_eb0fa442-768x1024.jpg\" alt=\"\" class=\"wp-image-816\" srcset=\"https:\/\/www.ufsm.br\/app\/uploads\/sites\/861\/2024\/10\/Imagem-do-WhatsApp-de-2024-10-18-as-10.55.00_eb0fa442-768x1024.jpg 768w, https:\/\/www.ufsm.br\/app\/uploads\/sites\/861\/2024\/10\/Imagem-do-WhatsApp-de-2024-10-18-as-10.55.00_eb0fa442-225x300.jpg 225w, https:\/\/www.ufsm.br\/app\/uploads\/sites\/861\/2024\/10\/Imagem-do-WhatsApp-de-2024-10-18-as-10.55.00_eb0fa442-1152x1536.jpg 1152w, https:\/\/www.ufsm.br\/app\/uploads\/sites\/861\/2024\/10\/Imagem-do-WhatsApp-de-2024-10-18-as-10.55.00_eb0fa442.jpg 1200w\" sizes=\"(max-width: 768px) 100vw, 768px\" \/><\/figure>\n\n\n\n<figure class=\"wp-block-image size-large\"><img loading=\"lazy\" decoding=\"async\" width=\"1024\" height=\"768\" data-id=\"815\" src=\"https:\/\/www.ufsm.br\/app\/uploads\/sites\/861\/2024\/10\/Imagem-do-WhatsApp-de-2024-10-18-as-10.54.57_64a7c601-1024x768.jpg\" alt=\"\" class=\"wp-image-815\" srcset=\"https:\/\/www.ufsm.br\/app\/uploads\/sites\/861\/2024\/10\/Imagem-do-WhatsApp-de-2024-10-18-as-10.54.57_64a7c601-1024x768.jpg 1024w, https:\/\/www.ufsm.br\/app\/uploads\/sites\/861\/2024\/10\/Imagem-do-WhatsApp-de-2024-10-18-as-10.54.57_64a7c601-300x225.jpg 300w, https:\/\/www.ufsm.br\/app\/uploads\/sites\/861\/2024\/10\/Imagem-do-WhatsApp-de-2024-10-18-as-10.54.57_64a7c601-768x576.jpg 768w, https:\/\/www.ufsm.br\/app\/uploads\/sites\/861\/2024\/10\/Imagem-do-WhatsApp-de-2024-10-18-as-10.54.57_64a7c601-1536x1152.jpg 1536w, https:\/\/www.ufsm.br\/app\/uploads\/sites\/861\/2024\/10\/Imagem-do-WhatsApp-de-2024-10-18-as-10.54.57_64a7c601.jpg 1600w\" sizes=\"(max-width: 1024px) 100vw, 1024px\" \/><\/figure>\n\n\n\n<figure class=\"wp-block-image size-large\"><img loading=\"lazy\" decoding=\"async\" width=\"768\" height=\"1024\" data-id=\"814\" src=\"https:\/\/www.ufsm.br\/app\/uploads\/sites\/861\/2024\/10\/Imagem-do-WhatsApp-de-2024-10-18-as-10.54.59_1bcc55ee-768x1024.jpg\" alt=\"\" class=\"wp-image-814\" srcset=\"https:\/\/www.ufsm.br\/app\/uploads\/sites\/861\/2024\/10\/Imagem-do-WhatsApp-de-2024-10-18-as-10.54.59_1bcc55ee-768x1024.jpg 768w, https:\/\/www.ufsm.br\/app\/uploads\/sites\/861\/2024\/10\/Imagem-do-WhatsApp-de-2024-10-18-as-10.54.59_1bcc55ee-225x300.jpg 225w, https:\/\/www.ufsm.br\/app\/uploads\/sites\/861\/2024\/10\/Imagem-do-WhatsApp-de-2024-10-18-as-10.54.59_1bcc55ee-1152x1536.jpg 1152w, https:\/\/www.ufsm.br\/app\/uploads\/sites\/861\/2024\/10\/Imagem-do-WhatsApp-de-2024-10-18-as-10.54.59_1bcc55ee.jpg 1200w\" sizes=\"(max-width: 768px) 100vw, 768px\" \/><\/figure>\n\n\n\n<figure class=\"wp-block-image size-large\"><img loading=\"lazy\" decoding=\"async\" width=\"768\" height=\"1024\" data-id=\"813\" src=\"https:\/\/www.ufsm.br\/app\/uploads\/sites\/861\/2024\/10\/Imagem-do-WhatsApp-de-2024-10-18-as-10.54.57_90afac86-768x1024.jpg\" alt=\"\" class=\"wp-image-813\" srcset=\"https:\/\/www.ufsm.br\/app\/uploads\/sites\/861\/2024\/10\/Imagem-do-WhatsApp-de-2024-10-18-as-10.54.57_90afac86-768x1024.jpg 768w, https:\/\/www.ufsm.br\/app\/uploads\/sites\/861\/2024\/10\/Imagem-do-WhatsApp-de-2024-10-18-as-10.54.57_90afac86-225x300.jpg 225w, https:\/\/www.ufsm.br\/app\/uploads\/sites\/861\/2024\/10\/Imagem-do-WhatsApp-de-2024-10-18-as-10.54.57_90afac86-1152x1536.jpg 1152w, https:\/\/www.ufsm.br\/app\/uploads\/sites\/861\/2024\/10\/Imagem-do-WhatsApp-de-2024-10-18-as-10.54.57_90afac86.jpg 1200w\" sizes=\"(max-width: 768px) 100vw, 768px\" \/><\/figure>\n<\/figure>\n","protected":false},"excerpt":{"rendered":"<p>Nos dias 17, 18 e 19 de setembro de 2024, com o tema \u201cAten\u00e7\u00e3o \u00e0 Sa\u00fade da Popula\u00e7\u00e3o Adulta e Idosa\u201d e &#8220;Tecnologias, educa\u00e7\u00e3o e sa\u00fade nos ciclos da vida&#8221; foi realizado o II Semin\u00e1rio Internacional de Pesquisa em Sa\u00fade e Ruralidade promovido pelo Programa de P\u00f3s-gradua\u00e7\u00e3o em Sa\u00fade e Ruralidade com apoio do GECEDH, [&hellip;]<\/p>\n","protected":false},"author":6190,"featured_media":0,"parent":0,"menu_order":0,"comment_status":"closed","ping_status":"closed","template":"","meta":{"footnotes":""},"categories":[],"tags":[],"class_list":["post-933","page","type-page","status-publish","hentry"],"acf":[],"_links":{"self":[{"href":"https:\/\/www.ufsm.br\/cursos\/pos-graduacao\/palmeira-das-missoes\/ppgsr\/wp-json\/wp\/v2\/pages\/933","targetHints":{"allow":["GET"]}}],"collection":[{"href":"https:\/\/www.ufsm.br\/cursos\/pos-graduacao\/palmeira-das-missoes\/ppgsr\/wp-json\/wp\/v2\/pages"}],"about":[{"href":"https:\/\/www.ufsm.br\/cursos\/pos-graduacao\/palmeira-das-missoes\/ppgsr\/wp-json\/wp\/v2\/types\/page"}],"author":[{"embeddable":true,"href":"https:\/\/www.ufsm.br\/cursos\/pos-graduacao\/palmeira-das-missoes\/ppgsr\/wp-json\/wp\/v2\/users\/6190"}],"replies":[{"embeddable":true,"href":"https:\/\/www.ufsm.br\/cursos\/pos-graduacao\/palmeira-das-missoes\/ppgsr\/wp-json\/wp\/v2\/comments?post=933"}],"version-history":[{"count":0,"href":"https:\/\/www.ufsm.br\/cursos\/pos-graduacao\/palmeira-das-missoes\/ppgsr\/wp-json\/wp\/v2\/pages\/933\/revisions"}],"wp:attachment":[{"href":"https:\/\/www.ufsm.br\/cursos\/pos-graduacao\/palmeira-das-missoes\/ppgsr\/wp-json\/wp\/v2\/media?parent=933"}],"wp:term":[{"taxonomy":"category","embeddable":true,"href":"https:\/\/www.ufsm.br\/cursos\/pos-graduacao\/palmeira-das-missoes\/ppgsr\/wp-json\/wp\/v2\/categories?post=933"},{"taxonomy":"post_tag","embeddable":true,"href":"https:\/\/www.ufsm.br\/cursos\/pos-graduacao\/palmeira-das-missoes\/ppgsr\/wp-json\/wp\/v2\/tags?post=933"}],"curies":[{"name":"wp","href":"https:\/\/api.w.org\/{rel}","templated":true}]}}