{"id":168,"date":"2019-04-24T17:45:32","date_gmt":"2019-04-24T20:45:32","guid":{"rendered":"https:\/\/www.ufsm.br\/cursos\/pos-graduacao\/santa-maria\/espedambiental\/?page_id=168"},"modified":"2019-04-24T17:45:33","modified_gmt":"2019-04-24T20:45:33","slug":"prof-dr-geder-paulo-herrmann","status":"publish","type":"page","link":"https:\/\/www.ufsm.br\/cursos\/pos-graduacao\/santa-maria\/espedambiental\/prof-dr-geder-paulo-herrmann","title":{"rendered":"Prof. Dr. Geder Paulo Herrmann"},"content":{"rendered":"\n<p><span style=\"color: #000000;font-family: Tahoma, Geneva, sans-serif;text-align: justify;text-indent: 20px\">Possuo gradua\u00e7\u00e3o em Medicina Veterin\u00e1ria pela Universidade Federal de Santa Maria (1990), mestrado em Microbiologia Veterin\u00e1ria pela Universidade Federal Rural do Rio de Janeiro (1992) e doutorado em Ci\u00eancia Animal pela Universidade Federal de Minas Gerais (2002). Atualmente sou professor associado da Universidade Federal de Santa Maria. Tenho experi\u00eancia na \u00e1rea de Medicina Veterin\u00e1ria, com \u00eanfase em Sa\u00fade Animal (Programas Sanit\u00e1rios), atuando principalmente nos seguintes temas: tuberculose bovina, leptospiras, diagn\u00f3stico, brucelose e bovinos.<\/span><\/p>\n","protected":false},"excerpt":{"rendered":"<p>Possuo gradua\u00e7\u00e3o em Medicina Veterin\u00e1ria pela Universidade Federal de Santa Maria (1990), mestrado em Microbiologia Veterin\u00e1ria pela Universidade Federal Rural do Rio de Janeiro (1992) e doutorado em Ci\u00eancia Animal pela Universidade Federal de Minas Gerais (2002). Atualmente sou professor associado da Universidade Federal de Santa Maria. Tenho experi\u00eancia na \u00e1rea de Medicina Veterin\u00e1ria, com [&hellip;]<\/p>\n","protected":false},"author":772,"featured_media":0,"parent":0,"menu_order":0,"comment_status":"closed","ping_status":"closed","template":"","meta":{"footnotes":""},"categories":[],"tags":[],"class_list":["post-168","page","type-page","status-publish","hentry"],"acf":[],"_links":{"self":[{"href":"https:\/\/www.ufsm.br\/cursos\/pos-graduacao\/santa-maria\/espedambiental\/wp-json\/wp\/v2\/pages\/168","targetHints":{"allow":["GET"]}}],"collection":[{"href":"https:\/\/www.ufsm.br\/cursos\/pos-graduacao\/santa-maria\/espedambiental\/wp-json\/wp\/v2\/pages"}],"about":[{"href":"https:\/\/www.ufsm.br\/cursos\/pos-graduacao\/santa-maria\/espedambiental\/wp-json\/wp\/v2\/types\/page"}],"author":[{"embeddable":true,"href":"https:\/\/www.ufsm.br\/cursos\/pos-graduacao\/santa-maria\/espedambiental\/wp-json\/wp\/v2\/users\/772"}],"replies":[{"embeddable":true,"href":"https:\/\/www.ufsm.br\/cursos\/pos-graduacao\/santa-maria\/espedambiental\/wp-json\/wp\/v2\/comments?post=168"}],"version-history":[{"count":0,"href":"https:\/\/www.ufsm.br\/cursos\/pos-graduacao\/santa-maria\/espedambiental\/wp-json\/wp\/v2\/pages\/168\/revisions"}],"wp:attachment":[{"href":"https:\/\/www.ufsm.br\/cursos\/pos-graduacao\/santa-maria\/espedambiental\/wp-json\/wp\/v2\/media?parent=168"}],"wp:term":[{"taxonomy":"category","embeddable":true,"href":"https:\/\/www.ufsm.br\/cursos\/pos-graduacao\/santa-maria\/espedambiental\/wp-json\/wp\/v2\/categories?post=168"},{"taxonomy":"post_tag","embeddable":true,"href":"https:\/\/www.ufsm.br\/cursos\/pos-graduacao\/santa-maria\/espedambiental\/wp-json\/wp\/v2\/tags?post=168"}],"curies":[{"name":"wp","href":"https:\/\/api.w.org\/{rel}","templated":true}]}}