{"id":180,"date":"2019-04-24T18:03:15","date_gmt":"2019-04-24T21:03:15","guid":{"rendered":"https:\/\/www.ufsm.br\/cursos\/pos-graduacao\/santa-maria\/espedambiental\/?page_id=180"},"modified":"2019-04-24T18:03:16","modified_gmt":"2019-04-24T21:03:16","slug":"livros","status":"publish","type":"page","link":"https:\/\/www.ufsm.br\/cursos\/pos-graduacao\/santa-maria\/espedambiental\/livros","title":{"rendered":"Livros"},"content":{"rendered":"\n<div class=\"item-page\">\n<table border=\"0\" cellspacing=\"0\" cellpadding=\"0\"><colgroup><col width=\"25\" \/><col width=\"613\" \/><col width=\"279\" \/><col width=\"99\" \/><col width=\"50\" \/><col width=\"62\" \/><\/colgroup>\n<tbody>\n<tr>\n<td class=\"xl65\" width=\"25\" height=\"23\">N<\/td>\n<td class=\"xl66\" width=\"613\">T\u00edtulo<\/td>\n<td class=\"xl66\" width=\"279\">Autor<\/td>\n<td class=\"xl68\" width=\"99\">N. Exemplares<\/td>\n<td class=\"xl66\" width=\"50\">Ano<\/td>\n<td class=\"xl66\" width=\"62\">P\u00e1ginas<\/td>\n<\/tr>\n<tr>\n<td class=\"xl65\" height=\"20\">1<\/td>\n<td class=\"xl65\">Ambiente &amp; Educa\u00e7\u00e3o Volume 2<\/td>\n<td class=\"xl65\">Revista de Educa\u00e7\u00e3o Ambiental<\/td>\n<td class=\"xl65\">1<\/td>\n<td class=\"xl65\">1997<\/td>\n<td class=\"xl65\">170<\/td>\n<\/tr>\n<tr>\n<td class=\"xl65\" height=\"20\">2<\/td>\n<td class=\"xl65\">Ambiente &amp; Educa\u00e7\u00e3o Volume 3<\/td>\n<td class=\"xl65\">Revista de Educa\u00e7\u00e3o Ambiental<\/td>\n<td class=\"xl65\">1<\/td>\n<td class=\"xl65\">1998<\/td>\n<td class=\"xl65\">93<\/td>\n<\/tr>\n<tr>\n<td class=\"xl65\" height=\"20\">3<\/td>\n<td class=\"xl65\">Ambiente &amp; Educa\u00e7\u00e3o Volume 4<\/td>\n<td class=\"xl65\">Revista de Educa\u00e7\u00e3o Ambiental<\/td>\n<td class=\"xl65\">1<\/td>\n<td class=\"xl65\">1999<\/td>\n<td class=\"xl65\">98<\/td>\n<\/tr>\n<tr>\n<td class=\"xl65\" height=\"20\">4<\/td>\n<td class=\"xl67\">Diversidade na Educa\u00e7\u00e3o Ambiental<\/td>\n<td class=\"xl67\">URI<\/td>\n<td class=\"xl67\">1<\/td>\n<td class=\"xl67\">2002<\/td>\n<td class=\"xl67\">506<\/td>\n<\/tr>\n<tr>\n<td class=\"xl65\" height=\"20\">5<\/td>\n<td class=\"xl67\">Res\u00edduos Perigosos no Direito Ambiental Internacional<\/td>\n<td class=\"xl67\">Jo\u00e3o Marcos Adede Y Castro<\/td>\n<td class=\"xl67\">1<\/td>\n<td class=\"xl67\">2003<\/td>\n<td class=\"xl67\">160<\/td>\n<\/tr>\n<tr>\n<td class=\"xl65\" height=\"20\">6<\/td>\n<td class=\"xl67\">Crimes Ambientas &#8211; Coment\u00e1rios \u00e0 Lei N\u00ba 9.605\/98<\/td>\n<td class=\"xl67\">Jo\u00e3o Marcos Adede Y Castro<\/td>\n<td class=\"xl67\">1<\/td>\n<td class=\"xl67\">2004<\/td>\n<td class=\"xl67\">347<\/td>\n<\/tr>\n<tr>\n<td class=\"xl65\" height=\"20\">7<\/td>\n<td class=\"xl67\">Psicologia e Ambiente Volume 16<\/td>\n<td class=\"xl67\">USP<\/td>\n<td class=\"xl67\">1<\/td>\n<td class=\"xl67\">2005<\/td>\n<td class=\"xl67\">310<\/td>\n<\/tr>\n<tr>\n<td class=\"xl65\" height=\"20\">8<\/td>\n<td class=\"xl67\">\u00a0Ambiente &amp; Educa\u00e7\u00e3o Volume 10<\/td>\n<td class=\"xl67\">Revista de Educa\u00e7\u00e3o Ambiental<\/td>\n<td class=\"xl67\">1<\/td>\n<td class=\"xl67\">2005<\/td>\n<td class=\"xl67\">334<\/td>\n<\/tr>\n<tr>\n<td class=\"xl65\" height=\"20\">9<\/td>\n<td class=\"xl67\">O Ambiente em Debate na UFSM: A Contribui\u00e7\u00e3o das Diversas \u00c1reas do Saber Humano<\/td>\n<td class=\"xl67\">UFSM<\/td>\n<td class=\"xl67\">1<\/td>\n<td class=\"xl67\">2006<\/td>\n<td class=\"xl67\">90<\/td>\n<\/tr>\n<tr>\n<td class=\"xl65\" height=\"20\">10<\/td>\n<td class=\"xl67\">Meio Ambiente e Educa\u00e7\u00e3o Ambiental na Educa\u00e7\u00e3o Infantil e no Ensino Fundamental<\/td>\n<td class=\"xl67\">Sandra Branco<\/td>\n<td class=\"xl67\">1<\/td>\n<td class=\"xl67\">2007<\/td>\n<td class=\"xl67\">60<\/td>\n<\/tr>\n<tr>\n<td class=\"xl65\" height=\"20\">11<\/td>\n<td class=\"xl65\">\u00a0Ambiente &amp; Educa\u00e7\u00e3o Volume 12<\/td>\n<td class=\"xl65\">Revista de Educa\u00e7\u00e3o Ambiental<\/td>\n<td class=\"xl65\">2<\/td>\n<td class=\"xl65\">2007<\/td>\n<td class=\"xl65\">176<\/td>\n<\/tr>\n<tr>\n<td class=\"xl65\" height=\"20\">12<\/td>\n<td class=\"xl67\">100 Animais Amea\u00e7ados de Extin\u00e7\u00e3o no Brasil<\/td>\n<td class=\"xl67\">S\u00e1vio Freire Bruno<\/td>\n<td class=\"xl67\">1<\/td>\n<td class=\"xl67\">2008<\/td>\n<td class=\"xl67\">114<\/td>\n<\/tr>\n<tr>\n<td class=\"xl65\" height=\"20\">13<\/td>\n<td class=\"xl67\">Plano Amaz\u00f4nia Sustent\u00e1vel<\/td>\n<td class=\"xl67\">Minist\u00e9rio do Meio Ambiente<\/td>\n<td class=\"xl67\">1<\/td>\n<td class=\"xl67\">2008<\/td>\n<td class=\"xl67\">112<\/td>\n<\/tr>\n<tr>\n<td class=\"xl65\" height=\"20\">14<\/td>\n<td class=\"xl67\">Delibera\u00e7\u00f5es da III CNMA<\/td>\n<td class=\"xl67\">Minist\u00e9rio do Meio Ambiente<\/td>\n<td class=\"xl67\">1<\/td>\n<td class=\"xl67\">2008<\/td>\n<td class=\"xl67\">200<\/td>\n<\/tr>\n<tr>\n<td class=\"xl65\" height=\"20\">15<\/td>\n<td class=\"xl67\">A Inven\u00e7\u00e3o Ecol\u00f3gica<\/td>\n<td class=\"xl67\">Isabel Cristina de moura Carvalho<\/td>\n<td class=\"xl67\">1<\/td>\n<td class=\"xl67\">2008<\/td>\n<td class=\"xl67\">230<\/td>\n<\/tr>\n<tr>\n<td class=\"xl65\" height=\"20\">16<\/td>\n<td class=\"xl67\">Ambiente &amp; Educa\u00e7\u00e3o Volume 13<\/td>\n<td class=\"xl67\">Revista de Educa\u00e7\u00e3o Ambiental<\/td>\n<td class=\"xl67\">2<\/td>\n<td class=\"xl67\">2008<\/td>\n<td class=\"xl67\">152<\/td>\n<\/tr>\n<tr>\n<td class=\"xl65\" height=\"20\">17<\/td>\n<td class=\"xl67\">Cat\u00e1logo de Publica\u00e7\u00f5es do Programa Piloto para Prote\u00e7\u00e3o das Florestas Tropicais do Brasil<\/td>\n<td class=\"xl67\">Minist\u00e9rio do Meio Ambiente<\/td>\n<td class=\"xl67\">1<\/td>\n<td class=\"xl67\">2009<\/td>\n<td class=\"xl67\">220<\/td>\n<\/tr>\n<tr>\n<td class=\"xl65\" height=\"20\">18<\/td>\n<td class=\"xl67\">Anais de Resumos &#8211; I Congresso Internaciona de Educa\u00e7\u00e3o Ambiental UAB\/UFSM<\/td>\n<td class=\"xl67\">UFSM<\/td>\n<td class=\"xl67\">1<\/td>\n<td class=\"xl67\">2009<\/td>\n<td class=\"xl67\">120<\/td>\n<\/tr>\n<tr>\n<td class=\"xl65\" height=\"20\">19<\/td>\n<td class=\"xl67\">Educa\u00e7\u00e3o para que Ambiente? &#8211; Desafios Te\u00f3ricos para a Educa\u00e7\u00e3o Ambiental na Amaz\u00f4nia<\/td>\n<td class=\"xl67\">Peter Weigel<\/td>\n<td class=\"xl67\">1<\/td>\n<td class=\"xl67\">2009<\/td>\n<td class=\"xl67\">204<\/td>\n<\/tr>\n<tr>\n<td class=\"xl65\" height=\"20\">20<\/td>\n<td class=\"xl65\">\u00a0Ambiente &amp; Educa\u00e7\u00e3o Volume 14(1)<\/td>\n<td class=\"xl65\">Revista de Educa\u00e7\u00e3o Ambiental<\/td>\n<td class=\"xl65\">3<\/td>\n<td class=\"xl65\">2009<\/td>\n<td class=\"xl65\">162<\/td>\n<\/tr>\n<tr>\n<td class=\"xl65\" height=\"20\">21<\/td>\n<td class=\"xl65\">\u00a0Ambiente &amp; Educa\u00e7\u00e3o Volume 14(2)<\/td>\n<td class=\"xl65\">Revista de Educa\u00e7\u00e3o Ambiental<\/td>\n<td class=\"xl65\">1<\/td>\n<td class=\"xl65\">2009<\/td>\n<td class=\"xl65\">212<\/td>\n<\/tr>\n<tr>\n<td class=\"xl65\" height=\"20\">22<\/td>\n<td class=\"xl67\">Projeto Pedag\u00f3gico do PPGEA<\/td>\n<td class=\"xl67\">FURG<\/td>\n<td class=\"xl67\">1<\/td>\n<td class=\"xl67\">2010<\/td>\n<td class=\"xl67\">76<\/td>\n<\/tr>\n<tr>\n<td class=\"xl65\" height=\"20\">23<\/td>\n<td class=\"xl67\">Lixo: Cen\u00e1rios e Desafios<\/td>\n<td class=\"xl67\">Maur\u00edcio Waldman<\/td>\n<td class=\"xl67\">1<\/td>\n<td class=\"xl67\">2010<\/td>\n<td class=\"xl67\">231<\/td>\n<\/tr>\n<tr>\n<td class=\"xl65\" height=\"20\">24<\/td>\n<td class=\"xl67\">Educa\u00e7\u00e3o Ambiental e Gest\u00e3o de Res\u00edduos<\/td>\n<td class=\"xl67\">Adalberto Mohai Szab\u00f3 J\u00fanior<\/td>\n<td class=\"xl67\">1<\/td>\n<td class=\"xl67\">2010<\/td>\n<td class=\"xl67\">118<\/td>\n<\/tr>\n<tr>\n<td class=\"xl65\" height=\"20\">25<\/td>\n<td class=\"xl67\">Ambiente &amp; Educa\u00e7\u00e3o Volume 15(2)<\/td>\n<td class=\"xl67\">Revista de Educa\u00e7\u00e3o Ambiental<\/td>\n<td class=\"xl67\">3<\/td>\n<td class=\"xl67\">2010<\/td>\n<td class=\"xl67\">285<\/td>\n<\/tr>\n<tr>\n<td class=\"xl65\" height=\"20\">26<\/td>\n<td class=\"xl67\">\u00a0Ambiente &amp; Educa\u00e7\u00e3o Volume 15(1)<\/td>\n<td class=\"xl67\">Revista de Educa\u00e7\u00e3o Ambiental<\/td>\n<td class=\"xl67\">3<\/td>\n<td class=\"xl67\">2010<\/td>\n<td class=\"xl67\">229<\/td>\n<\/tr>\n<tr>\n<td class=\"xl65\" height=\"20\">27<\/td>\n<td class=\"xl67\">Contribui\u00e7\u00f5es \u00e0 Educa\u00e7\u00e3o Ambiental<\/td>\n<td class=\"xl67\">Humberto Calloni, Paulo R.G. Corr\u00eaa da Silva<\/td>\n<td class=\"xl67\">1<\/td>\n<td class=\"xl67\">2010<\/td>\n<td class=\"xl67\">280<\/td>\n<\/tr>\n<tr>\n<td class=\"xl65\" height=\"20\">28<\/td>\n<td class=\"xl67\">Ambiente &amp; Educa\u00e7\u00e3o Volume 16(2)<\/td>\n<td class=\"xl67\">Revista de Educa\u00e7\u00e3o Ambiental<\/td>\n<td class=\"xl67\">3<\/td>\n<td class=\"xl67\">2011<\/td>\n<td class=\"xl67\">137<\/td>\n<\/tr>\n<tr>\n<td class=\"xl65\" height=\"20\">29<\/td>\n<td class=\"xl67\">\u00a0Ambiente &amp; Educa\u00e7\u00e3o Volume 16(1)<\/td>\n<td class=\"xl67\">Revista de Educa\u00e7\u00e3o Ambiental<\/td>\n<td class=\"xl67\">3<\/td>\n<td class=\"xl67\">2011<\/td>\n<td class=\"xl67\">190<\/td>\n<\/tr>\n<tr>\n<td class=\"xl65\" height=\"20\">30<\/td>\n<td class=\"xl67\">Perspectivas da Investiga\u00e7\u00e3o no Campo da Educa\u00e7\u00e3o Ambiental &amp; Educa\u00e7\u00e3o em Ci\u00eancias<\/td>\n<td class=\"xl67\">FURG<\/td>\n<td class=\"xl67\">1<\/td>\n<td class=\"xl67\">2011<\/td>\n<td class=\"xl67\">118<\/td>\n<\/tr>\n<tr>\n<td class=\"xl65\" height=\"20\">31<\/td>\n<td class=\"xl65\">Semeando Id\u00e9ias, Colhendo Di\u00e1logos<\/td>\n<td class=\"xl65\">FURG<\/td>\n<td class=\"xl65\">1<\/td>\n<td class=\"xl65\">2011<\/td>\n<td class=\"xl65\">119<\/td>\n<\/tr>\n<tr>\n<td class=\"xl65\" height=\"20\">32<\/td>\n<td class=\"xl67\">Educa\u00e7\u00e3o Ambiental &#8211; Sobre Princ\u00edpios, metodologias e atitudes<\/td>\n<td class=\"xl67\">Valdo Barcelos<\/td>\n<td class=\"xl67\">1<\/td>\n<td class=\"xl67\">2012<\/td>\n<td class=\"xl67\">120<\/td>\n<\/tr>\n<tr>\n<td class=\"xl65\" height=\"20\">33<\/td>\n<td class=\"xl67\">Ambiente &amp; Educa\u00e7\u00e3o Volume 17(1)<\/td>\n<td class=\"xl67\">Revista de Educa\u00e7\u00e3o Ambiental<\/td>\n<td class=\"xl67\">2<\/td>\n<td class=\"xl67\">2012<\/td>\n<td class=\"xl67\">186<\/td>\n<\/tr>\n<tr>\n<td class=\"xl65\" height=\"20\">34<\/td>\n<td class=\"xl65\">\u00a0Ambiente &amp; Educa\u00e7\u00e3o Volume 18(1)<\/td>\n<td class=\"xl65\">Revista de Educa\u00e7\u00e3o Ambiental<\/td>\n<td class=\"xl65\">2<\/td>\n<td class=\"xl65\">2013<\/td>\n<td class=\"xl65\">245<\/td>\n<\/tr>\n<tr>\n<td class=\"xl65\" height=\"20\">35<\/td>\n<td class=\"xl67\">Nossos Bichos &#8211; Guia dos Animais da Regi\u00e3o de Pelotas e Rio Grande\/RS<\/td>\n<td class=\"xl67\">Ang\u00e9lica Freitas<\/td>\n<td class=\"xl67\">2<\/td>\n<td class=\"xl67\">2014<\/td>\n<td class=\"xl67\">103<\/td>\n<\/tr>\n<tr>\n<td class=\"xl65\" height=\"20\">36<\/td>\n<td class=\"xl67\">Plan Nacional de Educaci\u00f3n Ambiental para el Desarrollo humano Sustentable<\/td>\n<td class=\"xl67\">Ministerio de Educaci\u00f3n y Cultura (Uruguai)<\/td>\n<td class=\"xl67\">1<\/td>\n<td class=\"xl67\">2014<\/td>\n<td class=\"xl67\">48<\/td>\n<\/tr>\n<tr>\n<td class=\"xl65\" height=\"20\">37<\/td>\n<td class=\"xl67\">Bichos do Brasil Volume 1<\/td>\n<td class=\"xl67\">Marco Majolo<\/td>\n<td class=\"xl67\">1<\/td>\n<td class=\"xl67\">\u00a0<\/td>\n<td class=\"xl67\">116<\/td>\n<\/tr>\n<tr>\n<td class=\"xl65\" height=\"20\">\n<p>38<\/p>\n<\/td>\n<td class=\"xl67\">O Direito das \u00c1guas Subterr\u00e2neas &#8211; No Brasil, No Mercosul e na uni\u00e3o Europ\u00e9ia<\/td>\n<td class=\"xl67\">Jana\u00edna Rigo Santin, Tha\u00eds Dalla Corte<\/td>\n<td class=\"xl67\">1<\/td>\n<td class=\"xl67\">2013<\/td>\n<td class=\"xl67\">218<\/td>\n<\/tr>\n<tr>\n<td class=\"xl65\" height=\"20\">\n<p>39<\/p>\n<\/td>\n<td class=\"xl67\">Mudan\u00e7a Clim\u00e1tica e Voc\u00ea: Cen\u00e1rios, desafios, governan\u00e7a, oportunidades, cinismos e maluquices<\/td>\n<td class=\"xl67\">Genebaldo Freire Dias<\/td>\n<td class=\"xl67\">1<\/td>\n<td class=\"xl67\">2014<\/td>\n<td class=\"xl67\">267<\/td>\n<\/tr>\n<tr>\n<td class=\"xl65\" height=\"20\">\n<p>40<\/p>\n<\/td>\n<td class=\"xl67\">Atividades Interdisciplinares de Educa\u00e7\u00e3o Ambiental<\/td>\n<td class=\"xl67\">Genebaldo Freire Dias<\/td>\n<td class=\"xl67\">1<\/td>\n<td class=\"xl67\">2012<\/td>\n<td class=\"xl67\">224<\/td>\n<\/tr>\n<tr>\n<td class=\"xl65\" height=\"20\">\n<p>41<\/p>\n<\/td>\n<td class=\"xl67\">Din\u00e2micas e Instrumenta\u00e7\u00e3o para Educa\u00e7\u00e3o Ambiental<\/td>\n<td class=\"xl67\">Genebaldo Freire Dias<\/td>\n<td class=\"xl67\">1<\/td>\n<td class=\"xl67\">2012<\/td>\n<td class=\"xl67\">215<\/td>\n<\/tr>\n<tr>\n<td class=\"xl65\" height=\"20\">\n<p>42<\/p>\n<\/td>\n<td class=\"xl67\">Educa\u00e7\u00e3o Ambiental: Princ\u00edpios e Pr\u00e1ticas<\/td>\n<td class=\"xl67\">Genebaldo Freire Dias<\/td>\n<td class=\"xl67\">1<\/td>\n<td class=\"xl67\">1991<\/td>\n<td class=\"xl67\">551<\/td>\n<\/tr>\n<tr>\n<td class=\"xl65\" height=\"20\">\n<p>43<\/p>\n<\/td>\n<td class=\"xl67\">Pegada Ecol\u00f3gica e Sustentabilidade Humana<\/td>\n<td class=\"xl67\">Genebaldo Freire Dias<\/td>\n<td class=\"xl67\">1<\/td>\n<td class=\"xl67\">2002<\/td>\n<td class=\"xl67\">257<\/td>\n<\/tr>\n<\/tbody>\n<\/table>\n<\/div>\n","protected":false},"excerpt":{"rendered":"<p>N T\u00edtulo Autor N. Exemplares Ano P\u00e1ginas 1 Ambiente &amp; Educa\u00e7\u00e3o Volume 2 Revista de Educa\u00e7\u00e3o Ambiental 1 1997 170 2 Ambiente &amp; Educa\u00e7\u00e3o Volume 3 Revista de Educa\u00e7\u00e3o Ambiental 1 1998 93 3 Ambiente &amp; Educa\u00e7\u00e3o Volume 4 Revista de Educa\u00e7\u00e3o Ambiental 1 1999 98 4 Diversidade na Educa\u00e7\u00e3o Ambiental URI 1 2002 506 [&hellip;]<\/p>\n","protected":false},"author":772,"featured_media":0,"parent":0,"menu_order":0,"comment_status":"closed","ping_status":"closed","template":"","meta":{"footnotes":""},"categories":[],"tags":[],"class_list":["post-180","page","type-page","status-publish","hentry"],"acf":[],"_links":{"self":[{"href":"https:\/\/www.ufsm.br\/cursos\/pos-graduacao\/santa-maria\/espedambiental\/wp-json\/wp\/v2\/pages\/180","targetHints":{"allow":["GET"]}}],"collection":[{"href":"https:\/\/www.ufsm.br\/cursos\/pos-graduacao\/santa-maria\/espedambiental\/wp-json\/wp\/v2\/pages"}],"about":[{"href":"https:\/\/www.ufsm.br\/cursos\/pos-graduacao\/santa-maria\/espedambiental\/wp-json\/wp\/v2\/types\/page"}],"author":[{"embeddable":true,"href":"https:\/\/www.ufsm.br\/cursos\/pos-graduacao\/santa-maria\/espedambiental\/wp-json\/wp\/v2\/users\/772"}],"replies":[{"embeddable":true,"href":"https:\/\/www.ufsm.br\/cursos\/pos-graduacao\/santa-maria\/espedambiental\/wp-json\/wp\/v2\/comments?post=180"}],"version-history":[{"count":0,"href":"https:\/\/www.ufsm.br\/cursos\/pos-graduacao\/santa-maria\/espedambiental\/wp-json\/wp\/v2\/pages\/180\/revisions"}],"wp:attachment":[{"href":"https:\/\/www.ufsm.br\/cursos\/pos-graduacao\/santa-maria\/espedambiental\/wp-json\/wp\/v2\/media?parent=180"}],"wp:term":[{"taxonomy":"category","embeddable":true,"href":"https:\/\/www.ufsm.br\/cursos\/pos-graduacao\/santa-maria\/espedambiental\/wp-json\/wp\/v2\/categories?post=180"},{"taxonomy":"post_tag","embeddable":true,"href":"https:\/\/www.ufsm.br\/cursos\/pos-graduacao\/santa-maria\/espedambiental\/wp-json\/wp\/v2\/tags?post=180"}],"curies":[{"name":"wp","href":"https:\/\/api.w.org\/{rel}","templated":true}]}}