{"id":190,"date":"2019-04-26T14:35:37","date_gmt":"2019-04-26T17:35:37","guid":{"rendered":"https:\/\/www.ufsm.br\/cursos\/pos-graduacao\/santa-maria\/espedambiental\/?page_id=190"},"modified":"2019-04-26T14:43:52","modified_gmt":"2019-04-26T17:43:52","slug":"2017-2","status":"publish","type":"page","link":"https:\/\/www.ufsm.br\/cursos\/pos-graduacao\/santa-maria\/espedambiental\/2017-2","title":{"rendered":"2017"},"content":{"rendered":"\n\n\n<figure class=\"wp-block-image\"><img fetchpriority=\"high\" decoding=\"async\" width=\"1024\" height=\"726\" src=\"https:\/\/www.ufsm.br\/cursos\/pos-graduacao\/santa-maria\/espedambiental\/wp-content\/uploads\/sites\/615\/2019\/04\/ejcalegari-1024x726.jpg\" alt=\"\" class=\"wp-image-200\" srcset=\"https:\/\/www.ufsm.br\/app\/uploads\/sites\/615\/2019\/04\/ejcalegari.jpg 1024w, https:\/\/www.ufsm.br\/app\/uploads\/sites\/615\/2019\/04\/ejcalegari-300x213.jpg 300w, https:\/\/www.ufsm.br\/app\/uploads\/sites\/615\/2019\/04\/ejcalegari-768x545.jpg 768w\" sizes=\"(max-width: 1024px) 100vw, 1024px\" \/><\/figure>\n\n\n\n<p>Palestra: &#8220;Gesti\u00f3n de Residuos S\u00f3lidos Urbanos en la UNCuyo con inclusi\u00f3n social&#8221;<\/p>\n<p>\u00a0<\/p>\n<p>Galeria do Evento:<\/p>\n<p>\u00a0<\/p>\n\n\n\n<ul class=\"wp-block-gallery columns-2 is-cropped wp-block-gallery-1 is-layout-flex wp-block-gallery-is-layout-flex\"><li class=\"blocks-gallery-item\"><figure><img decoding=\"async\" width=\"700\" height=\"450\" src=\"https:\/\/www.ufsm.br\/cursos\/pos-graduacao\/santa-maria\/espedambiental\/wp-content\/uploads\/sites\/615\/2019\/04\/700x450-crop-90-images_eventos_galeria_eventos_19550987_1627752343901454_2078886794_n.jpg\" alt=\"\" data-id=\"202\" data-link=\"https:\/\/www.ufsm.br\/cursos\/pos-graduacao\/santa-maria\/espedambiental\/?attachment_id=202\" class=\"wp-image-202\" srcset=\"https:\/\/www.ufsm.br\/app\/uploads\/sites\/615\/2019\/04\/700x450-crop-90-images_eventos_galeria_eventos_19550987_1627752343901454_2078886794_n.jpg 700w, https:\/\/www.ufsm.br\/app\/uploads\/sites\/615\/2019\/04\/700x450-crop-90-images_eventos_galeria_eventos_19550987_1627752343901454_2078886794_n-300x193.jpg 300w\" sizes=\"(max-width: 700px) 100vw, 700px\" \/><\/figure><\/li><li class=\"blocks-gallery-item\"><figure><img decoding=\"async\" width=\"700\" height=\"450\" src=\"https:\/\/www.ufsm.br\/cursos\/pos-graduacao\/santa-maria\/espedambiental\/wp-content\/uploads\/sites\/615\/2019\/04\/700x450-crop-90-images_eventos_galeria_eventos_19576630_1627749840568371_517180747_o.jpg\" alt=\"\" data-id=\"203\" data-link=\"https:\/\/www.ufsm.br\/cursos\/pos-graduacao\/santa-maria\/espedambiental\/?attachment_id=203\" class=\"wp-image-203\" srcset=\"https:\/\/www.ufsm.br\/app\/uploads\/sites\/615\/2019\/04\/700x450-crop-90-images_eventos_galeria_eventos_19576630_1627749840568371_517180747_o.jpg 700w, https:\/\/www.ufsm.br\/app\/uploads\/sites\/615\/2019\/04\/700x450-crop-90-images_eventos_galeria_eventos_19576630_1627749840568371_517180747_o-300x193.jpg 300w\" sizes=\"(max-width: 700px) 100vw, 700px\" \/><\/figure><\/li><\/ul>\n","protected":false},"excerpt":{"rendered":"<p>Palestra: &#8220;Gesti\u00f3n de Residuos S\u00f3lidos Urbanos en la UNCuyo con inclusi\u00f3n social&#8221; \u00a0 Galeria do Evento: \u00a0<\/p>\n","protected":false},"author":772,"featured_media":0,"parent":0,"menu_order":0,"comment_status":"closed","ping_status":"closed","template":"","meta":{"footnotes":""},"categories":[],"tags":[],"class_list":["post-190","page","type-page","status-publish","hentry"],"acf":[],"_links":{"self":[{"href":"https:\/\/www.ufsm.br\/cursos\/pos-graduacao\/santa-maria\/espedambiental\/wp-json\/wp\/v2\/pages\/190","targetHints":{"allow":["GET"]}}],"collection":[{"href":"https:\/\/www.ufsm.br\/cursos\/pos-graduacao\/santa-maria\/espedambiental\/wp-json\/wp\/v2\/pages"}],"about":[{"href":"https:\/\/www.ufsm.br\/cursos\/pos-graduacao\/santa-maria\/espedambiental\/wp-json\/wp\/v2\/types\/page"}],"author":[{"embeddable":true,"href":"https:\/\/www.ufsm.br\/cursos\/pos-graduacao\/santa-maria\/espedambiental\/wp-json\/wp\/v2\/users\/772"}],"replies":[{"embeddable":true,"href":"https:\/\/www.ufsm.br\/cursos\/pos-graduacao\/santa-maria\/espedambiental\/wp-json\/wp\/v2\/comments?post=190"}],"version-history":[{"count":0,"href":"https:\/\/www.ufsm.br\/cursos\/pos-graduacao\/santa-maria\/espedambiental\/wp-json\/wp\/v2\/pages\/190\/revisions"}],"wp:attachment":[{"href":"https:\/\/www.ufsm.br\/cursos\/pos-graduacao\/santa-maria\/espedambiental\/wp-json\/wp\/v2\/media?parent=190"}],"wp:term":[{"taxonomy":"category","embeddable":true,"href":"https:\/\/www.ufsm.br\/cursos\/pos-graduacao\/santa-maria\/espedambiental\/wp-json\/wp\/v2\/categories?post=190"},{"taxonomy":"post_tag","embeddable":true,"href":"https:\/\/www.ufsm.br\/cursos\/pos-graduacao\/santa-maria\/espedambiental\/wp-json\/wp\/v2\/tags?post=190"}],"curies":[{"name":"wp","href":"https:\/\/api.w.org\/{rel}","templated":true}]}}