{"id":524,"date":"2024-10-18T14:26:10","date_gmt":"2024-10-18T17:26:10","guid":{"rendered":"https:\/\/www.ufsm.br\/cursos\/pos-graduacao\/santa-maria\/espgenero\/?page_id=524"},"modified":"2025-12-19T07:42:32","modified_gmt":"2025-12-19T10:42:32","slug":"comissoes-academicas","status":"publish","type":"page","link":"https:\/\/www.ufsm.br\/cursos\/pos-graduacao\/santa-maria\/espgenero\/comissoes-academicas","title":{"rendered":"Colegiado e Comiss\u00f5es Acad\u00eamicas"},"content":{"rendered":"\n<table style=\"border-collapse: collapse;width: 100%\">\n<tbody>\n<tr>\n<td style=\"width: 100%;background-color: #edebeb\">\n<h4>Colegiado<span style=\"font-family: inherit;font-size: inherit;font-weight: inherit;color: initial\">\u00a0<\/span><\/h4>\n<\/td>\n<\/tr>\n<\/tbody>\n<\/table>\n<p><strong>Nova Gest\u00e3o (2025-2027)<\/strong><\/p>\n<p>Designado pela: <a href=\"https:\/\/www.ufsm.br\/app\/uploads\/sites\/598\/2025\/12\/PORT_CCSH_2025_450.pdf\">PORT_CCSH_2025_450<\/a><\/p>\n<p>Profa. Jurema Gorski Brites\u00a0 \u2013 Coordenadora<\/p>\n<p>Prof. Joacir Marques da Costa \u2013 Coordenador substituto<\/p>\n<p><strong>Representa\u00e7\u00e3o Docente:<\/strong><\/p>\n<p>Profa. Laura Regina da Silva C\u00e2mara Mauricio da Fonseca<\/p>\n<p>Profa. Milena Carvalho Bezerra Freire de Oliveira Cruz<\/p>\n<p>Profa. Zulmira Newlands Borges<\/p>\n<p>Profa. Marcia Eliane Leindcker da Paix\u00e3o &#8211; Suplente<\/p>\n<p>Profa. Nikelen Acosta Witer &#8211; Suplente<\/p>\n<p><strong>Representa\u00e7\u00e3o Discente:<\/strong><\/p>\n<p>Acad. Yuri Oliveira do Amaral<\/p>\n<p>Acad. Esther Lopes Klein &#8211; Suplente<\/p>\n<p>\u00a0<\/p>\n<p><strong>Gest\u00e3o 2025-2027 (revogada pela Portaria 450)<\/strong><\/p>\n<p>Designado pela <a href=\"https:\/\/www.ufsm.br\/app\/uploads\/sites\/598\/2025\/08\/PORT_CCSH_2025_301.pdf\">PORT_CCSH_2025_301<\/a><\/p>\n<p>Prof. Joacir Marques da Costa \u2013 Coordenador<\/p>\n<p>Profa. Jurema Gorski Brites \u2013 Coordenadora substituta<\/p>\n<p><strong>Representa\u00e7\u00e3o Docente:<\/strong><\/p>\n<p>Profa. Laura Regina da Silva C\u00e2mara Mauricio da Fonseca<\/p>\n<p>Profa. Milena Carvalho Bezerra Freire de Oliveira Cruz<\/p>\n<p>Profa. Zulmira Newlands Borges<\/p>\n<p>Profa. Marcia Eliane Leindcker da Paix\u00e3o &#8211; Suplente<\/p>\n<p>Profa. Nikelen Acosta Witer &#8211; Suplente<\/p>\n<p><strong>Representa\u00e7\u00e3o Discente:<\/strong><\/p>\n<p>Acad. Yuri Oliveira do Amaral<\/p>\n<p>Acad. Esther Lopes Klein &#8211; Suplente<\/p>\n<p>\u00a0<\/p>\n<p><strong>Gest\u00e3o 2023 &#8211; 2025<\/strong><\/p>\n<p>Designado pela\u00a0<a href=\"https:\/\/portal.ufsm.br\/documentos\/publico\/documento.html?id=14843932\" target=\"_blank\" rel=\"noopener\">PORTARIA DE PESSOAL CCSH\/UFSM N. 314, DE 18 DE SETEMBRO DE 2023<\/a>.<\/p>\n<p>Prof. Joacir Marques da Costa \u2013 Coordenador<\/p>\n<p>Profa. Jurema Gorski Brites \u2013 Coordenadora substituta<\/p>\n<p>Profa. Laura Regina da Silva<\/p>\n<p>Profa. Marcia Eliane Leindcker da Paix\u00e3o<\/p>\n<p>Profa. Milena Carvalho Bezerra Freire de Oliveira Cruz<\/p>\n<p>Profa. Nikelen Acosta Witer<\/p>\n<p>Profa. Zulmira Newlands Borges<\/p>\n<p>\u00a0<\/p>\n<table style=\"border-collapse: collapse;width: 100%\">\n<tbody>\n<tr>\n<td style=\"width: 100%;background-color: #f5f2f2\">\n<h4>Comiss\u00e3o de Sele\u00e7\u00e3o\u00a0<\/h4>\n<\/td>\n<\/tr>\n<\/tbody>\n<\/table>\n<p><strong>2025\u00a0<\/strong><\/p>\n<p>Designado pela <a href=\"https:\/\/portal.ufsm.br\/documentos\/publico\/documento.html?id=15192460\">PORTARIA DE PESSOAL CCSH\/UFSM N. 225 DE 13 DE SETEMBRO DE 2024.<\/a><\/p>\n<p>Prof. Joacir Marques da Costa \u2013 Presidente<br \/>Profa. Jurema Gorski Brites<br \/>Profa. Laura Regina da Silva C\u00e2mara Maur\u00edcio da Fonseca<br \/>Profa. Jana\u00edna Xavier do Nascimento<br \/>Profa. M\u00e1rcia Eliane Leindcker da Paix\u00e3o<br \/>Profa. Milena Carvalho Bezerra Freire de Oliveira-Cruz<br \/>Profa. Jesse da Cruz<br \/>Profa. Monalisa Dias de Siqueira<br \/>Profa. Zulmira Newlands Borges<\/p>\n<p>\u00a0<\/p>\n<table style=\"border-collapse: collapse;width: 100%\">\n<tbody>\n<tr>\n<td style=\"width: 100%;background-color: #f7f0f0\">\n<p><strong>Comiss\u00e3o de Cria\u00e7\u00e3o do Curso<\/strong><\/p>\n<\/td>\n<\/tr>\n<\/tbody>\n<\/table>\n<p><strong>2018<\/strong><\/p>\n<p>Designados pela portaria: <a href=\"https:\/\/www.ufsm.br\/app\/uploads\/sites\/598\/2025\/08\/PORT_CCSH_2018_129-comissao-criacao-do-curso.pdf\">PORT_CCSH_2018_129 comiss\u00e3o cria\u00e7\u00e3o do curso<\/a><\/p>\n<p>Profa. Milena Carvalho Bezerra Freire de Oliveira Cruz &#8211; Presidente<\/p>\n<p>Profa. Laura Regina da Silva C\u00e2mara Maur\u00edcio da Fonseca<\/p>\n<p>Profa. Let\u00edcia Machado Spinelli<\/p>\n<p>Profa. M\u00e1rcia Eliane Leindcker da Paix\u00e3o<\/p>\n\n\n\n<p><\/p>\n\n\n\n<p><\/p>\n","protected":false},"excerpt":{"rendered":"<p>Colegiado\u00a0 Nova Gest\u00e3o (2025-2027) Designado pela: PORT_CCSH_2025_450 Profa. Jurema Gorski Brites\u00a0 \u2013 Coordenadora Prof. Joacir Marques da Costa \u2013 Coordenador substituto Representa\u00e7\u00e3o Docente: Profa. Laura Regina da Silva C\u00e2mara Mauricio da Fonseca Profa. Milena Carvalho Bezerra Freire de Oliveira Cruz Profa. Zulmira Newlands Borges Profa. Marcia Eliane Leindcker da Paix\u00e3o &#8211; Suplente Profa. Nikelen Acosta [&hellip;]<\/p>\n","protected":false},"author":8361,"featured_media":0,"parent":0,"menu_order":0,"comment_status":"closed","ping_status":"closed","template":"","meta":{"footnotes":""},"categories":[],"tags":[],"class_list":["post-524","page","type-page","status-publish","hentry"],"acf":[],"_links":{"self":[{"href":"https:\/\/www.ufsm.br\/cursos\/pos-graduacao\/santa-maria\/espgenero\/wp-json\/wp\/v2\/pages\/524","targetHints":{"allow":["GET"]}}],"collection":[{"href":"https:\/\/www.ufsm.br\/cursos\/pos-graduacao\/santa-maria\/espgenero\/wp-json\/wp\/v2\/pages"}],"about":[{"href":"https:\/\/www.ufsm.br\/cursos\/pos-graduacao\/santa-maria\/espgenero\/wp-json\/wp\/v2\/types\/page"}],"author":[{"embeddable":true,"href":"https:\/\/www.ufsm.br\/cursos\/pos-graduacao\/santa-maria\/espgenero\/wp-json\/wp\/v2\/users\/8361"}],"replies":[{"embeddable":true,"href":"https:\/\/www.ufsm.br\/cursos\/pos-graduacao\/santa-maria\/espgenero\/wp-json\/wp\/v2\/comments?post=524"}],"version-history":[{"count":0,"href":"https:\/\/www.ufsm.br\/cursos\/pos-graduacao\/santa-maria\/espgenero\/wp-json\/wp\/v2\/pages\/524\/revisions"}],"wp:attachment":[{"href":"https:\/\/www.ufsm.br\/cursos\/pos-graduacao\/santa-maria\/espgenero\/wp-json\/wp\/v2\/media?parent=524"}],"wp:term":[{"taxonomy":"category","embeddable":true,"href":"https:\/\/www.ufsm.br\/cursos\/pos-graduacao\/santa-maria\/espgenero\/wp-json\/wp\/v2\/categories?post=524"},{"taxonomy":"post_tag","embeddable":true,"href":"https:\/\/www.ufsm.br\/cursos\/pos-graduacao\/santa-maria\/espgenero\/wp-json\/wp\/v2\/tags?post=524"}],"curies":[{"name":"wp","href":"https:\/\/api.w.org\/{rel}","templated":true}]}}