{"id":1064,"date":"2025-06-13T15:36:20","date_gmt":"2025-06-13T18:36:20","guid":{"rendered":"https:\/\/www.ufsm.br\/cursos\/pos-graduacao\/santa-maria\/mpcs\/?page_id=1064"},"modified":"2025-11-26T17:27:26","modified_gmt":"2025-11-26T20:27:26","slug":"gradpg-em-breve","status":"publish","type":"page","link":"https:\/\/www.ufsm.br\/cursos\/pos-graduacao\/santa-maria\/mpcs\/gradpg-em-breve","title":{"rendered":"GradPG"},"content":{"rendered":"\t\t<div data-elementor-type=\"wp-page\" data-elementor-id=\"1064\" class=\"elementor elementor-1064\">\n\t\t\t\t\t\t<section class=\"elementor-section elementor-top-section elementor-element elementor-element-6ab4c39 elementor-section-boxed elementor-section-height-default elementor-section-height-default\" data-id=\"6ab4c39\" data-element_type=\"section\">\n\t\t\t\t\t\t<div class=\"elementor-container elementor-column-gap-default\">\n\t\t\t\t\t<div class=\"elementor-column elementor-col-100 elementor-top-column elementor-element elementor-element-db81d19\" data-id=\"db81d19\" data-element_type=\"column\">\n\t\t\t<div class=\"elementor-widget-wrap elementor-element-populated\">\n\t\t\t\t\t\t<div class=\"elementor-element elementor-element-1393493 elementor-widget elementor-widget-image\" data-id=\"1393493\" data-element_type=\"widget\" data-widget_type=\"image.default\">\n\t\t\t\t<div class=\"elementor-widget-container\">\n\t\t\t\t\t\t\t\t\t\t\t\t\t<img fetchpriority=\"high\" decoding=\"async\" width=\"1024\" height=\"279\" src=\"https:\/\/www.ufsm.br\/app\/uploads\/sites\/566\/2025\/05\/GardPG-banner-1024x279.png\" class=\"attachment-large size-large wp-image-1058\" alt=\"\" srcset=\"https:\/\/www.ufsm.br\/app\/uploads\/sites\/566\/2025\/05\/GardPG-banner-1024x279.png 1024w, https:\/\/www.ufsm.br\/app\/uploads\/sites\/566\/2025\/05\/GardPG-banner-300x82.png 300w, https:\/\/www.ufsm.br\/app\/uploads\/sites\/566\/2025\/05\/GardPG-banner-768x209.png 768w, https:\/\/www.ufsm.br\/app\/uploads\/sites\/566\/2025\/05\/GardPG-banner.png 1510w\" sizes=\"(max-width: 1024px) 100vw, 1024px\" \/>\t\t\t\t\t\t\t\t\t\t\t\t\t<\/div>\n\t\t\t\t<\/div>\n\t\t\t\t\t<\/div>\n\t\t<\/div>\n\t\t\t\t\t<\/div>\n\t\t<\/section>\n\t\t\t\t<section class=\"elementor-section elementor-top-section elementor-element elementor-element-ca00fbd elementor-section-boxed elementor-section-height-default elementor-section-height-default\" data-id=\"ca00fbd\" data-element_type=\"section\">\n\t\t\t\t\t\t<div class=\"elementor-container elementor-column-gap-default\">\n\t\t\t\t\t<div class=\"elementor-column elementor-col-100 elementor-top-column elementor-element elementor-element-d0ed89e\" data-id=\"d0ed89e\" data-element_type=\"column\">\n\t\t\t<div class=\"elementor-widget-wrap elementor-element-populated\">\n\t\t\t\t\t\t<div class=\"elementor-element elementor-element-f1ba941 elementor-widget elementor-widget-text-editor\" data-id=\"f1ba941\" data-element_type=\"widget\" data-widget_type=\"text-editor.default\">\n\t\t\t\t<div class=\"elementor-widget-container\">\n\t\t\t\t\t\t\t<p>A UFSM publicou a Portaria Normativa Conjunta PRPGP\/PROGRAD\/UFSM n\u00ba 001\/2025, que regulamenta o Programa Institucional de Gradua\u00e7\u00e3o Integrada \u00e0 P\u00f3s-Gradua\u00e7\u00e3o (GradPG). A proposta busca aproximar a gradua\u00e7\u00e3o da p\u00f3s-gradua\u00e7\u00e3o, permitindo que estudantes de gradua\u00e7\u00e3o com alto desempenho acad\u00eamico e experi\u00eancia em inicia\u00e7\u00e3o cient\u00edfica iniciem a forma\u00e7\u00e3o stricto sensu durante o curso de gradua\u00e7\u00e3o.<\/p><p>Com a iniciativa, a Universidade pretende reduzir o tempo de forma\u00e7\u00e3o na p\u00f3s-gradua\u00e7\u00e3o, ampliar a capta\u00e7\u00e3o de talentos dos Programas de P\u00f3s-gradua\u00e7\u00e3o, incentivar a continuidade da forma\u00e7\u00e3o acad\u00eamica e fortalecer a pesquisa. Os Programas de P\u00f3s-Gradua\u00e7\u00e3o ter\u00e3o autonomia para definir sua forma de implementa\u00e7\u00e3o do GradPG, desde que sigam as diretrizes estabelecidas na portaria.<\/p><p>A \u00edntegra da Portaria pode ser acessada neste\u00a0<a href=\"https:\/\/portal.ufsm.br\/documentos\/publico\/documento.html?id=15357198\">link<\/a>.<\/p><p>Para apresentar os detalhes do funcionamento do GradPG e esclarecer d\u00favidas, foi realizada uma live informativa. A atividade foi presencial e contou com transmiss\u00e3o ao vivo pelo YouTube. Grava\u00e7\u00e3o dispon\u00edvel <a href=\"https:\/\/youtu.be\/buJWQRdV0Y8\">aqui<\/a>.<\/p><p>Edital e mais informa\u00e7\u00f5es <a href=\"https:\/\/www.ufsm.br\/pro-reitorias\/prpgp\/servicos\/sobre-o-programa-gradpg\">AQUI<\/a>.<\/p>\t\t\t\t\t\t<\/div>\n\t\t\t\t<\/div>\n\t\t\t\t\t<\/div>\n\t\t<\/div>\n\t\t\t\t\t<\/div>\n\t\t<\/section>\n\t\t\t\t<\/div>\n\t\t","protected":false},"excerpt":{"rendered":"<p>A UFSM publicou a Portaria Normativa Conjunta PRPGP\/PROGRAD\/UFSM n\u00ba 001\/2025, que regulamenta o Programa Institucional de Gradua\u00e7\u00e3o Integrada \u00e0 P\u00f3s-Gradua\u00e7\u00e3o (GradPG). A proposta busca aproximar a gradua\u00e7\u00e3o da p\u00f3s-gradua\u00e7\u00e3o, permitindo que estudantes de gradua\u00e7\u00e3o com alto desempenho acad\u00eamico e experi\u00eancia em inicia\u00e7\u00e3o cient\u00edfica iniciem a forma\u00e7\u00e3o stricto sensu durante o curso de gradua\u00e7\u00e3o. Com a [&hellip;]<\/p>\n","protected":false},"author":990,"featured_media":0,"parent":0,"menu_order":0,"comment_status":"closed","ping_status":"closed","template":"","meta":{"footnotes":""},"categories":[71],"tags":[204],"class_list":["post-1064","page","type-page","status-publish","hentry","category-paginas","tag-gradpg"],"acf":[],"_links":{"self":[{"href":"https:\/\/www.ufsm.br\/cursos\/pos-graduacao\/santa-maria\/mpcs\/wp-json\/wp\/v2\/pages\/1064","targetHints":{"allow":["GET"]}}],"collection":[{"href":"https:\/\/www.ufsm.br\/cursos\/pos-graduacao\/santa-maria\/mpcs\/wp-json\/wp\/v2\/pages"}],"about":[{"href":"https:\/\/www.ufsm.br\/cursos\/pos-graduacao\/santa-maria\/mpcs\/wp-json\/wp\/v2\/types\/page"}],"author":[{"embeddable":true,"href":"https:\/\/www.ufsm.br\/cursos\/pos-graduacao\/santa-maria\/mpcs\/wp-json\/wp\/v2\/users\/990"}],"replies":[{"embeddable":true,"href":"https:\/\/www.ufsm.br\/cursos\/pos-graduacao\/santa-maria\/mpcs\/wp-json\/wp\/v2\/comments?post=1064"}],"version-history":[{"count":0,"href":"https:\/\/www.ufsm.br\/cursos\/pos-graduacao\/santa-maria\/mpcs\/wp-json\/wp\/v2\/pages\/1064\/revisions"}],"wp:attachment":[{"href":"https:\/\/www.ufsm.br\/cursos\/pos-graduacao\/santa-maria\/mpcs\/wp-json\/wp\/v2\/media?parent=1064"}],"wp:term":[{"taxonomy":"category","embeddable":true,"href":"https:\/\/www.ufsm.br\/cursos\/pos-graduacao\/santa-maria\/mpcs\/wp-json\/wp\/v2\/categories?post=1064"},{"taxonomy":"post_tag","embeddable":true,"href":"https:\/\/www.ufsm.br\/cursos\/pos-graduacao\/santa-maria\/mpcs\/wp-json\/wp\/v2\/tags?post=1064"}],"curies":[{"name":"wp","href":"https:\/\/api.w.org\/{rel}","templated":true}]}}