{"id":181,"date":"2025-10-01T15:40:35","date_gmt":"2025-10-01T18:40:35","guid":{"rendered":"https:\/\/www.ufsm.br\/cursos\/pos-graduacao\/santa-maria\/pgac\/?page_id=181"},"modified":"2025-10-01T15:41:49","modified_gmt":"2025-10-01T18:41:49","slug":"missao-e-visao","status":"publish","type":"page","link":"https:\/\/www.ufsm.br\/cursos\/pos-graduacao\/santa-maria\/pgac\/missao-e-visao","title":{"rendered":"Miss\u00e3o e Vis\u00e3o"},"content":{"rendered":"\t\t<div data-elementor-type=\"wp-page\" data-elementor-id=\"181\" class=\"elementor elementor-181\">\n\t\t\t\t\t\t<section class=\"elementor-section elementor-top-section elementor-element elementor-element-91145dd elementor-section-boxed elementor-section-height-default elementor-section-height-default\" data-id=\"91145dd\" data-element_type=\"section\">\n\t\t\t\t\t\t<div class=\"elementor-container elementor-column-gap-default\">\n\t\t\t\t\t<div class=\"elementor-column elementor-col-100 elementor-top-column elementor-element elementor-element-b4d3c2f\" data-id=\"b4d3c2f\" data-element_type=\"column\">\n\t\t\t<div class=\"elementor-widget-wrap elementor-element-populated\">\n\t\t\t\t\t\t<div class=\"elementor-element elementor-element-7625016 elementor-widget elementor-widget-text-editor\" data-id=\"7625016\" data-element_type=\"widget\" data-widget_type=\"text-editor.default\">\n\t\t\t\t<div class=\"elementor-widget-container\">\n\t\t\t\t\t\t\t<p><b>Miss\u00e3o:\u00a0<\/b>O programa de P\u00f3s Gradua\u00e7\u00e3o em Artes da Cena \u2013 Mestrado Acad\u00eamico tem por miss\u00e3o oferecer qualifica\u00e7\u00e3o em pesquisa na \u00e1rea de Artes da Cena, articulando as dimens\u00f5es da pr\u00e1tica e da teoria de forma \u00e9tica e reflexiva, valorizando a autonomia do estudante-pesquisador em seu processo de inicia\u00e7\u00e3o e verticaliza\u00e7\u00e3o no campo da pesquisa em arte, articulando o saber local com a produ\u00e7\u00e3o art\u00edstica e intelectual em \u00e2mbito nacional e internacional.<\/p><p><b>Vis\u00e3o:\u00a0<\/b>Tornar-se um programa de refer\u00eancia no MERCOSUL na \u00e1rea de Artes da Cena em dez\u00a0anos, oferecendo forma\u00e7\u00e3o de excel\u00eancia para pesquisadores especialmente nas regi\u00f5es\u00a0Central, Oeste e Sul do Rio Grande do Sul a partir de uma educa\u00e7\u00e3o inovadora e\u00a0transformadora, com aten\u00e7\u00e3o aos saberes e contextos locais e \u00e0 diversidade sociocultural.<\/p>\t\t\t\t\t\t<\/div>\n\t\t\t\t<\/div>\n\t\t\t\t\t<\/div>\n\t\t<\/div>\n\t\t\t\t\t<\/div>\n\t\t<\/section>\n\t\t\t\t<\/div>\n\t\t","protected":false},"excerpt":{"rendered":"<p>Miss\u00e3o:\u00a0O programa de P\u00f3s Gradua\u00e7\u00e3o em Artes da Cena \u2013 Mestrado Acad\u00eamico tem por miss\u00e3o oferecer qualifica\u00e7\u00e3o em pesquisa na \u00e1rea de Artes da Cena, articulando as dimens\u00f5es da pr\u00e1tica e da teoria de forma \u00e9tica e reflexiva, valorizando a autonomia do estudante-pesquisador em seu processo de inicia\u00e7\u00e3o e verticaliza\u00e7\u00e3o no campo da pesquisa em [&hellip;]<\/p>\n","protected":false},"author":969,"featured_media":0,"parent":0,"menu_order":0,"comment_status":"closed","ping_status":"closed","template":"","meta":{"footnotes":""},"categories":[],"tags":[],"class_list":["post-181","page","type-page","status-publish","hentry"],"acf":[],"_links":{"self":[{"href":"https:\/\/www.ufsm.br\/cursos\/pos-graduacao\/santa-maria\/pgac\/wp-json\/wp\/v2\/pages\/181","targetHints":{"allow":["GET"]}}],"collection":[{"href":"https:\/\/www.ufsm.br\/cursos\/pos-graduacao\/santa-maria\/pgac\/wp-json\/wp\/v2\/pages"}],"about":[{"href":"https:\/\/www.ufsm.br\/cursos\/pos-graduacao\/santa-maria\/pgac\/wp-json\/wp\/v2\/types\/page"}],"author":[{"embeddable":true,"href":"https:\/\/www.ufsm.br\/cursos\/pos-graduacao\/santa-maria\/pgac\/wp-json\/wp\/v2\/users\/969"}],"replies":[{"embeddable":true,"href":"https:\/\/www.ufsm.br\/cursos\/pos-graduacao\/santa-maria\/pgac\/wp-json\/wp\/v2\/comments?post=181"}],"version-history":[{"count":0,"href":"https:\/\/www.ufsm.br\/cursos\/pos-graduacao\/santa-maria\/pgac\/wp-json\/wp\/v2\/pages\/181\/revisions"}],"wp:attachment":[{"href":"https:\/\/www.ufsm.br\/cursos\/pos-graduacao\/santa-maria\/pgac\/wp-json\/wp\/v2\/media?parent=181"}],"wp:term":[{"taxonomy":"category","embeddable":true,"href":"https:\/\/www.ufsm.br\/cursos\/pos-graduacao\/santa-maria\/pgac\/wp-json\/wp\/v2\/categories?post=181"},{"taxonomy":"post_tag","embeddable":true,"href":"https:\/\/www.ufsm.br\/cursos\/pos-graduacao\/santa-maria\/pgac\/wp-json\/wp\/v2\/tags?post=181"}],"curies":[{"name":"wp","href":"https:\/\/api.w.org\/{rel}","templated":true}]}}