{"id":166,"date":"2019-04-24T15:19:31","date_gmt":"2019-04-24T18:19:31","guid":{"rendered":"https:\/\/www.ufsm.br\/cursos\/pos-graduacao\/santa-maria\/pgds\/?page_id=166"},"modified":"2022-03-04T11:46:19","modified_gmt":"2022-03-04T14:46:19","slug":"contato-2","status":"publish","type":"page","link":"https:\/\/www.ufsm.br\/cursos\/pos-graduacao\/santa-maria\/pgds\/contato-2","title":{"rendered":"Contato"},"content":{"rendered":"\n<p>Universidade Federal de Santa Maria<br \/>Centro de Artes e Letras<br \/>Especializa\u00e7\u00e3o em Design de Superf\u00edcie &#8211; PGDS<br \/>Av. Roraima, 1000 | Pr\u00e9dio 40 &#8211; Salas 1026\/1027<br \/>Campus Universit\u00e1rio &#8211; Camobi<br \/>Santa Maria \/ RS | CEP: 97105-900<br \/>Fone\/fax: (55) 3220-8316<\/p>\n<p>E-mail: <a href=\"mailto:pgdesignsuperficie@ufsm.br\">pgdesignsuperficie@ufsm.br<\/a><\/p>\n<p>Coordenador: Prof. Dr. Julio Cesar Pinheiro Pires |\u00a0 julio.pires@ufsm.br\u00a0<\/p>\n<p>Secret\u00e1ria: Ataisa Antonia Perin\u00a0 \u00a0 |\u00a0 \u00a0ataisa.perin@ufsm.br<span id=\"cloak26200\"><\/span><\/p>\n<p>T\u00e9cnico Laborat\u00f3rio: Darci Roberto Trevisan Fidler\u00a0 | \u00a0 betofidler@gmail.com<\/p>\n","protected":false},"excerpt":{"rendered":"<p>Universidade Federal de Santa MariaCentro de Artes e LetrasEspecializa\u00e7\u00e3o em Design de Superf\u00edcie &#8211; PGDSAv. Roraima, 1000 | Pr\u00e9dio 40 &#8211; Salas 1026\/1027Campus Universit\u00e1rio &#8211; CamobiSanta Maria \/ RS | CEP: 97105-900Fone\/fax: (55) 3220-8316 E-mail: pgdesignsuperficie@ufsm.br Coordenador: Prof. Dr. Julio Cesar Pinheiro Pires |\u00a0 julio.pires@ufsm.br\u00a0 Secret\u00e1ria: Ataisa Antonia Perin\u00a0 \u00a0 |\u00a0 \u00a0ataisa.perin@ufsm.br T\u00e9cnico Laborat\u00f3rio: Darci [&hellip;]<\/p>\n","protected":false},"author":772,"featured_media":0,"parent":0,"menu_order":0,"comment_status":"closed","ping_status":"closed","template":"","meta":{"footnotes":""},"categories":[],"tags":[],"class_list":["post-166","page","type-page","status-publish","hentry"],"acf":[],"_links":{"self":[{"href":"https:\/\/www.ufsm.br\/cursos\/pos-graduacao\/santa-maria\/pgds\/wp-json\/wp\/v2\/pages\/166","targetHints":{"allow":["GET"]}}],"collection":[{"href":"https:\/\/www.ufsm.br\/cursos\/pos-graduacao\/santa-maria\/pgds\/wp-json\/wp\/v2\/pages"}],"about":[{"href":"https:\/\/www.ufsm.br\/cursos\/pos-graduacao\/santa-maria\/pgds\/wp-json\/wp\/v2\/types\/page"}],"author":[{"embeddable":true,"href":"https:\/\/www.ufsm.br\/cursos\/pos-graduacao\/santa-maria\/pgds\/wp-json\/wp\/v2\/users\/772"}],"replies":[{"embeddable":true,"href":"https:\/\/www.ufsm.br\/cursos\/pos-graduacao\/santa-maria\/pgds\/wp-json\/wp\/v2\/comments?post=166"}],"version-history":[{"count":0,"href":"https:\/\/www.ufsm.br\/cursos\/pos-graduacao\/santa-maria\/pgds\/wp-json\/wp\/v2\/pages\/166\/revisions"}],"wp:attachment":[{"href":"https:\/\/www.ufsm.br\/cursos\/pos-graduacao\/santa-maria\/pgds\/wp-json\/wp\/v2\/media?parent=166"}],"wp:term":[{"taxonomy":"category","embeddable":true,"href":"https:\/\/www.ufsm.br\/cursos\/pos-graduacao\/santa-maria\/pgds\/wp-json\/wp\/v2\/categories?post=166"},{"taxonomy":"post_tag","embeddable":true,"href":"https:\/\/www.ufsm.br\/cursos\/pos-graduacao\/santa-maria\/pgds\/wp-json\/wp\/v2\/tags?post=166"}],"curies":[{"name":"wp","href":"https:\/\/api.w.org\/{rel}","templated":true}]}}