{"id":1259,"date":"2023-08-11T22:07:46","date_gmt":"2023-08-12T01:07:46","guid":{"rendered":"https:\/\/www.ufsm.br\/cursos\/pos-graduacao\/santa-maria\/pgeec\/?page_id=1259"},"modified":"2023-08-11T22:32:50","modified_gmt":"2023-08-12T01:32:50","slug":"agendamento-de-salas","status":"publish","type":"page","link":"https:\/\/www.ufsm.br\/cursos\/pos-graduacao\/santa-maria\/pgeec\/agendamento-de-salas","title":{"rendered":"Agendamento de Salas"},"content":{"rendered":"\n\n\n<p>Para o agendamento dos espa\u00e7os do Pr\u00e9dio 13B, utilize os links abaixo, lembrando que deve agendar a partir da data atual, assim, considere o calend\u00e1rio como sendo permanente (os meses passados se tornam futuros). \u00c9 importante ap\u00f3s o agendamento virtual, marcar no mapa na porta da sala para que as pessoas tenham acesso facilitado \u00e0s informa\u00e7\u00f5es.<\/p>\n<p><a href=\"https:\/\/docs.google.com\/spreadsheets\/d\/11yMjIxWOcpczJRBx3HGw-ZRZztPEWPe5He2iXcq9-Uo\/edit?usp=sharing\" target=\"_blank\" rel=\"noopener\">Sala de Aula 1<\/a><\/p>\n<p><a href=\"https:\/\/docs.google.com\/spreadsheets\/d\/1EYnKkXtipsYsKLk8wFjNby_R1k7-M9hdPRDEFjImp-o\/edit?usp=sharing\">Sala de Aula 2<\/a><\/p>\n<p><a href=\"https:\/\/docs.google.com\/spreadsheets\/d\/1o-aFVQxZtox1-mMZqLzPquoG54-RsnMPKdQG0IWDmGk\/edit?usp=sharing\">Audit\u00f3rio<\/a><\/p>\n","protected":false},"excerpt":{"rendered":"<p>Para o agendamento dos espa\u00e7os do Pr\u00e9dio 13B, utilize os links abaixo, lembrando que deve agendar a partir da data atual, assim, considere o calend\u00e1rio como sendo permanente (os meses passados se tornam futuros). \u00c9 importante ap\u00f3s o agendamento virtual, marcar no mapa na porta da sala para que as pessoas tenham acesso facilitado \u00e0s [&hellip;]<\/p>\n","protected":false},"author":3446,"featured_media":0,"parent":0,"menu_order":0,"comment_status":"closed","ping_status":"closed","template":"","meta":{"footnotes":""},"categories":[],"tags":[],"class_list":["post-1259","page","type-page","status-publish","hentry"],"acf":[],"_links":{"self":[{"href":"https:\/\/www.ufsm.br\/cursos\/pos-graduacao\/santa-maria\/pgeec\/wp-json\/wp\/v2\/pages\/1259","targetHints":{"allow":["GET"]}}],"collection":[{"href":"https:\/\/www.ufsm.br\/cursos\/pos-graduacao\/santa-maria\/pgeec\/wp-json\/wp\/v2\/pages"}],"about":[{"href":"https:\/\/www.ufsm.br\/cursos\/pos-graduacao\/santa-maria\/pgeec\/wp-json\/wp\/v2\/types\/page"}],"author":[{"embeddable":true,"href":"https:\/\/www.ufsm.br\/cursos\/pos-graduacao\/santa-maria\/pgeec\/wp-json\/wp\/v2\/users\/3446"}],"replies":[{"embeddable":true,"href":"https:\/\/www.ufsm.br\/cursos\/pos-graduacao\/santa-maria\/pgeec\/wp-json\/wp\/v2\/comments?post=1259"}],"version-history":[{"count":0,"href":"https:\/\/www.ufsm.br\/cursos\/pos-graduacao\/santa-maria\/pgeec\/wp-json\/wp\/v2\/pages\/1259\/revisions"}],"wp:attachment":[{"href":"https:\/\/www.ufsm.br\/cursos\/pos-graduacao\/santa-maria\/pgeec\/wp-json\/wp\/v2\/media?parent=1259"}],"wp:term":[{"taxonomy":"category","embeddable":true,"href":"https:\/\/www.ufsm.br\/cursos\/pos-graduacao\/santa-maria\/pgeec\/wp-json\/wp\/v2\/categories?post=1259"},{"taxonomy":"post_tag","embeddable":true,"href":"https:\/\/www.ufsm.br\/cursos\/pos-graduacao\/santa-maria\/pgeec\/wp-json\/wp\/v2\/tags?post=1259"}],"curies":[{"name":"wp","href":"https:\/\/api.w.org\/{rel}","templated":true}]}}