{"id":174,"date":"2019-04-09T16:58:34","date_gmt":"2019-04-09T19:58:34","guid":{"rendered":"https:\/\/www.ufsm.br\/cursos\/pos-graduacao\/santa-maria\/pgeec\/?page_id=174"},"modified":"2019-04-12T15:54:46","modified_gmt":"2019-04-12T18:54:46","slug":"producoes-tecnicas","status":"publish","type":"page","link":"https:\/\/www.ufsm.br\/cursos\/pos-graduacao\/santa-maria\/pgeec\/producoes-tecnicas","title":{"rendered":"Produ\u00e7\u00f5es T\u00e9cnicas"},"content":{"rendered":"\n<p><strong>MATERIAIS EDUCACIONAIS<\/strong><\/p>\n<p>O documento da \u00e1rea de Ensino com as orienta\u00e7\u00f5es e crit\u00e9rios de avalia\u00e7\u00e3o para o quadri\u00eanio 2017-2020 trar\u00e1 mudan\u00e7as nos crit\u00e9rios de classifica\u00e7\u00e3o dos produtos ou materiais educacionais.\u00a0<br \/>Com vistas a valorizar essa produ\u00e7\u00e3o, tanto nos programas acad\u00eamicos quanto nos profissionais, o corpo docente permanente dever\u00e1 ampliar a sua produ\u00e7\u00e3o t\u00e9cnica, m\u00eddias educacionais e outras.. A pontua\u00e7\u00e3o da produ\u00e7\u00e3o educacional nos programas acad\u00eamicos ser\u00e1 feita usando o Qualis Educacional aprovado no Semin\u00e1rio da \u00c1rea.<br \/>O PPG orienta seus docentes e discentes a conhecer os crit\u00e9rios de qualifica\u00e7\u00e3o destes materiais:<\/p>\n<p>Quadro 1: NOVA FICHA DE CLASSIFICA\u00c7\u00c3O DE PRODUTOS EDUCACIONAIS<\/p>\n<div>\n<table cellspacing=\"0\" cellpadding=\"7\"><colgroup><col width=\"442\" \/><col width=\"63\" \/><col width=\"52\" \/><\/colgroup>\n<tbody>\n<tr valign=\"top\">\n<td bgcolor=\"#ffffff\" width=\"442\" height=\"22\">\n<p>Crit\u00e9rio<\/p>\n<\/td>\n<td bgcolor=\"#ffffff\" width=\"63\">\n<p>Notas Poss\u00edveis<\/p>\n<\/td>\n<td bgcolor=\"#ffffff\" width=\"52\">\n<p>Nota M\u00e1xima<\/p>\n<\/td>\n<\/tr>\n<tr valign=\"top\">\n<td bgcolor=\"#ffffff\" width=\"442\">\n<p>Pr\u00e9-requisito 1: ter URL pr\u00f3pria<\/p>\n<\/td>\n<td bgcolor=\"#ffffff\" width=\"63\">\n<p>\u00a0<\/p>\n<\/td>\n<td bgcolor=\"#ffffff\" width=\"52\">\n<p>\u00a0<\/p>\n<\/td>\n<\/tr>\n<tr valign=\"top\">\n<td bgcolor=\"#ffffff\" width=\"442\">\n<p>Pr\u00e9-requisito 2: estar associado a trabalho discente (co-autoria discente)<\/p>\n<\/td>\n<td bgcolor=\"#ffffff\" width=\"63\">\n<p>\u00a0<\/p>\n<\/td>\n<td bgcolor=\"#ffffff\" width=\"52\">\n<p>\u00a0<\/p>\n<\/td>\n<\/tr>\n<tr valign=\"top\">\n<td bgcolor=\"#ffffff\" width=\"442\">\n<p>1 \u2013 Valida\u00e7\u00e3o (35% nota):<\/p>\n<p>0 pontos: n\u00e3o validado;<br \/>3 pontos: validado por comit\u00ea ad hoc;<br \/>5 pontos: validado por \u00f3rg\u00e3o de fomento;<br \/>7 pontos: validado por banca de disserta\u00e7\u00e3o\/tese<\/p>\n<\/td>\n<td bgcolor=\"#ffffff\" width=\"63\">\n<p>0, 3, 5, 7<\/p>\n<\/td>\n<td bgcolor=\"#ffffff\" width=\"52\">\n<p>7<\/p>\n<\/td>\n<\/tr>\n<tr valign=\"top\">\n<td bgcolor=\"#ffffff\" width=\"442\">\n<p>2 \u2013 Registro (10% da nota):<\/p>\n<p>0 pontos: sem registro;<br \/>2 pontos: com registro em sistema de informa\u00e7\u00f5es em \u00e2mbito nacional ou internacional (ISBN, ISSN, ANCINE, Registro de Dom\u00ednio, Certificado de Registro Autoral, Registro ou Averba\u00e7\u00e3o na Biblioteca Nacional, registros de patentes e marcas submetidos ao INPI. Registro de software.<\/p>\n<\/td>\n<td bgcolor=\"#ffffff\" width=\"63\">\n<p>0 ou 2<\/p>\n<\/td>\n<td bgcolor=\"#ffffff\" width=\"52\">\n<p>2<\/p>\n<\/td>\n<\/tr>\n<tr valign=\"top\">\n<td bgcolor=\"#ffffff\" width=\"442\">\n<p>3 \u2013 Utiliza\u00e7\u00e3o no sistema (20% da Nota): (educa\u00e7\u00e3o\/ sa\u00fade\/ cultura\/ CT&amp;I):<\/p>\n<p>0 pontos: quando n\u00e3o utilizado (prot\u00f3tipo, por exemplo);<br \/>4 pontos: com alguma inser\u00e7\u00e3o no sistema local, municipal, estadual, nacional ou internacional.<\/p>\n<\/td>\n<td bgcolor=\"#ffffff\" width=\"63\">\n<p>0 ou 4<\/p>\n<\/td>\n<td bgcolor=\"#ffffff\" width=\"52\">\n<p>4<\/p>\n<\/td>\n<\/tr>\n<tr valign=\"top\">\n<td bgcolor=\"#ffffff\" width=\"442\">\n<p>4 \u2013 Acesso (35% da Nota):<\/p>\n<p>0 pontos: sem acesso;<br \/>1 ponto: acesso via rede fechada;<br \/>3 pontos: acesso por Portal nacional ou internacional, Youtube, Vimeo e outros com acesso p\u00fablico e gratuito;<br \/>5 pontos: acesso pela P\u00e1gina do programa com acesso p\u00fablico e gratuito;<br \/>7 pontos: acesso por Reposit\u00f3rio institucional &#8211; nacional ou internacional &#8211; com acesso p\u00fablico e gratuito\u00a0<\/p>\n<\/td>\n<td bgcolor=\"#ffffff\" width=\"63\">\n<p>0, 1, 3, 5, 7<\/p>\n<\/td>\n<td bgcolor=\"#ffffff\" width=\"52\">\n<p>7<\/p>\n<\/td>\n<\/tr>\n<tr valign=\"top\">\n<td bgcolor=\"#ffffff\" width=\"442\">\n<p>\u00a0<\/p>\n<\/td>\n<td bgcolor=\"#ffffff\" width=\"63\">\n<p>M\u00e1ximo<\/p>\n<\/td>\n<td bgcolor=\"#ffffff\" width=\"52\">\n<p>20<\/p>\n<p>\u00a0<\/p>\n<\/td>\n<\/tr>\n<tr valign=\"top\">\n<td bgcolor=\"#ffffff\" width=\"442\" height=\"14\">\n<p>Classifica\u00e7\u00e3o: Edu1<\/p>\n<\/td>\n<td colspan=\"2\" bgcolor=\"#ffffff\" width=\"129\">\n<p>nota 19 a 20<\/p>\n<\/td>\n<\/tr>\n<tr valign=\"top\">\n<td bgcolor=\"#ffffff\" width=\"442\" height=\"14\">\n<p>Edu2<\/p>\n<\/td>\n<td colspan=\"2\" bgcolor=\"#ffffff\" width=\"129\">\n<p>nota 13 a 18<\/p>\n<\/td>\n<\/tr>\n<tr valign=\"top\">\n<td bgcolor=\"#ffffff\" width=\"442\" height=\"14\">\n<p>Edu3<\/p>\n<\/td>\n<td colspan=\"2\" bgcolor=\"#ffffff\" width=\"129\">\n<p>nota 09 a 12<\/p>\n<\/td>\n<\/tr>\n<tr valign=\"top\">\n<td bgcolor=\"#ffffff\" width=\"442\" height=\"14\">\n<p>Edu4<\/p>\n<\/td>\n<td colspan=\"2\" bgcolor=\"#ffffff\" width=\"129\">\n<p>nota 05 a 08<\/p>\n<\/td>\n<\/tr>\n<tr valign=\"top\">\n<td bgcolor=\"#ffffff\" width=\"442\" height=\"13\">\n<p>Edu5<\/p>\n<\/td>\n<td colspan=\"2\" bgcolor=\"#ffffff\" width=\"129\">\n<p>nota 01 a 04<\/p>\n<\/td>\n<\/tr>\n<\/tbody>\n<\/table>\n<\/div>\n<p>A divulga\u00e7\u00e3o de nossas produ\u00e7\u00f5es dever\u00e1 ser feita, preferencialmente, pelo reposit\u00f3rio gerido pela CAPES, chamado eduCAPES.<\/p>\n<p>eduCAPES: o que \u00e9?<br \/>O eduCAPES \u00e9 um portal de objetos educacionais abertos para uso de alunos e professores da educa\u00e7\u00e3o b\u00e1sica, superior e p\u00f3s gradua\u00e7\u00e3o que busquem aprimorar seus conhecimentos.<br \/>O eduCAPES engloba em seu acervo milhares de objetos de aprendizagem, incluindo textos, livros did\u00e1ticos, artigos de pesquisa, teses, disserta\u00e7\u00f5es, videoaulas, \u00e1udios, imagens e quaisquer outros materiais de pesquisa e ensino que estejam licenciados de maneira aberta, publicados com autoriza\u00e7\u00e3o expressa do autor ou ainda que estejam sob dom\u00ednio p\u00fablico.<br \/>Acesso em:\u00a0<a href=\"https:\/\/educapes.capes.gov.br\/\">https:\/\/educapes.capes.gov.br\/<\/a><\/p>\n<p>Quem pode se registrar e submeter materiais?<br \/>Inicialmente apenas pessoas envolvidas com a Universidade Aberta do Brasil (UAB) podem se cadastrar para submeter materiais.<br \/>No entanto, a \u00e1rea de Ensino da CAPES pr\u00e9-autorizou cada um dos professores de nosso PPG a realizar o cadastro e assim submeter materiais.<\/p>\n<p>Que tipo de material pode ser registrado no EduCAPES?<br \/>S\u00e3o permitidos arquivos de \u00e1udio, imagens, textos e v\u00eddeos em qualquer tipo de formato digital.<\/p>\n<p>Quem deve submeter material para o eduCAPES?<br \/>Todos os discentes e docentes do PPG podem submeter seus materiais ao portal. Esta \u00e9 uma forma de, al\u00e9m de divulgar nosso trabalho e colaborar com a educa\u00e7\u00e3o em ci\u00eancias, valorizar as pesquisas realizadas no nosso PPG. Desta forma, o Programa incentiva e apoia a submiss\u00e3o de materiais educacionais, sobretudo aqueles vinculados aos trabalhos finais de disserta\u00e7\u00e3o e tese.<\/p>\n<p>Como fazer o cadastro e envio de materiais? As informa\u00e7\u00f5es seguem no anexo abaixo: <strong>Tutorial de Registro.<\/strong><\/p>\n<hr \/>\n<p>Pr\u00e9via do livro no anexo a seguir:\u00a0<\/p>\n","protected":false},"excerpt":{"rendered":"<p>MATERIAIS EDUCACIONAIS O documento da \u00e1rea de Ensino com as orienta\u00e7\u00f5es e crit\u00e9rios de avalia\u00e7\u00e3o para o quadri\u00eanio 2017-2020 trar\u00e1 mudan\u00e7as nos crit\u00e9rios de classifica\u00e7\u00e3o dos produtos ou materiais educacionais.\u00a0Com vistas a valorizar essa produ\u00e7\u00e3o, tanto nos programas acad\u00eamicos quanto nos profissionais, o corpo docente permanente dever\u00e1 ampliar a sua produ\u00e7\u00e3o t\u00e9cnica, m\u00eddias educacionais e [&hellip;]<\/p>\n","protected":false},"author":772,"featured_media":0,"parent":0,"menu_order":0,"comment_status":"closed","ping_status":"closed","template":"","meta":{"footnotes":""},"categories":[],"tags":[],"class_list":["post-174","page","type-page","status-publish","hentry"],"acf":[],"_links":{"self":[{"href":"https:\/\/www.ufsm.br\/cursos\/pos-graduacao\/santa-maria\/pgeec\/wp-json\/wp\/v2\/pages\/174","targetHints":{"allow":["GET"]}}],"collection":[{"href":"https:\/\/www.ufsm.br\/cursos\/pos-graduacao\/santa-maria\/pgeec\/wp-json\/wp\/v2\/pages"}],"about":[{"href":"https:\/\/www.ufsm.br\/cursos\/pos-graduacao\/santa-maria\/pgeec\/wp-json\/wp\/v2\/types\/page"}],"author":[{"embeddable":true,"href":"https:\/\/www.ufsm.br\/cursos\/pos-graduacao\/santa-maria\/pgeec\/wp-json\/wp\/v2\/users\/772"}],"replies":[{"embeddable":true,"href":"https:\/\/www.ufsm.br\/cursos\/pos-graduacao\/santa-maria\/pgeec\/wp-json\/wp\/v2\/comments?post=174"}],"version-history":[{"count":0,"href":"https:\/\/www.ufsm.br\/cursos\/pos-graduacao\/santa-maria\/pgeec\/wp-json\/wp\/v2\/pages\/174\/revisions"}],"wp:attachment":[{"href":"https:\/\/www.ufsm.br\/cursos\/pos-graduacao\/santa-maria\/pgeec\/wp-json\/wp\/v2\/media?parent=174"}],"wp:term":[{"taxonomy":"category","embeddable":true,"href":"https:\/\/www.ufsm.br\/cursos\/pos-graduacao\/santa-maria\/pgeec\/wp-json\/wp\/v2\/categories?post=174"},{"taxonomy":"post_tag","embeddable":true,"href":"https:\/\/www.ufsm.br\/cursos\/pos-graduacao\/santa-maria\/pgeec\/wp-json\/wp\/v2\/tags?post=174"}],"curies":[{"name":"wp","href":"https:\/\/api.w.org\/{rel}","templated":true}]}}