{"id":1248,"date":"2025-10-31T13:15:59","date_gmt":"2025-10-31T16:15:59","guid":{"rendered":"https:\/\/www.ufsm.br\/cursos\/pos-graduacao\/santa-maria\/pgfarmacologia\/?page_id=1248"},"modified":"2025-12-18T09:40:28","modified_gmt":"2025-12-18T12:40:28","slug":"atas-da-comissao-de-selecao","status":"publish","type":"page","link":"https:\/\/www.ufsm.br\/cursos\/pos-graduacao\/santa-maria\/pgfarmacologia\/atas-da-comissao-de-selecao","title":{"rendered":"Atas da Comiss\u00e3o de Sele\u00e7\u00e3o"},"content":{"rendered":"\n<p class=\"has-small-font-size\">Ingresso 2026:<\/p>\n\n\n\n<p class=\"has-small-font-size\"><a href=\"https:\/\/www.ufsm.br\/app\/uploads\/sites\/537\/2025\/12\/ata-resultado-final_1-26.pdf\">1\u00aa janela<\/a><\/p>\n\n\n\n<p class=\"has-small-font-size\"><strong>Ingresso 2025:<\/strong><\/p>\n\n\n\n<p class=\"has-small-font-size\"><a href=\"https:\/\/www.ufsm.br\/app\/uploads\/sites\/537\/2025\/10\/ata-resultado-final-1-25.pdf\">1\u00aa janela <\/a>            <a href=\"https:\/\/www.ufsm.br\/app\/uploads\/sites\/537\/2025\/10\/ata-resultado-final-2-25.pdf\">2\u00aa janela <\/a>         <a href=\"https:\/\/www.ufsm.br\/app\/uploads\/sites\/537\/2025\/10\/Ata_resultado-3-25.pdf\">3\u00aa janela<\/a>       <a href=\"https:\/\/www.ufsm.br\/app\/uploads\/sites\/537\/2025\/10\/Ata_resultado-4-2025.pdf\">4\u00aajanela<\/a><\/p>\n\n\n\n<p class=\"has-small-font-size\"><strong>Ingresso 2024:<\/strong><\/p>\n\n\n\n<p class=\"has-small-font-size\"><a href=\"https:\/\/www.ufsm.br\/app\/uploads\/sites\/537\/2025\/11\/Ata_ED-031-23-1.pdf\">1\u00aa janela<\/a>          <a href=\"https:\/\/www.ufsm.br\/app\/uploads\/sites\/537\/2025\/11\/Ata_ED-031-23-2.pdf\">2\u00aa janela <\/a>          <a href=\"https:\/\/www.ufsm.br\/app\/uploads\/sites\/537\/2025\/11\/ata-ED-031-23-3.pdf\">3\u00aa janela<\/a><\/p>\n\n\n\n<p class=\"has-small-font-size\"><strong>Ingresso 2023:<\/strong><\/p>\n\n\n\n<p class=\"has-small-font-size\">Em manuten\u00e7\u00e3o<\/p>\n\n\n\n<div class=\"wp-block-columns is-layout-flex wp-container-core-columns-is-layout-9d6595d7 wp-block-columns-is-layout-flex\">\n<div class=\"wp-block-column is-layout-flow wp-block-column-is-layout-flow\"><\/div>\n\n\n\n<div class=\"wp-block-column is-layout-flow wp-block-column-is-layout-flow\"><\/div>\n<\/div>\n\n\n\n<p><\/p>\n","protected":false},"excerpt":{"rendered":"<p>Ingresso 2026: 1\u00aa janela Ingresso 2025: 1\u00aa janela 2\u00aa janela 3\u00aa janela 4\u00aajanela Ingresso 2024: 1\u00aa janela 2\u00aa janela 3\u00aa janela Ingresso 2023: Em manuten\u00e7\u00e3o<\/p>\n","protected":false},"author":997,"featured_media":0,"parent":0,"menu_order":0,"comment_status":"closed","ping_status":"closed","template":"","meta":{"footnotes":""},"categories":[],"tags":[],"class_list":["post-1248","page","type-page","status-publish","hentry"],"acf":[],"_links":{"self":[{"href":"https:\/\/www.ufsm.br\/cursos\/pos-graduacao\/santa-maria\/pgfarmacologia\/wp-json\/wp\/v2\/pages\/1248","targetHints":{"allow":["GET"]}}],"collection":[{"href":"https:\/\/www.ufsm.br\/cursos\/pos-graduacao\/santa-maria\/pgfarmacologia\/wp-json\/wp\/v2\/pages"}],"about":[{"href":"https:\/\/www.ufsm.br\/cursos\/pos-graduacao\/santa-maria\/pgfarmacologia\/wp-json\/wp\/v2\/types\/page"}],"author":[{"embeddable":true,"href":"https:\/\/www.ufsm.br\/cursos\/pos-graduacao\/santa-maria\/pgfarmacologia\/wp-json\/wp\/v2\/users\/997"}],"replies":[{"embeddable":true,"href":"https:\/\/www.ufsm.br\/cursos\/pos-graduacao\/santa-maria\/pgfarmacologia\/wp-json\/wp\/v2\/comments?post=1248"}],"version-history":[{"count":0,"href":"https:\/\/www.ufsm.br\/cursos\/pos-graduacao\/santa-maria\/pgfarmacologia\/wp-json\/wp\/v2\/pages\/1248\/revisions"}],"wp:attachment":[{"href":"https:\/\/www.ufsm.br\/cursos\/pos-graduacao\/santa-maria\/pgfarmacologia\/wp-json\/wp\/v2\/media?parent=1248"}],"wp:term":[{"taxonomy":"category","embeddable":true,"href":"https:\/\/www.ufsm.br\/cursos\/pos-graduacao\/santa-maria\/pgfarmacologia\/wp-json\/wp\/v2\/categories?post=1248"},{"taxonomy":"post_tag","embeddable":true,"href":"https:\/\/www.ufsm.br\/cursos\/pos-graduacao\/santa-maria\/pgfarmacologia\/wp-json\/wp\/v2\/tags?post=1248"}],"curies":[{"name":"wp","href":"https:\/\/api.w.org\/{rel}","templated":true}]}}