{"id":203,"date":"2019-02-28T12:28:29","date_gmt":"2019-02-28T15:28:29","guid":{"rendered":"https:\/\/www.ufsm.br\/cursos\/pos-graduacao\/santa-maria\/pgfarmacologia\/?page_id=203"},"modified":"2023-05-11T10:07:07","modified_gmt":"2023-05-11T13:07:07","slug":"dispensa-de-disciplina","status":"publish","type":"page","link":"https:\/\/www.ufsm.br\/cursos\/pos-graduacao\/santa-maria\/pgfarmacologia\/dispensa-de-disciplina","title":{"rendered":"Aproveitamento\/Dispensa de Disciplina"},"content":{"rendered":"\n<p>Os(As) discentes dos cursos\/programas de p\u00f3s-gradua\u00e7\u00e3o da UFSM podem solicitar o aproveitamento ou a dispensa de disciplinas j\u00e1 cursadas na UFSM como aluno regular ou especial da UFSM e em outras IES, de acordo com o Regimento Geral da P\u00f3s-Gradua\u00e7\u00e3o da UFSM e as normativas internas de cada curso.<\/p>\n\n\n\n<p><strong>Para as solicita\u00e7\u00f5es de dispensa\/aproveitamento de disciplinas, cada discente deve realizar os seguintes passos:<\/strong><\/p>\n\n\n\n<p>I \u2013 Abertura <a href=\"https:\/\/portal.ufsm.br\/documentos\/login.html\" target=\"_blank\" rel=\"noreferrer noopener\">de processo eletr\u00f4nico PEN<\/a> com o&nbsp;Tipo Documental:<strong>&nbsp;Solicita\u00e7\u00e3o de aproveitamento de disciplinas de p\u00f3s-gradua\u00e7\u00e3o \u2013 APG.<br><\/strong>II \u2013 Anexar o REQUERIMENTO DE DISPENSA OU APROVEITAMENTO DE DISCIPLINAS preenchido e assinado digitalmente no PEN junto dos comprovantes (hist\u00f3rico e\/ou ementa\/programa das disciplinas) e\/ou documentos que justifiquem a solicita\u00e7\u00e3o. Documentos devem estar em formato PDF leg\u00edvel.<br>III \u2013 Encaminhar o PEN para a Coordena\u00e7\u00e3o do Curso para an\u00e1lise.<br>IV \u2013 A secretaria do curso recebe e confere a documenta\u00e7\u00e3o, caso n\u00e3o esteja de acordo, retorna ao discente para corre\u00e7\u00e3o;<br>V \u2013 Ap\u00f3s, o colegiado deve apreciar o pedido, deferir ou indeferir a solicita\u00e7\u00e3o, constando em ata da reuni\u00e3o;<br>VII \u2013 A secretaria do curso tramitar\u00e1 o processo PEN ao N\u00facleo de Controle Acad\u00eamico da P\u00f3s-Gradua\u00e7\u00e3o \u2013 NCAPG\/CPG\/PRPGP (unidade 01.09.01.04.0.0) para a inclus\u00e3o no hist\u00f3rico escolar do acad\u00eamico(a). Ap\u00f3s o processo ser\u00e1 arquivado.<\/p>\n\n\n\n<p>Obs: O sistema virtual de dispensa de disciplinas ainda esta sendo implementado para discentes da P\u00f3s-Gradua\u00e7\u00e3o.<\/p>\n\n\n\n<p><strong>Aproveitamento de Disciplinas Externas no Plano de Estudos<\/strong><\/p>\n\n\n\n<p>As disciplinas externas de outras IES dever\u00e3o ser analisadas pelo Curso em que o aluno est\u00e1 matriculado conforme o seu regimento interno e constante no plano de estudos.<br>No Plano de estudos do Portal do Aluno, a disciplina externa \u00e9 inserida com o c\u00f3digo EXT e as mesmas informa\u00e7\u00f5es da disciplina de origem como nome da disciplina, carga hor\u00e1ria e cr\u00e9dito.<br>*No momento da abertura do processo de defesa ao final do curso, caso as disciplinas externas sejam inseridas no Plano de Estudos antes do pedido de aproveitamento ser deferido e registrado no hist\u00f3rico, o plano de estudos retornar\u00e1 pend\u00eancia nestas disciplinas.<br>*Para o plano de estudo reconhecer como vencidas as disciplinas externas, primeiro dever\u00e3o estar lan\u00e7adas no hist\u00f3rico escolar, ap\u00f3s ent\u00e3o lan\u00e7ar no plano de estudos.<br>*Caso apare\u00e7a pend\u00eancia nas disciplinas dispensadas\/aproveitadas, dever\u00e1 ser solicitado via PEN ao CAPG uma atualiza\u00e7\u00e3o do sistema para reconhecimento destas disciplinas.<\/p>\n\n\n\n<p><a>\u00a0Documentos<\/a><\/p>\n\n\n\n<p><img decoding=\"async\" width=\"15\" height=\"15\" src=\"https:\/\/www.ufsm.br\/pro-reitorias\/prpgp\/wp-includes\/images\/media\/document.png\"><a href=\"https:\/\/www.ufsm.br\/app\/uploads\/sites\/537\/2023\/05\/Requerimento_de_Dispensa_ou_Aproveitamento_de_Disciplinas-NCAPG.pdf\">Requerimento_de_Dispensa_ou_Aproveitamento_de_Disciplinas-NCAPG.pdf<\/a><\/p>\n\n\n\n<p><strong>Dispensa\/Aproveitamento de disciplinas de P\u00f3s-Gradua\u00e7\u00e3o<\/strong>\u00a0link\u00a0<a rel=\"noreferrer noopener\" href=\"https:\/\/www.ufsm.br\/pro-reitorias\/prpgp\/servicos\/dispensa-aproveitamento-de-disciplinas-de-pos-graduacao\" target=\"_blank\">https:\/\/www.ufsm.br\/pro-reitorias\/prpgp\/servicos\/dispensa-aproveitamento-de-disciplinas-de-pos-graduacao<\/a><\/p>\n","protected":false},"excerpt":{"rendered":"<p>Os(As) discentes dos cursos\/programas de p\u00f3s-gradua\u00e7\u00e3o da UFSM podem solicitar o aproveitamento ou a dispensa de disciplinas j\u00e1 cursadas na UFSM como aluno regular ou especial da UFSM e em outras IES, de acordo com o Regimento Geral da P\u00f3s-Gradua\u00e7\u00e3o da UFSM e as normativas internas de cada curso. Para as solicita\u00e7\u00f5es de dispensa\/aproveitamento de [&hellip;]<\/p>\n","protected":false},"author":115,"featured_media":0,"parent":0,"menu_order":0,"comment_status":"closed","ping_status":"closed","template":"","meta":{"footnotes":""},"categories":[],"tags":[],"class_list":["post-203","page","type-page","status-publish","hentry"],"acf":[],"_links":{"self":[{"href":"https:\/\/www.ufsm.br\/cursos\/pos-graduacao\/santa-maria\/pgfarmacologia\/wp-json\/wp\/v2\/pages\/203","targetHints":{"allow":["GET"]}}],"collection":[{"href":"https:\/\/www.ufsm.br\/cursos\/pos-graduacao\/santa-maria\/pgfarmacologia\/wp-json\/wp\/v2\/pages"}],"about":[{"href":"https:\/\/www.ufsm.br\/cursos\/pos-graduacao\/santa-maria\/pgfarmacologia\/wp-json\/wp\/v2\/types\/page"}],"author":[{"embeddable":true,"href":"https:\/\/www.ufsm.br\/cursos\/pos-graduacao\/santa-maria\/pgfarmacologia\/wp-json\/wp\/v2\/users\/115"}],"replies":[{"embeddable":true,"href":"https:\/\/www.ufsm.br\/cursos\/pos-graduacao\/santa-maria\/pgfarmacologia\/wp-json\/wp\/v2\/comments?post=203"}],"version-history":[{"count":0,"href":"https:\/\/www.ufsm.br\/cursos\/pos-graduacao\/santa-maria\/pgfarmacologia\/wp-json\/wp\/v2\/pages\/203\/revisions"}],"wp:attachment":[{"href":"https:\/\/www.ufsm.br\/cursos\/pos-graduacao\/santa-maria\/pgfarmacologia\/wp-json\/wp\/v2\/media?parent=203"}],"wp:term":[{"taxonomy":"category","embeddable":true,"href":"https:\/\/www.ufsm.br\/cursos\/pos-graduacao\/santa-maria\/pgfarmacologia\/wp-json\/wp\/v2\/categories?post=203"},{"taxonomy":"post_tag","embeddable":true,"href":"https:\/\/www.ufsm.br\/cursos\/pos-graduacao\/santa-maria\/pgfarmacologia\/wp-json\/wp\/v2\/tags?post=203"}],"curies":[{"name":"wp","href":"https:\/\/api.w.org\/{rel}","templated":true}]}}