{"id":159,"date":"2019-04-01T16:16:33","date_gmt":"2019-04-01T19:16:33","guid":{"rendered":"https:\/\/www.ufsm.br\/cursos\/pos-graduacao\/santa-maria\/pgfisica\/?page_id=159"},"modified":"2025-09-28T12:13:56","modified_gmt":"2025-09-28T15:13:56","slug":"docentes","status":"publish","type":"page","link":"https:\/\/www.ufsm.br\/cursos\/pos-graduacao\/santa-maria\/pgfisica\/docentes","title":{"rendered":"Docentes"},"content":{"rendered":"\t\t<div data-elementor-type=\"wp-post\" data-elementor-id=\"159\" class=\"elementor elementor-159\">\n\t\t\t\t\t\t<section class=\"elementor-section elementor-top-section elementor-element elementor-element-3f0e086f elementor-section-boxed elementor-section-height-default elementor-section-height-default\" data-id=\"3f0e086f\" data-element_type=\"section\">\n\t\t\t\t\t\t<div class=\"elementor-container elementor-column-gap-default\">\n\t\t\t\t\t<div class=\"elementor-column elementor-col-100 elementor-top-column elementor-element elementor-element-7f129ccd\" data-id=\"7f129ccd\" data-element_type=\"column\">\n\t\t\t<div class=\"elementor-widget-wrap elementor-element-populated\">\n\t\t\t\t\t\t<div class=\"elementor-element elementor-element-1b7ba923 elementor-widget elementor-widget-text-editor\" data-id=\"1b7ba923\" data-element_type=\"widget\" data-widget_type=\"text-editor.default\">\n\t\t\t\t<div class=\"elementor-widget-container\">\n\t\t\t\t\t\t\t<p>\u00a0<\/p><table style=\"height: 672px;width: 100%\"><tbody><tr style=\"height: 32px\"><td style=\"height: 32px;width: 100%\"><a href=\"https:\/\/ufsmpublica.ufsm.br\/docente\/17796\">Artur Harres de Oliveira<\/a>\u00a0&#8211;\u00a0<span style=\"color: #000000;font-size: 16px\">Dr. UFRGS, 2014<\/span><\/td><\/tr><tr style=\"height: 32px\"><td style=\"height: 32px;width: 100%\"><p><a href=\"https:\/\/ufsmpublica.ufsm.br\/docente\/13345\">Debora Regina Roberti<\/a>\u00a0<span style=\"color: #000000;font-family: Calibri, sans-serif;font-size: 12pt;font-weight: var( --e-global-typography-text-font-weight );text-align: var(--bs-body-text-align)\">&#8211;\u00a0<\/span><span style=\"color: #000000;font-size: 16px;font-weight: var( --e-global-typography-text-font-weight );text-align: var(--bs-body-text-align)\">Dra. UFSM,\u00a0<\/span><span style=\"color: #000000;font-size: 16px;font-weight: var( --e-global-typography-text-font-weight );text-align: var(--bs-body-text-align)\">2005 &#8211;\u00a0<\/span><span style=\"color: #000000;font-size: 16px;font-weight: var( --e-global-typography-text-font-weight );text-align: var(--bs-body-text-align)\">\u00a0<\/span><span style=\"color: #800000;font-size: 16px;font-weight: var( --e-global-typography-text-font-weight );text-align: var(--bs-body-text-align)\"><strong>PQ: 1D<\/strong>;<span style=\"font-size: 10pt\">\u00a0<\/span><\/span><span style=\"font-size: 10pt\"><span style=\"font-weight: var( --e-global-typography-text-font-weight );text-align: var(--bs-body-text-align);color: #008080\">P\u00f3s-doutorado na\u00a0<\/span><span style=\"font-family: Calibri, sans-serif;font-weight: var( --e-global-typography-text-font-weight );text-align: var(--bs-body-text-align)\"><span style=\"color: #008080\">Colorado State University, EUA<\/span>\u00a0<\/span><\/span><\/p><\/td><\/tr><tr><td style=\"width: 100%\"><p><a href=\"https:\/\/ufsmpublica.ufsm.br\/docente\/25228\">Dyana Cristine Duarte\u00a0<\/a>&#8211;\u00a0<span style=\"color: #000000;font-size: 16px;font-weight: var( --e-global-typography-text-font-weight );text-align: var(--bs-body-text-align)\">Dra. UFSM, 2018;\u00a0\u00a0<\/span><span style=\"font-size: 10pt;color: #008080\">P\u00f3s-doutorados no ITA e na University of Washington, EUA<\/span><\/p><\/td><\/tr><tr style=\"height: 32px\"><td style=\"height: 32px;width: 100%\"><a href=\"http:\/\/lattes.cnpq.br\/3195210233978887\">Gerv\u00e1sio Annes Degrazia<\/a>\u00a0<span style=\"color: #000000;font-size: 16px\">&#8211;\u00a0<\/span><span style=\"color: #000000;font-size: 16px\">Dr. Univ. Karlsruhe, Alemanha, 1988 &#8211;\u00a0<\/span><span style=\"color: #800000\"><strong> PQ: 1C<\/strong>; <\/span><span style=\"font-size: 10pt;color: #008080\">P\u00f3s-doutorado Consiglio Nazionale delle Ricerche, It\u00e1lia<\/span><\/td><\/tr><tr style=\"height: 48px\"><td style=\"width: 100%;height: 48px\"><a href=\"https:\/\/ufsmpublica.ufsm.br\/docente\/23580\">J\u00e1derson Da Silva Schimoia<\/a>\u00a0&#8211;\u00a0Dr. UFRGS, 2015<\/td><\/tr><tr style=\"height: 32px\"><td style=\"height: 32px;width: 100%\"><a href=\"https:\/\/ufsmpublica.ufsm.br\/docente\/16952\">Jonas Maziero<\/a>\u00a0<span style=\"color: #000000;font-size: 16px\">&#8211;\u00a0<\/span><span style=\"color: #000000;font-size: 16px\">Dr. UFABC, 2012 &#8211;<\/span><span style=\"color: #800000\"><strong> PQ: C<\/strong>; <\/span><span style=\"color: #008080;font-size: 10pt\">P\u00f3s-doutorado na Univ. de la Rep\u00fablica, Uruguai\u00a0<\/span><\/td><\/tr><tr style=\"height: 32px\"><td style=\"height: 32px;width: 100%\"><a href=\"https:\/\/ufsmpublica.ufsm.br\/docente\/13607\">Jos\u00e9 Carlos Merino Mombach<\/a>, Dr. UFRGS, 1997<span style=\"color: #000000;font-size: 16px\">\u00a0&#8211;\u00a0 <span style=\"color: #800000\"><strong>PQ: C<\/strong>; <\/span><\/span><span style=\"font-size: 10pt;color: #008080;font-family: georgia, palatino, serif\">P\u00f3s-doutorados na Univ. Lyon I, Fran\u00e7a e\u00a0<span style=\"background-color: transparent;vertical-align: baseline\"> no <\/span><span style=\"background-color: transparent;vertical-align: baseline\">Instituto Gulbenkian de Ci\u00eancia, IGC, Portugal<\/span><\/span><\/td><\/tr><tr style=\"height: 32px\"><td style=\"height: 32px;width: 100%\"><a href=\"https:\/\/ufsmpublica.ufsm.br\/docente\/13782\">Lucio Strazzabosco Dorneles<\/a>, Dr. UFSM, 2003<span style=\"color: #800000\">; <\/span><span style=\"color: #008080;font-size: 10pt\">P\u00f3s-doutorado no Trinity College Dublin, Irlanda<\/span><\/td><\/tr><tr style=\"height: 48px\"><td style=\"width: 100%;height: 48px\"><a href=\"https:\/\/ufsmpublica.ufsm.br\/docente\/22860\">Mateus Schmidt,<\/a> Dr. UFSM, 2019 &#8211;\u00a0\u00a0<strong><span style=\"color: #800000\">PQ: 2<\/span><\/strong><\/td><\/tr><tr style=\"height: 48px\"><td style=\"width: 100%;height: 48px\"><a href=\"https:\/\/ufsmpublica.ufsm.br\/docente\/23335\">Mateus Henrique K\u00f6hler<\/a>, Dr. UFRGS, 2018 &#8211;\u00a0<span style=\"color: #800000\"><strong> PQ: C<\/strong>; <\/span><span style=\"color: #008080;font-size: 10pt\">P\u00f3s-doutorado na Uppsala University, Su\u00e9cia<\/span><\/td><\/tr><tr style=\"height: 32px\"><td style=\"height: 32px;width: 100%\"><a href=\"https:\/\/ufsmpublica.ufsm.br\/docente\/10895\">Paulo Cesar Piquini<\/a>, Dr. USP,\u00a0 1996\u00a0 &#8211;\u00a0<span style=\"color: #000000;font-size: 16px\"><span style=\"color: #800000\"><strong> PQ: 1C<\/strong>; <\/span><\/span><span style=\"font-size: 10pt;color: #008080\">P\u00f3s-doutorados no Max Planck Inst., Alemanha\u00a0 e\u00a0<span style=\"font-weight: var( --e-global-typography-text-font-weight );text-align: var(--bs-body-text-align)\"><span style=\"font-family: Calibri, sans-serif;background-color: transparent;vertical-align: baseline\">National Renewable Energy Laboratory, EUA<\/span><\/span><\/span><\/td><\/tr><tr><td style=\"width: 100%\"><a href=\"https:\/\/ufsmpublica.ufsm.br\/docente\/25670\" target=\"_blank\" rel=\"noopener\">Paulo Ricardo de Souza<\/a><span style=\"color: #000000;font-size: 16px\">, Dr. UEM,\u00a0 2021\u00a0 &#8211;<\/span><span style=\"font-size: 16px;color: #800000\">\u00a0<\/span><span style=\"font-size: 16px\"><span style=\"font-weight: bolder\"><span style=\"color: #800000\">PQ: C<\/span>;<\/span><\/span>\u00a0<span style=\"font-size: 10pt\">P\u00f3s-doutorado na\u00a0<\/span><span style=\"text-align: var(--bs-body-text-align)\"><span style=\"background-color: transparent;vertical-align: baseline\"><span style=\"color: #008080\">University of Wyoming<\/span><span style=\"color: #008080;font-family: Calibri, sans-serif\"><span style=\"font-size: 10pt;font-weight: var( --e-global-typography-text-font-weight )\">, EUA<\/span><\/span><\/span><\/span><span style=\"color: #000000;font-size: 16px\"><br \/><\/span><\/td><\/tr><tr style=\"height: 32px\"><td style=\"height: 32px;width: 100%\"><a href=\"https:\/\/ufsmpublica.ufsm.br\/docente\/15740\">Ricardo Barreto da Silva<\/a>, Dr. UFSM, 2006<\/td><\/tr><tr style=\"height: 32px\"><td style=\"height: 32px;width: 100%\"><a href=\"https:\/\/ufsmpublica.ufsm.br\/docente\/16956\">Ricardo Luciano Sonego Farias<\/a>, Dr. IFT\/UNESP, 2007\u00a0<span style=\"color: #000000;font-size: 16px\">\u00a0&#8211; <span style=\"color: #800000\"><strong>PQ: 2<\/strong>; <\/span><\/span><span style=\"color: #008080;font-size: 10pt\">P\u00f3s-doutorado na UERJ e Kent State University, EUA<\/span><\/td><\/tr><tr style=\"height: 32px\"><td style=\"height: 32px;width: 100%\"><a href=\"https:\/\/ufsmpublica.ufsm.br\/docente\/14876\">Rogemar Andr\u00e9 Riffel<\/a>, Dr. UFRGS,\u00a0 2008\u00a0<span style=\"color: #000000;font-size: 16px\">\u00a0&#8211;<span style=\"color: #800000\"><strong> PQ: 1C<\/strong>; <\/span><\/span><span style=\"color: #008080;font-size: 10pt\">P\u00f3s-doutorados na\u00a0 UFRGS, Johns Hopkins University\/EUA e Centro de Astrobiologia\/Espanha.<\/span><\/td><\/tr><tr style=\"height: 32px\"><td style=\"height: 32px;width: 100%\"><a href=\"https:\/\/ufsmpublica.ufsm.br\/docente\/13185\">Rog\u00e9rio Jos\u00e9 Baierle<\/a>, Dr. USP,\u00a0 1997<\/td><\/tr><tr style=\"height: 32px\"><td style=\"height: 32px;width: 100%\"><a href=\"https:\/\/ufsmpublica.ufsm.br\/docente\/16379\">Sandro Barboza Rembold,<\/a> Dr. UFRGS, 2007 &#8211;<strong><span style=\"color: #800000\"> PQ: 2<\/span><\/strong><\/td><\/tr><tr style=\"height: 24px\"><td style=\"width: 100%;height: 24px\"><a href=\"http:\/\/lattes.cnpq.br\/5297745838613310\">Tiago Vecchi Ricci<\/a>, Dr. USP,\u00a0 2013 &#8211;\u00a0 <span style=\"color: #800000\"><strong>PQ: 2<\/strong>; <span style=\"color: #008080;font-size: 10pt\">P\u00f3s-doutorado na USP<\/span><\/span><\/td><\/tr><\/tbody><\/table><p><!-- \/wp:tadv\/classic-paragraph --><\/p>\t\t\t\t\t\t<\/div>\n\t\t\t\t<\/div>\n\t\t\t\t\t<\/div>\n\t\t<\/div>\n\t\t\t\t\t<\/div>\n\t\t<\/section>\n\t\t\t\t<section class=\"elementor-section elementor-top-section elementor-element elementor-element-8318d75 elementor-section-boxed elementor-section-height-default elementor-section-height-default\" data-id=\"8318d75\" data-element_type=\"section\">\n\t\t\t\t\t\t<div class=\"elementor-container elementor-column-gap-default\">\n\t\t\t\t\t<div class=\"elementor-column elementor-col-100 elementor-top-column elementor-element elementor-element-9e1cd31\" data-id=\"9e1cd31\" data-element_type=\"column\">\n\t\t\t<div class=\"elementor-widget-wrap elementor-element-populated\">\n\t\t\t\t\t\t\t<\/div>\n\t\t<\/div>\n\t\t\t\t\t<\/div>\n\t\t<\/section>\n\t\t\t\t<\/div>\n\t\t","protected":false},"excerpt":{"rendered":"<p>\u00a0 Artur Harres de Oliveira\u00a0&#8211;\u00a0Dr. UFRGS, 2014 Debora Regina Roberti\u00a0&#8211;\u00a0Dra. UFSM,\u00a02005 &#8211;\u00a0\u00a0PQ: 1D;\u00a0P\u00f3s-doutorado na\u00a0Colorado State University, EUA\u00a0 Dyana Cristine Duarte\u00a0&#8211;\u00a0Dra. UFSM, 2018;\u00a0\u00a0P\u00f3s-doutorados no ITA e na University of Washington, EUA Gerv\u00e1sio Annes Degrazia\u00a0&#8211;\u00a0Dr. Univ. Karlsruhe, Alemanha, 1988 &#8211;\u00a0 PQ: 1C; P\u00f3s-doutorado Consiglio Nazionale delle Ricerche, It\u00e1lia J\u00e1derson Da Silva Schimoia\u00a0&#8211;\u00a0Dr. UFRGS, 2015 Jonas Maziero\u00a0&#8211;\u00a0Dr. UFABC, [&hellip;]<\/p>\n","protected":false},"author":115,"featured_media":0,"parent":0,"menu_order":0,"comment_status":"closed","ping_status":"closed","template":"","meta":{"footnotes":""},"categories":[],"tags":[],"class_list":["post-159","page","type-page","status-publish","hentry"],"acf":[],"_links":{"self":[{"href":"https:\/\/www.ufsm.br\/cursos\/pos-graduacao\/santa-maria\/pgfisica\/wp-json\/wp\/v2\/pages\/159","targetHints":{"allow":["GET"]}}],"collection":[{"href":"https:\/\/www.ufsm.br\/cursos\/pos-graduacao\/santa-maria\/pgfisica\/wp-json\/wp\/v2\/pages"}],"about":[{"href":"https:\/\/www.ufsm.br\/cursos\/pos-graduacao\/santa-maria\/pgfisica\/wp-json\/wp\/v2\/types\/page"}],"author":[{"embeddable":true,"href":"https:\/\/www.ufsm.br\/cursos\/pos-graduacao\/santa-maria\/pgfisica\/wp-json\/wp\/v2\/users\/115"}],"replies":[{"embeddable":true,"href":"https:\/\/www.ufsm.br\/cursos\/pos-graduacao\/santa-maria\/pgfisica\/wp-json\/wp\/v2\/comments?post=159"}],"version-history":[{"count":0,"href":"https:\/\/www.ufsm.br\/cursos\/pos-graduacao\/santa-maria\/pgfisica\/wp-json\/wp\/v2\/pages\/159\/revisions"}],"wp:attachment":[{"href":"https:\/\/www.ufsm.br\/cursos\/pos-graduacao\/santa-maria\/pgfisica\/wp-json\/wp\/v2\/media?parent=159"}],"wp:term":[{"taxonomy":"category","embeddable":true,"href":"https:\/\/www.ufsm.br\/cursos\/pos-graduacao\/santa-maria\/pgfisica\/wp-json\/wp\/v2\/categories?post=159"},{"taxonomy":"post_tag","embeddable":true,"href":"https:\/\/www.ufsm.br\/cursos\/pos-graduacao\/santa-maria\/pgfisica\/wp-json\/wp\/v2\/tags?post=159"}],"curies":[{"name":"wp","href":"https:\/\/api.w.org\/{rel}","templated":true}]}}