{"id":414,"date":"2019-04-05T09:29:45","date_gmt":"2019-04-05T12:29:45","guid":{"rendered":"https:\/\/www.ufsm.br\/cursos\/pos-graduacao\/santa-maria\/pgfisica\/?page_id=414"},"modified":"2019-04-05T09:29:47","modified_gmt":"2019-04-05T12:29:47","slug":"fisica-da-materia-condensada","status":"publish","type":"page","link":"https:\/\/www.ufsm.br\/cursos\/pos-graduacao\/santa-maria\/pgfisica\/fisica-da-materia-condensada","title":{"rendered":"F\u00edsica da mat\u00e9ria condensada"},"content":{"rendered":"\n<ul>\n<li><a href=\"https:\/\/www.ufsm.br\/cursos\/pos-graduacao\/santa-maria\/pgfisica\/eleonir-joao-calegari-dr-ufsm-brasil-2006\/\"><span style=\"font-size: large\"><b><span style=\"font-family: Arial\">Eleonir Jo\u00e3o Calegari<\/span><\/b><\/span><\/a><\/li>\n<li><a href=\"https:\/\/www.ufsm.br\/cursos\/pos-graduacao\/santa-maria\/pgfisica\/fabio-mallmann-zimmer-dr-ufsm-brasil-2007\/\"><span style=\"font-size: large\"><b><span style=\"font-family: Arial\">F\u00e1bio Mallmann Zimmer<\/span><\/b><\/span><\/a><\/li>\n<li><span style=\"font-size: large\"><b><span style=\"font-family: Arial\"><a href=\"https:\/\/www.ufsm.br\/cursos\/pos-graduacao\/santa-maria\/pgfisica\/fernando-l-metz-dr-ufrgs-brasil-2008-colaborador\/\">Fernando Lucas Metz (Colaborador)<\/a><br \/><\/span><\/b><\/span><\/li>\n<li><a href=\"https:\/\/www.ufsm.br\/cursos\/pos-graduacao\/santa-maria\/pgfisica\/jonas-maziero-dr-ufabc-brasil-2012\/\"><span style=\"font-size: large\"><b>Jonas Maziero<\/b><\/span><\/a><\/li>\n<li><span style=\"font-family: Arial;font-size: large\"><b><a href=\"https:\/\/www.ufsm.br\/cursos\/pos-graduacao\/santa-maria\/pgfisica\/leandro-barros-da-silva-dr-ufsm-brasil-2008-colaborador\/\">Leandro Barros da Silva (Colaborador)<\/a><br \/><\/b><\/span><\/li>\n<li><a href=\"https:\/\/www.ufsm.br\/cursos\/pos-graduacao\/santa-maria\/pgfisica\/lucio-strazzabosco-dorneles-dr-ufsm-brasil-2003\/\"><span style=\"font-family: Arial;font-size: large\"><b>Lucio Strazzabosco Dorneles<\/b><\/span><\/a><\/li>\n<li><a href=\"https:\/\/www.ufsm.br\/cursos\/pos-graduacao\/santa-maria\/pgfisica\/marcos-andre-carara-dr-ufrgs-brasil-2001\/\"><span style=\"font-family: Arial;font-size: large\"><b>Marcos Andr\u00e9 Carara<\/b><\/span><\/a><\/li>\n<li><a href=\"https:\/\/www.ufsm.br\/cursos\/pos-graduacao\/santa-maria\/pgfisica\/paulo-cesar-piquini-dr-usp-brasil-1996\/\"><span style=\"font-family: Arial;font-size: large\"><b>Paulo Cesar Piquini<\/b><\/span><\/a><\/li>\n<li><a href=\"https:\/\/www.ufsm.br\/cursos\/pos-graduacao\/santa-maria\/pgfisica\/ricardo-barreto-da-silva-dr-ufsm-brasil-2006\/\"><span style=\"font-family: Arial;font-size: large\"><b>Ricardo Barreto da Silva<\/b><\/span><\/a><\/li>\n<li><a href=\"https:\/\/www.ufsm.br\/cursos\/pos-graduacao\/santa-maria\/pgfisica\/rogerio-jose-baierle-dr-usp-brasil-1997\/\"><span style=\"font-family: Arial;font-size: large\"><b>Rog\u00e9rio Jos\u00e9 Baierle<\/b><\/span><\/a><\/li>\n<\/ul>\n","protected":false},"excerpt":{"rendered":"<p>Eleonir Jo\u00e3o Calegari F\u00e1bio Mallmann Zimmer Fernando Lucas Metz (Colaborador) Jonas Maziero Leandro Barros da Silva (Colaborador) Lucio Strazzabosco Dorneles Marcos Andr\u00e9 Carara Paulo Cesar Piquini Ricardo Barreto da Silva Rog\u00e9rio Jos\u00e9 Baierle<\/p>\n","protected":false},"author":115,"featured_media":0,"parent":0,"menu_order":0,"comment_status":"closed","ping_status":"closed","template":"","meta":{"footnotes":""},"categories":[],"tags":[],"class_list":["post-414","page","type-page","status-publish","hentry"],"acf":[],"_links":{"self":[{"href":"https:\/\/www.ufsm.br\/cursos\/pos-graduacao\/santa-maria\/pgfisica\/wp-json\/wp\/v2\/pages\/414","targetHints":{"allow":["GET"]}}],"collection":[{"href":"https:\/\/www.ufsm.br\/cursos\/pos-graduacao\/santa-maria\/pgfisica\/wp-json\/wp\/v2\/pages"}],"about":[{"href":"https:\/\/www.ufsm.br\/cursos\/pos-graduacao\/santa-maria\/pgfisica\/wp-json\/wp\/v2\/types\/page"}],"author":[{"embeddable":true,"href":"https:\/\/www.ufsm.br\/cursos\/pos-graduacao\/santa-maria\/pgfisica\/wp-json\/wp\/v2\/users\/115"}],"replies":[{"embeddable":true,"href":"https:\/\/www.ufsm.br\/cursos\/pos-graduacao\/santa-maria\/pgfisica\/wp-json\/wp\/v2\/comments?post=414"}],"version-history":[{"count":0,"href":"https:\/\/www.ufsm.br\/cursos\/pos-graduacao\/santa-maria\/pgfisica\/wp-json\/wp\/v2\/pages\/414\/revisions"}],"wp:attachment":[{"href":"https:\/\/www.ufsm.br\/cursos\/pos-graduacao\/santa-maria\/pgfisica\/wp-json\/wp\/v2\/media?parent=414"}],"wp:term":[{"taxonomy":"category","embeddable":true,"href":"https:\/\/www.ufsm.br\/cursos\/pos-graduacao\/santa-maria\/pgfisica\/wp-json\/wp\/v2\/categories?post=414"},{"taxonomy":"post_tag","embeddable":true,"href":"https:\/\/www.ufsm.br\/cursos\/pos-graduacao\/santa-maria\/pgfisica\/wp-json\/wp\/v2\/tags?post=414"}],"curies":[{"name":"wp","href":"https:\/\/api.w.org\/{rel}","templated":true}]}}