{"id":1043,"date":"2022-10-06T16:19:52","date_gmt":"2022-10-06T19:19:52","guid":{"rendered":"https:\/\/www.ufsm.br\/cursos\/pos-graduacao\/santa-maria\/pgmec\/?page_id=1043"},"modified":"2026-03-18T11:05:03","modified_gmt":"2026-03-18T14:05:03","slug":"aluno-regular-2","status":"publish","type":"page","link":"https:\/\/www.ufsm.br\/cursos\/pos-graduacao\/santa-maria\/pgmec\/aluno-regular-2","title":{"rendered":"Processo seletivo para ingresso no Mestrado"},"content":{"rendered":"\n<p>O processo seletivo de aluno(a) regular, n\u00edvel Mestrado, do Programa de P\u00f3s-gradua\u00e7\u00e3o em Engenharia Mec\u00e2nica ocorre atrav\u00e9s de edital p\u00fablico, semestral, com previs\u00e3o de publica\u00e7\u00e3o conforme <a href=\"https:\/\/www.ufsm.br\/calendario\/\" target=\"_blank\" rel=\"noopener\">calend\u00e1rio acad\u00eamico<\/a>\u00a0do respectivo ano.<\/p>\n<p>A cada sele\u00e7\u00e3o, o n\u00famero de vagas para cada \u00e1rea de concentra\u00e7\u00e3o\/sub\u00e1rea \u00e9 definido pelo Colegiado do Programa. Atualmente o PGMec est\u00e1 ofertando vagas para ingresso em mar\u00e7o do ano subsequente e em agosto do ano corrente, s\u00e3o dois processos seletivos por ano.<\/p>\n<p>O curso de\u00a0<b>P\u00f3s-Gradua\u00e7\u00e3o em Engenharia Mec\u00e2nica<\/b>\u00a0est\u00e1 localizado em\u00a0<b>Campus Camobi \u2013 UFSM<\/b>\u00a0na modalidade\u00a0<b>Mestrado \u2013 Presencial<\/b>\u00a0sendo\u00a0<b>Diurno<\/b>\u00a0o seu turno de funcionamento. A \u00e1rea de conhecimento do curso \u00e9 classificada como\u00a0<b>ENGENHARIA MEC\u00c2NICA<\/b>.<\/p>\n<p>O curso de mestrado \u00e9 ofertado em per\u00edodo <b>Semestral<\/b>, sendo\u00a0<b>4<\/b>\u00a0o n\u00famero de per\u00edodos indicados para sua conclus\u00e3o.<\/p>\n<p>Podem se inscrever profissionais diplomados em curso superior Engenharia, Matem\u00e1tica, F\u00edsica ou \u00e1reas afins ou Tecn\u00f3logos em \u00e1reas afins \u00e0 Engenharia Mec\u00e2nica, com carga hor\u00e1ria m\u00ednima de 2.400 horas.<\/p>\n<p>Crit\u00e9rios de sele\u00e7\u00e3o:<\/p>\n<p>As avalia\u00e7\u00f5es, ser\u00e3o realizadas com base na an\u00e1lise da documenta\u00e7\u00e3o solicitada em edital Espec\u00edfico: (i) Hist\u00f3rico Escolar da Gradua\u00e7\u00e3o (etapa classificat\u00f3ria com Peso 0,30); (ii) Curriculum Vitae (etapa classificat\u00f3ria com Peso 0,30); (iii) Carta de Motiva\u00e7\u00e3o e Entrevista Online (etapa classificat\u00f3ria com Peso 0,40).\u00a0<\/p>\n<p>O processo seletivo ser\u00e1 inteiramente classificat\u00f3rio, sendo considerado(a) aprovado(a) apenas o(a) candidato(a) que obtiver a nota m\u00ednima de 6,0 (seis v\u00edrgula zero) pontos.<\/p>\n<p>Para maiores informa\u00e7\u00f5es sobre o processo de sele\u00e7\u00e3o, orientamos o(a) candidato(a) a leitura atenciosa do edital GERAL e edital ESPEC\u00cdFICO do \u00faltimo processo de sele\u00e7\u00e3o.<\/p>\n<p>\u00daltimos editais do processo seletivo para ingresso no mestrado, curso presencial da UFSM, no respectivo semestre\/ano:<\/p>\n<ul>\n<li>\n<p><a href=\"https:\/\/www.ufsm.br\/cursos\/pos-graduacao\/santa-maria\/pgmec\/edital-n-030-2025-29-de-setembro-de-2025-nivel-mestrado-1a-janela\" target=\"_blank\" rel=\"noopener\">Edital N. 030\/2025, 29 de setembro de 2025, 1\u00aa janela<\/a> (para ingresso no 1\u00ba semestre de 2026)<\/p>\n<\/li>\n<li>\n<p><a href=\"https:\/\/www.ufsm.br\/cursos\/pos-graduacao\/santa-maria\/pgmec\/edital-n-065-2024-processo-seletivo-de-pos-graduacao-para-ingresso-no-2o-semestre-de-2025\" target=\"_blank\" rel=\"noopener\">Edital N. 065\/2024, 30 de setembro de 2024, 3\u00aa janela<\/a> (para ingresso no 2\u00ba semestre de 2025)<\/p>\n<\/li>\n<li>\n<p><a href=\"https:\/\/www.ufsm.br\/cursos\/pos-graduacao\/santa-maria\/pgmec\/edital-n-065-2024-30-de-setembro-de-2024-nivel-mestrado-1a-janela\" target=\"_blank\" rel=\"noopener\">Edital N. 065\/2024, 30 de setembro de 2024, 1\u00aa janela<\/a><span style=\"color: initial\"> (para ingresso no 1\u00ba semestre de 2025)<\/span><\/p>\n<\/li>\n<li>\n<p><a href=\"https:\/\/www.ufsm.br\/cursos\/pos-graduacao\/santa-maria\/pgmec\/edital-n-031-2023-25-de-outubro-de-2023-nivel-mestrado-3a-janela\" target=\"_blank\" rel=\"noopener\">Edital N. 031\/2023, 25 de outubro de 2023, 3\u00aa janela<\/a> (para ingresso no 2\u00ba semestre de 2024)<\/p>\n<\/li>\n<li>\n<p><a href=\"https:\/\/www.ufsm.br\/cursos\/pos-graduacao\/santa-maria\/pgmec\/edital-n-031-2023-25-de-outubro-de-2023-nivel-mestrado\" target=\"_blank\" rel=\"noopener\">Edital N. 031\/2023, 25 de outubro de 2023<\/a>, 1\u00aa janela (para ingresso no 1\u00ba semestre de 2024)<\/p>\n<\/li>\n<li>\n<p><a href=\"https:\/\/www.ufsm.br\/cursos\/pos-graduacao\/santa-maria\/pgmec\/edital-n-010-2023-28-de-abril-de-2023-nivel-mestrado\" target=\"_blank\" rel=\"noopener\">Edital N. 010\/2023, 28 de abril de 2023<\/a> (para ingresso no 2\u00ba semestre de 2023)<\/p>\n<\/li>\n<\/ul>\n\n\n\n<p><\/p>\n","protected":false},"excerpt":{"rendered":"<p>O processo seletivo de aluno(a) regular, n\u00edvel Mestrado, do Programa de P\u00f3s-gradua\u00e7\u00e3o em Engenharia Mec\u00e2nica ocorre atrav\u00e9s de edital p\u00fablico, semestral, com previs\u00e3o de publica\u00e7\u00e3o conforme calend\u00e1rio acad\u00eamico\u00a0do respectivo ano. A cada sele\u00e7\u00e3o, o n\u00famero de vagas para cada \u00e1rea de concentra\u00e7\u00e3o\/sub\u00e1rea \u00e9 definido pelo Colegiado do Programa. Atualmente o PGMec est\u00e1 ofertando vagas para [&hellip;]<\/p>\n","protected":false},"author":488,"featured_media":0,"parent":0,"menu_order":0,"comment_status":"closed","ping_status":"closed","template":"","meta":{"footnotes":""},"categories":[],"tags":[],"class_list":["post-1043","page","type-page","status-publish","hentry"],"acf":[],"_links":{"self":[{"href":"https:\/\/www.ufsm.br\/cursos\/pos-graduacao\/santa-maria\/pgmec\/wp-json\/wp\/v2\/pages\/1043","targetHints":{"allow":["GET"]}}],"collection":[{"href":"https:\/\/www.ufsm.br\/cursos\/pos-graduacao\/santa-maria\/pgmec\/wp-json\/wp\/v2\/pages"}],"about":[{"href":"https:\/\/www.ufsm.br\/cursos\/pos-graduacao\/santa-maria\/pgmec\/wp-json\/wp\/v2\/types\/page"}],"author":[{"embeddable":true,"href":"https:\/\/www.ufsm.br\/cursos\/pos-graduacao\/santa-maria\/pgmec\/wp-json\/wp\/v2\/users\/488"}],"replies":[{"embeddable":true,"href":"https:\/\/www.ufsm.br\/cursos\/pos-graduacao\/santa-maria\/pgmec\/wp-json\/wp\/v2\/comments?post=1043"}],"version-history":[{"count":0,"href":"https:\/\/www.ufsm.br\/cursos\/pos-graduacao\/santa-maria\/pgmec\/wp-json\/wp\/v2\/pages\/1043\/revisions"}],"wp:attachment":[{"href":"https:\/\/www.ufsm.br\/cursos\/pos-graduacao\/santa-maria\/pgmec\/wp-json\/wp\/v2\/media?parent=1043"}],"wp:term":[{"taxonomy":"category","embeddable":true,"href":"https:\/\/www.ufsm.br\/cursos\/pos-graduacao\/santa-maria\/pgmec\/wp-json\/wp\/v2\/categories?post=1043"},{"taxonomy":"post_tag","embeddable":true,"href":"https:\/\/www.ufsm.br\/cursos\/pos-graduacao\/santa-maria\/pgmec\/wp-json\/wp\/v2\/tags?post=1043"}],"curies":[{"name":"wp","href":"https:\/\/api.w.org\/{rel}","templated":true}]}}