{"id":1274,"date":"2023-04-28T08:43:51","date_gmt":"2023-04-28T11:43:51","guid":{"rendered":"https:\/\/www.ufsm.br\/cursos\/pos-graduacao\/santa-maria\/pgmec\/?page_id=1274"},"modified":"2023-07-07T15:27:28","modified_gmt":"2023-07-07T18:27:28","slug":"edital-n-010-2023-28-de-abril-de-2023-nivel-mestrado","status":"publish","type":"page","link":"https:\/\/www.ufsm.br\/cursos\/pos-graduacao\/santa-maria\/pgmec\/edital-n-010-2023-28-de-abril-de-2023-nivel-mestrado","title":{"rendered":"Edital N. 010\/2023, 28 de abril de 2023, N\u00edvel Mestrado"},"content":{"rendered":"\n<p>As Coordena\u00e7\u00f5es dos Cursos e Programas de P\u00f3s-Gradua\u00e7\u00e3o e a Pr\u00f3-Reitoria de P\u00f3s-gradua\u00e7\u00e3o e Pesquisa (PRPGP) tornam p\u00fablico o edital de processo seletivo de P\u00f3s-gradua\u00e7\u00e3o, em n\u00edvel de Doutorado, Mestrado e Especializa\u00e7\u00e3o, para ingresso no 2\u00ba semestre letivo de 2023.<\/p>\n<p><span style=\"font-size: revert;color: initial\"><strong>Per\u00edodo de inscri\u00e7\u00f5es: de 02 at\u00e9 29 de maio de 2023 (1\u00aa janela).<\/strong> <\/span><\/p>\n<p>As altera\u00e7\u00f5es do edital por meio de adendos, erratas ou retifica\u00e7\u00f5es, ser\u00e3o divulgadas sempre que necess\u00e1rias\u00a0<a href=\"https:\/\/www.ufsm.br\/pro-reitorias\/prpgp\/editais\/010-2023\" target=\"_blank\" rel=\"noopener\">na p\u00e1gina web do Edital N\u00ba 010\/2023<\/a>.<\/p>\n<p>As inscri\u00e7\u00f5es ser\u00e3o exclusivamente via web, no endere\u00e7o eletr\u00f4nico\u00a0<a href=\"https:\/\/www.ufsm.br\/pro-reitorias\/prpgp\/editais\/010-2023\" target=\"_blank\" rel=\"noopener\">da p\u00e1gina web do Edital N\u00ba 010\/2023<\/a>.<\/p>\n<p>Para esclarecer d\u00favidas sobre o edital espec\u00edfico, atendimento pessoal no campus da UFSM, pr\u00e9dio 08 (INPE) sala 2057 ou encaminhamento da d\u00favida via telefone (55 3220-8619) ou por e-mail (pgmec@ufsm.br).\u00a0<\/p>\n<p>A P\u00f3s-Gradua\u00e7\u00e3o em Engenharia Mec\u00e2nica, N\u00edvel Mestrado, ofertar\u00e1 25(vinte e cinco) vagas.<\/p>\n<ul>\n<li>\n<p><a href=\"https:\/\/www.ufsm.br\/app\/uploads\/sites\/345\/2023\/04\/minutaEDIT_INGRE_PRPGP312042023.pdf\" target=\"_blank\" rel=\"noopener\">EDITAL GERAL Edital N. 010\/2023<\/a>, 28 de abril de 2023, edital da Pr\u00f3-Reitoria de P\u00f3s-Gradua\u00e7\u00e3o e Pesquisa (PRPGP); (28\/04\/2023)<\/p>\n<\/li>\n<li>\n<p><a href=\"https:\/\/www.ufsm.br\/app\/uploads\/sites\/345\/2023\/04\/MEST_ENGMEC_010_2023.pdf\" target=\"_blank\" rel=\"noopener\">EDITAL ESPEC\u00cdFICO \u2013 MESTRADO EM ENGENHARIA MEC\u00c2NICA<\/a>; (28\/04\/2023)<\/p>\n<\/li>\n<li>\n<p>Os documentos relacionados ao processo seletivo do PGMec est\u00e3o dispon\u00edveis <a href=\"https:\/\/www.ufsm.br\/cursos\/pos-graduacao\/santa-maria\/pgmec\/editais\/002-2023\" target=\"_blank\" rel=\"noopener\">aqui<\/a>; (28\/04\/2023)<\/p>\n<\/li>\n<li>\n<p><a href=\"https:\/\/www.ufsm.br\/app\/uploads\/sites\/345\/2023\/04\/MEST_ENGMEC_JAN1_010_2023.pdf\" target=\"_blank\" rel=\"noopener\">1\u00aa janela: Vagas e Cronograma<\/a>; (28\/04\/2023)<\/p>\n<\/li>\n<li>\n<p>Rela\u00e7\u00e3o pr\u00e9via de candidatos que realizaram inscri\u00e7\u00e3o, dispon\u00edvel <a href=\"https:\/\/www.ufsm.br\/pro-reitorias\/prpgp\/editais\/010-2023\" target=\"_blank\" rel=\"noopener\">aqui<\/a>; (30\/05\/2023)<\/p>\n<\/li>\n<li>\n<p>Calend\u00e1rio das entrevistas dispon\u00edvel <a href=\"https:\/\/www.ufsm.br\/app\/uploads\/sites\/595\/2023\/06\/Calendario-das-Entrevistas_010-2023.pdf\" target=\"_blank\" rel=\"noopener\">aqui<\/a>; (12\/06\/2023)<\/p>\n<\/li>\n<li>\n<p>Resultados preliminares dispon\u00edveis <a href=\"https:\/\/www.ufsm.br\/app\/uploads\/sites\/595\/2023\/04\/ResultadoSelecaoInterna_V1.pdf\" target=\"_blank\" rel=\"noopener\">aqui<\/a>, antes do per\u00edodo de reconsidera\u00e7\u00e3o; (16\/06\/2023)<\/p>\n<\/li>\n<li>\n<p><a href=\"https:\/\/www.ufsm.br\/app\/uploads\/sites\/595\/2023\/06\/ResultadoSelecaoInterna_V2.pdf\" target=\"_blank\" rel=\"noopener\">Rela\u00e7\u00e3o Final dos candidatos classificados<\/a> antes do per\u00edodo previsto \u00e0 interposi\u00e7\u00e3o de recurso administrativo; (23\/06\/2023)<\/p>\n<\/li>\n<li>\n<p>Rela\u00e7\u00e3o final dos(as) candidatos(as) classificados(as) e suplentes dispon\u00edvel\u00a0<a href=\"https:\/\/www.ufsm.br\/pro-reitorias\/prpgp\/editais\/010-2023\" target=\"_blank\" rel=\"noopener\">aqui<\/a>; (07\/07\/2023)<\/p>\n<\/li>\n<li>\n<p>\u00c9 responsabilidade do candidato acompanhar as atualiza\u00e7\u00f5es e respectivo cronograma de atividades do edital na p\u00e1gina da PRPGP no link\u00a0<a href=\"https:\/\/www.ufsm.br\/pro-reitorias\/prpgp\/editais\/010-2023\" target=\"_blank\" rel=\"noopener\">aqui<\/a>. (07\/07\/2023)<\/p>\n<\/li>\n<\/ul>\n","protected":false},"excerpt":{"rendered":"<p>As Coordena\u00e7\u00f5es dos Cursos e Programas de P\u00f3s-Gradua\u00e7\u00e3o e a Pr\u00f3-Reitoria de P\u00f3s-gradua\u00e7\u00e3o e Pesquisa (PRPGP) tornam p\u00fablico o edital de processo seletivo de P\u00f3s-gradua\u00e7\u00e3o, em n\u00edvel de Doutorado, Mestrado e Especializa\u00e7\u00e3o, para ingresso no 2\u00ba semestre letivo de 2023. Per\u00edodo de inscri\u00e7\u00f5es: de 02 at\u00e9 29 de maio de 2023 (1\u00aa janela). As altera\u00e7\u00f5es [&hellip;]<\/p>\n","protected":false},"author":818,"featured_media":0,"parent":0,"menu_order":0,"comment_status":"closed","ping_status":"closed","template":"","meta":{"footnotes":""},"categories":[],"tags":[],"class_list":["post-1274","page","type-page","status-publish","hentry"],"acf":[],"_links":{"self":[{"href":"https:\/\/www.ufsm.br\/cursos\/pos-graduacao\/santa-maria\/pgmec\/wp-json\/wp\/v2\/pages\/1274","targetHints":{"allow":["GET"]}}],"collection":[{"href":"https:\/\/www.ufsm.br\/cursos\/pos-graduacao\/santa-maria\/pgmec\/wp-json\/wp\/v2\/pages"}],"about":[{"href":"https:\/\/www.ufsm.br\/cursos\/pos-graduacao\/santa-maria\/pgmec\/wp-json\/wp\/v2\/types\/page"}],"author":[{"embeddable":true,"href":"https:\/\/www.ufsm.br\/cursos\/pos-graduacao\/santa-maria\/pgmec\/wp-json\/wp\/v2\/users\/818"}],"replies":[{"embeddable":true,"href":"https:\/\/www.ufsm.br\/cursos\/pos-graduacao\/santa-maria\/pgmec\/wp-json\/wp\/v2\/comments?post=1274"}],"version-history":[{"count":0,"href":"https:\/\/www.ufsm.br\/cursos\/pos-graduacao\/santa-maria\/pgmec\/wp-json\/wp\/v2\/pages\/1274\/revisions"}],"wp:attachment":[{"href":"https:\/\/www.ufsm.br\/cursos\/pos-graduacao\/santa-maria\/pgmec\/wp-json\/wp\/v2\/media?parent=1274"}],"wp:term":[{"taxonomy":"category","embeddable":true,"href":"https:\/\/www.ufsm.br\/cursos\/pos-graduacao\/santa-maria\/pgmec\/wp-json\/wp\/v2\/categories?post=1274"},{"taxonomy":"post_tag","embeddable":true,"href":"https:\/\/www.ufsm.br\/cursos\/pos-graduacao\/santa-maria\/pgmec\/wp-json\/wp\/v2\/tags?post=1274"}],"curies":[{"name":"wp","href":"https:\/\/api.w.org\/{rel}","templated":true}]}}