{"id":1853,"date":"2026-03-16T23:05:53","date_gmt":"2026-03-17T02:05:53","guid":{"rendered":"https:\/\/www.ufsm.br\/cursos\/pos-graduacao\/santa-maria\/pgmec\/?page_id=1853"},"modified":"2026-03-16T23:06:16","modified_gmt":"2026-03-17T02:06:16","slug":"matricula-extracurricular-de-mestrado","status":"publish","type":"page","link":"https:\/\/www.ufsm.br\/cursos\/pos-graduacao\/santa-maria\/pgmec\/matricula-extracurricular-de-mestrado","title":{"rendered":"Matr\u00edcula extracurricular de mestrado"},"content":{"rendered":"\n<p>A matr\u00edcula extracurricular pode ser solicitada pelo portal estudantil ou \u00e0 coordena\u00e7\u00e3o de curso\/secretaria, de acordo com o\u00a0<a href=\"https:\/\/www.ufsm.br\/calendario\" target=\"_blank\" rel=\"noopener\">calend\u00e1rio acad\u00eamico vigente<\/a>.<\/p>\n<p>O estudante pode solicitar a\u00a0 extracurricular matr\u00edcula para o e-mail pgmec@ufsm.br, preenchendo a <a href=\"https:\/\/www.ufsm.br\/app\/uploads\/sites\/551\/2026\/03\/REQUERIMENTO_DE_MATRIUCLA_EXTRACURRICULAR-1.doc\">Solicita\u00e7\u00e3o de matr\u00edcula extracurricular em formato .PDF<\/a><\/p>\n","protected":false},"excerpt":{"rendered":"<p>A matr\u00edcula extracurricular pode ser solicitada pelo portal estudantil ou \u00e0 coordena\u00e7\u00e3o de curso\/secretaria, de acordo com o\u00a0calend\u00e1rio acad\u00eamico vigente. O estudante pode solicitar a\u00a0 extracurricular matr\u00edcula para o e-mail pgmec@ufsm.br, preenchendo a Solicita\u00e7\u00e3o de matr\u00edcula extracurricular em formato .PDF<\/p>\n","protected":false},"author":818,"featured_media":0,"parent":0,"menu_order":0,"comment_status":"closed","ping_status":"closed","template":"","meta":{"footnotes":""},"categories":[],"tags":[],"class_list":["post-1853","page","type-page","status-publish","hentry"],"acf":[],"_links":{"self":[{"href":"https:\/\/www.ufsm.br\/cursos\/pos-graduacao\/santa-maria\/pgmec\/wp-json\/wp\/v2\/pages\/1853","targetHints":{"allow":["GET"]}}],"collection":[{"href":"https:\/\/www.ufsm.br\/cursos\/pos-graduacao\/santa-maria\/pgmec\/wp-json\/wp\/v2\/pages"}],"about":[{"href":"https:\/\/www.ufsm.br\/cursos\/pos-graduacao\/santa-maria\/pgmec\/wp-json\/wp\/v2\/types\/page"}],"author":[{"embeddable":true,"href":"https:\/\/www.ufsm.br\/cursos\/pos-graduacao\/santa-maria\/pgmec\/wp-json\/wp\/v2\/users\/818"}],"replies":[{"embeddable":true,"href":"https:\/\/www.ufsm.br\/cursos\/pos-graduacao\/santa-maria\/pgmec\/wp-json\/wp\/v2\/comments?post=1853"}],"version-history":[{"count":0,"href":"https:\/\/www.ufsm.br\/cursos\/pos-graduacao\/santa-maria\/pgmec\/wp-json\/wp\/v2\/pages\/1853\/revisions"}],"wp:attachment":[{"href":"https:\/\/www.ufsm.br\/cursos\/pos-graduacao\/santa-maria\/pgmec\/wp-json\/wp\/v2\/media?parent=1853"}],"wp:term":[{"taxonomy":"category","embeddable":true,"href":"https:\/\/www.ufsm.br\/cursos\/pos-graduacao\/santa-maria\/pgmec\/wp-json\/wp\/v2\/categories?post=1853"},{"taxonomy":"post_tag","embeddable":true,"href":"https:\/\/www.ufsm.br\/cursos\/pos-graduacao\/santa-maria\/pgmec\/wp-json\/wp\/v2\/tags?post=1853"}],"curies":[{"name":"wp","href":"https:\/\/api.w.org\/{rel}","templated":true}]}}