{"id":1881,"date":"2026-03-17T18:00:25","date_gmt":"2026-03-17T21:00:25","guid":{"rendered":"https:\/\/www.ufsm.br\/cursos\/pos-graduacao\/santa-maria\/pgmec\/?page_id=1881"},"modified":"2026-03-17T18:04:34","modified_gmt":"2026-03-17T21:04:34","slug":"laboratorios-2","status":"publish","type":"page","link":"https:\/\/www.ufsm.br\/cursos\/pos-graduacao\/santa-maria\/pgmec\/laboratorios-2","title":{"rendered":"Laborat\u00f3rios"},"content":{"rendered":"\n<p>Os seguintes laborat\u00f3rios constituem a infraestrutura de pesquisa do PGMec\/UFSM:<\/p>\n<ul>\n<li>\n<p><a name=\"menu-item-908\"><\/a> <a href=\"https:\/\/www.ufsm.br\/cursos\/pos-graduacao\/santa-maria\/pgmec\/laboratorio-de-prototipagem-rapida-manufatura-aditiva-inovacao-e-servicos-lab3d\"><span style=\"color: #21376b\"><span style=\"font-family: rawline, sans-serif\"><span style=\"font-size: medium\">Laborat\u00f3rio de Prototipagem R\u00e1pida, Manufatura Aditiva, Inova\u00e7\u00e3o e Servi\u00e7os \u2013 Lab3D+<\/span><\/span><\/span><\/a><\/p>\n<\/li>\n<li>\n<p><a name=\"menu-item-808\"><\/a> <a href=\"https:\/\/www.ufsm.br\/cursos\/pos-graduacao\/santa-maria\/pgmec\/nucleo-de-automacao-e-processos-de-fabricacao-nafa\"><span style=\"color: #21376b\"><span style=\"font-family: rawline, sans-serif\"><span style=\"font-size: medium\">Laborat\u00f3rio de Tecnologia Mec\u00e2nica e Aeroespacial (NUMAE)<\/span><\/span><\/span><\/a><\/p>\n<\/li>\n<li>\n<p><a name=\"menu-item-807\"><\/a> <a href=\"https:\/\/www.ufsm.br\/cursos\/pos-graduacao\/santa-maria\/pgmec\/laboratorio-de-motores-labmot\"><span style=\"color: #21376b\"><span style=\"font-family: rawline, sans-serif\"><span style=\"font-size: medium\">Laborat\u00f3rio de Motores (LABMOT)<\/span><\/span><\/span><\/a><\/p>\n<\/li>\n<li>\n<p><a name=\"menu-item-813\"><\/a> <a href=\"https:\/\/www.ufsm.br\/cursos\/pos-graduacao\/santa-maria\/pgmec\/laboratorio-de-microscopia-mev\"><span style=\"color: #21376b\"><span style=\"font-family: rawline, sans-serif\"><span style=\"font-size: medium\">Laborat\u00f3rio de Microscopia (MEV)<\/span><\/span><\/span><\/a><\/p>\n<\/li>\n<li>\n<p><a name=\"menu-item-899\"><\/a> <a href=\"https:\/\/www.ufsm.br\/cursos\/pos-graduacao\/santa-maria\/pgmec\/laboratorio-de-soldagem\"><span style=\"color: #21376b\"><span style=\"font-family: rawline, sans-serif\"><span style=\"font-size: medium\">Laborat\u00f3rio de Soldagem<\/span><\/span><\/span><\/a><\/p>\n<\/li>\n<li>\n<p><a name=\"menu-item-809\"><\/a> <a href=\"https:\/\/www.ufsm.br\/cursos\/pos-graduacao\/santa-maria\/pgmec\/laboratorio-de-projeto-de-sistemas-tecnicos-lpst\"><span style=\"color: #21376b\"><span style=\"font-family: rawline, sans-serif\"><span style=\"font-size: medium\">Laborat\u00f3rio de Projeto de Sistemas T\u00e9cnicos (LPST)<\/span><\/span><\/span><\/a><\/p>\n<\/li>\n<li>\n<p><a name=\"menu-item-806\"><\/a> <a href=\"https:\/\/www.ufsm.br\/cursos\/pos-graduacao\/santa-maria\/pgmec\/laboratorio-de-vibracoes-e-acustica\"><span style=\"color: #21376b\"><span style=\"font-family: rawline, sans-serif\"><span style=\"font-size: medium\">Laborat\u00f3rio de Vibra\u00e7\u00f5es e Ac\u00fastica<\/span><\/span><\/span><\/a><\/p>\n<\/li>\n<li>\n<p><a name=\"menu-item-810\"><\/a> <a href=\"https:\/\/www.ufsm.br\/cursos\/pos-graduacao\/santa-maria\/pgmec\/laboratorio-de-apoio-ao-desenvolvimento-e-inovacao-de-produtos-e-processos-ladipp\"><span style=\"color: #21376b\"><span style=\"font-family: rawline, sans-serif\"><span style=\"font-size: medium\">Laborat\u00f3rio de Apoio ao Desenvolvimento e Inova\u00e7\u00e3o de Produtos e Processos (LADIPP)<\/span><\/span><\/span><\/a><\/p>\n<\/li>\n<li>\n<p><a name=\"menu-item-804\"><\/a> <a href=\"https:\/\/www.ufsm.br\/cursos\/pos-graduacao\/santa-maria\/pgmec\/laboratorios-do-colegio-tecnico-industrial-de-santa-maria-ctism\"><span style=\"color: #21376b\"><span style=\"font-family: rawline, sans-serif\"><span style=\"font-size: medium\">Laborat\u00f3rios do Col\u00e9gio T\u00e9cnico Industrial de Santa Maria (CTISM)<\/span><\/span><\/span><\/a><\/p>\n<\/li>\n<li>\n<p><a name=\"menu-item-805\"><\/a> <a href=\"https:\/\/www.ufsm.br\/cursos\/pos-graduacao\/santa-maria\/pgmec\/laboratorio-de-eletronica-de-potencia-e-controle\"><span style=\"color: #21376b\"><span style=\"font-family: rawline, sans-serif\"><span style=\"font-size: medium\">Laborat\u00f3rio de Eletr\u00f4nica de Pot\u00eancia e Controle<\/span><\/span><\/span><\/a><\/p>\n<\/li>\n<li>\n<p><a name=\"menu-item-803\"><\/a> <a href=\"https:\/\/www.ufsm.br\/cursos\/pos-graduacao\/santa-maria\/pgmec\/laboratorios-auxiliares-e-multiusuario\"><span style=\"color: #21376b\"><span style=\"font-family: rawline, sans-serif\"><span style=\"font-size: medium\">Laborat\u00f3rios Auxiliares e Multiusu\u00e1rio<\/span><\/span><\/span><\/a><\/p>\n<\/li>\n<li>\n<p><a name=\"menu-item-912\"><\/a> <a href=\"https:\/\/www.ufsm.br\/cursos\/pos-graduacao\/santa-maria\/pgmec\/laboratorio-de-metalurgia-fisica\"><span style=\"color: #21376b\"><span style=\"font-family: rawline, sans-serif\"><span style=\"font-size: medium\">Laborat\u00f3rio de Metalurgia F\u00edsica<\/span><\/span><\/span><\/a><\/p>\n<\/li>\n<\/ul>\n","protected":false},"excerpt":{"rendered":"<p>Os seguintes laborat\u00f3rios constituem a infraestrutura de pesquisa do PGMec\/UFSM: Laborat\u00f3rio de Prototipagem R\u00e1pida, Manufatura Aditiva, Inova\u00e7\u00e3o e Servi\u00e7os \u2013 Lab3D+ Laborat\u00f3rio de Tecnologia Mec\u00e2nica e Aeroespacial (NUMAE) Laborat\u00f3rio de Motores (LABMOT) Laborat\u00f3rio de Microscopia (MEV) Laborat\u00f3rio de Soldagem Laborat\u00f3rio de Projeto de Sistemas T\u00e9cnicos (LPST) Laborat\u00f3rio de Vibra\u00e7\u00f5es e Ac\u00fastica Laborat\u00f3rio de Apoio ao [&hellip;]<\/p>\n","protected":false},"author":818,"featured_media":0,"parent":0,"menu_order":0,"comment_status":"closed","ping_status":"closed","template":"","meta":{"footnotes":""},"categories":[],"tags":[],"class_list":["post-1881","page","type-page","status-publish","hentry"],"acf":[],"_links":{"self":[{"href":"https:\/\/www.ufsm.br\/cursos\/pos-graduacao\/santa-maria\/pgmec\/wp-json\/wp\/v2\/pages\/1881","targetHints":{"allow":["GET"]}}],"collection":[{"href":"https:\/\/www.ufsm.br\/cursos\/pos-graduacao\/santa-maria\/pgmec\/wp-json\/wp\/v2\/pages"}],"about":[{"href":"https:\/\/www.ufsm.br\/cursos\/pos-graduacao\/santa-maria\/pgmec\/wp-json\/wp\/v2\/types\/page"}],"author":[{"embeddable":true,"href":"https:\/\/www.ufsm.br\/cursos\/pos-graduacao\/santa-maria\/pgmec\/wp-json\/wp\/v2\/users\/818"}],"replies":[{"embeddable":true,"href":"https:\/\/www.ufsm.br\/cursos\/pos-graduacao\/santa-maria\/pgmec\/wp-json\/wp\/v2\/comments?post=1881"}],"version-history":[{"count":0,"href":"https:\/\/www.ufsm.br\/cursos\/pos-graduacao\/santa-maria\/pgmec\/wp-json\/wp\/v2\/pages\/1881\/revisions"}],"wp:attachment":[{"href":"https:\/\/www.ufsm.br\/cursos\/pos-graduacao\/santa-maria\/pgmec\/wp-json\/wp\/v2\/media?parent=1881"}],"wp:term":[{"taxonomy":"category","embeddable":true,"href":"https:\/\/www.ufsm.br\/cursos\/pos-graduacao\/santa-maria\/pgmec\/wp-json\/wp\/v2\/categories?post=1881"},{"taxonomy":"post_tag","embeddable":true,"href":"https:\/\/www.ufsm.br\/cursos\/pos-graduacao\/santa-maria\/pgmec\/wp-json\/wp\/v2\/tags?post=1881"}],"curies":[{"name":"wp","href":"https:\/\/api.w.org\/{rel}","templated":true}]}}