{"id":210,"date":"2019-04-30T15:22:11","date_gmt":"2019-04-30T18:22:11","guid":{"rendered":"https:\/\/www.ufsm.br\/cursos\/pos-graduacao\/santa-maria\/pgmec\/?page_id=210"},"modified":"2023-10-30T16:47:17","modified_gmt":"2023-10-30T19:47:17","slug":"nucleo-de-automacao-e-processos-de-fabricacao-nafa","status":"publish","type":"page","link":"https:\/\/www.ufsm.br\/cursos\/pos-graduacao\/santa-maria\/pgmec\/nucleo-de-automacao-e-processos-de-fabricacao-nafa","title":{"rendered":"Laborat\u00f3rio de Tecnologia Mec\u00e2nica e Aeroespacial (NUMAE)"},"content":{"rendered":"\n<p>Com uma \u00e1rea constru\u00edda de aproximadamente 600 m\u00b2, o n\u00facleo tem como fun\u00e7\u00f5es auxiliar na execu\u00e7\u00e3o dos projetos desenvolvidos, sendo que este disp\u00f5e de diversos equipamentos e m\u00e1quinas-ferramenta, tais como: 02 (dois) tornos convencionais, sendo 01 (um) da fabricante Nardini, modelo Nodus e o 01 (uma) da fabricante Mitto, modelo 220 M II; 01 (um) torno CNC, fabricante Nardini, modelo Logic 195II; 01 (um) torno detalonador, fabricante WMW, modelo DH250; 01 (um) centro de usinagem vertical CNC, fabricante ROMI, modelo D600, com volume de usinagem de 600 X 530 X 580 mm; 02 (duas) fresadoras universais, sendo 01 (uma) da fabricante Strigom, modelo MS400-02 e 01 (uma) da fabricante WMW, modelo FUW; 01 (uma) fresadora CNC, fabricante ROMI, modelo Discovery 308; 01 (uma) furadeira radial, fabricante Czepel, modelo RF51\/B; 02 (duas) furadeiras de coluna, sendo 01 (uma) da fabricante Sanches Blanes, modelo FB-25 e 01 (uma) da fabricante Clark, modelo F45MC; 01 (uma) plaina limadora, fabricante Strigom, modelo GH560\/M; 01 (uma) mandriladora, fabricante VEB, modelo BFT63; 01 (uma) fresadora dentadora, fabricante WMW, modelo ZFWZ; 01 (uma) retificadora, fabricante VEB, modelo SFW315; 01 (uma) serra de fita, fabricante Franho, modelo FM-500, com capacidade de corte de 250 mm; 01 (uma) m\u00e1quina de soldagem MIG\/MAG, fabricante Merkle, modelo MB250LK; 01 (um) compressor de ar, fabricante Schulz, modelo MSV30MAX; 01 (uma) mesa vibrat\u00f3ria; computadores; e ferramentas de uso geral.<\/p>\n<p><strong>E-mail:<\/strong> numae@ufsm.br<br \/><strong>Telefone:<\/strong>\u00a0(55) 3220 8251 \/ 3220 8842<br \/><strong>Localiza\u00e7\u00e3o:<\/strong> Pr\u00e9dio 10 Sala 401<\/p>\n<p><strong>Chefe:<\/strong>\u00a0Prof. Alexandre Aparecido Buenos<br \/><strong>Chefe substituto:<\/strong>\u00a0Prof. Cristiano Jos\u00e9 Scheuer<\/p>\n<p>\u00a0<\/p>\n\n\n<div class=\"wp-block-image\">\n<figure class=\"aligncenter\"><img fetchpriority=\"high\" decoding=\"async\" width=\"662\" height=\"716\" src=\"https:\/\/www.ufsm.br\/cursos\/pos-graduacao\/santa-maria\/pgmec\/wp-content\/uploads\/sites\/595\/2019\/06\/image-4.jpg\" alt=\"\" class=\"wp-image-284\" srcset=\"https:\/\/www.ufsm.br\/app\/uploads\/sites\/595\/2019\/06\/image-4.jpg 662w, https:\/\/www.ufsm.br\/app\/uploads\/sites\/595\/2019\/06\/image-4-277x300.jpg 277w\" sizes=\"(max-width: 662px) 100vw, 662px\" \/><\/figure>\n<\/div>","protected":false},"excerpt":{"rendered":"<p>Com uma \u00e1rea constru\u00edda de aproximadamente 600 m\u00b2, o n\u00facleo tem como fun\u00e7\u00f5es auxiliar na execu\u00e7\u00e3o dos projetos desenvolvidos, sendo que este disp\u00f5e de diversos equipamentos e m\u00e1quinas-ferramenta, tais como: 02 (dois) tornos convencionais, sendo 01 (um) da fabricante Nardini, modelo Nodus e o 01 (uma) da fabricante Mitto, modelo 220 M II; 01 (um) [&hellip;]<\/p>\n","protected":false},"author":801,"featured_media":0,"parent":0,"menu_order":0,"comment_status":"closed","ping_status":"closed","template":"","meta":{"footnotes":""},"categories":[],"tags":[],"class_list":["post-210","page","type-page","status-publish","hentry"],"acf":[],"_links":{"self":[{"href":"https:\/\/www.ufsm.br\/cursos\/pos-graduacao\/santa-maria\/pgmec\/wp-json\/wp\/v2\/pages\/210","targetHints":{"allow":["GET"]}}],"collection":[{"href":"https:\/\/www.ufsm.br\/cursos\/pos-graduacao\/santa-maria\/pgmec\/wp-json\/wp\/v2\/pages"}],"about":[{"href":"https:\/\/www.ufsm.br\/cursos\/pos-graduacao\/santa-maria\/pgmec\/wp-json\/wp\/v2\/types\/page"}],"author":[{"embeddable":true,"href":"https:\/\/www.ufsm.br\/cursos\/pos-graduacao\/santa-maria\/pgmec\/wp-json\/wp\/v2\/users\/801"}],"replies":[{"embeddable":true,"href":"https:\/\/www.ufsm.br\/cursos\/pos-graduacao\/santa-maria\/pgmec\/wp-json\/wp\/v2\/comments?post=210"}],"version-history":[{"count":0,"href":"https:\/\/www.ufsm.br\/cursos\/pos-graduacao\/santa-maria\/pgmec\/wp-json\/wp\/v2\/pages\/210\/revisions"}],"wp:attachment":[{"href":"https:\/\/www.ufsm.br\/cursos\/pos-graduacao\/santa-maria\/pgmec\/wp-json\/wp\/v2\/media?parent=210"}],"wp:term":[{"taxonomy":"category","embeddable":true,"href":"https:\/\/www.ufsm.br\/cursos\/pos-graduacao\/santa-maria\/pgmec\/wp-json\/wp\/v2\/categories?post=210"},{"taxonomy":"post_tag","embeddable":true,"href":"https:\/\/www.ufsm.br\/cursos\/pos-graduacao\/santa-maria\/pgmec\/wp-json\/wp\/v2\/tags?post=210"}],"curies":[{"name":"wp","href":"https:\/\/api.w.org\/{rel}","templated":true}]}}