{"id":635,"date":"2021-03-26T10:39:20","date_gmt":"2021-03-26T13:39:20","guid":{"rendered":"https:\/\/www.ufsm.br\/cursos\/pos-graduacao\/santa-maria\/pgmec\/?page_id=635"},"modified":"2021-03-26T10:39:21","modified_gmt":"2021-03-26T13:39:21","slug":"coorientacao-em-dissertacoes","status":"publish","type":"page","link":"https:\/\/www.ufsm.br\/cursos\/pos-graduacao\/santa-maria\/pgmec\/coorientacao-em-dissertacoes","title":{"rendered":"Coorienta\u00e7\u00e3o em Disserta\u00e7\u00f5es"},"content":{"rendered":"\n<p>Todo aluno poder\u00e1 ter um coorientador que contribuir\u00e1 com a orienta\u00e7\u00e3o do discente, dentro da sua \u00e1rea de conhecimento.<\/p>\n\n\n\n<p>O coorientador compete colaborar com a pesquisa do discente, interagindo com o orientador, no planejamento inicial, na implementa\u00e7\u00e3o e\/ou na reda\u00e7\u00e3o da disserta\u00e7\u00e3o ou tese e dos artigos cient\u00edficos resultantes dos trabalhos finais.<\/p>\n\n\n\n<p>O orientador dever\u00e1 ser escolhido em comum acordo entre professor orientador e aluno orientando.<\/p>\n\n\n\n<p>O coorientador poder\u00e1 ser um professor ou n\u00e3o, devendo ter o t\u00edtulo de Doutor, podendo ser interno ou externo ao PGMec e \u00e0 UFSM. A indica\u00e7\u00e3o do coorientador dever\u00e1 ser aprovado pelo colegiado do programa e ap\u00f3s dever\u00e1 constar no plano de estudos do aluno.<\/p>\n\n\n\n<p>Quando da abertura do processo de defesa de disserta\u00e7\u00e3o, tese ou qualifica\u00e7\u00e3o de doutorado dever\u00e1 ser inclu\u00eddo o coorientador para que conste na portaria de designa\u00e7\u00e3o da comiss\u00e3o examinadora de defesa.<\/p>\n\n\n\n<p>Ao coorientador n\u00e3o compete avaliar o aluno na defesa final, por\u00e9m, poder\u00e1, por indica\u00e7\u00e3o do orientador estar na condi\u00e7\u00e3o de presidente da comiss\u00e3o no lugar do orientador.<\/p>\n\n\n\n<p><strong>COMO PROCEDER:<\/strong><\/p>\n\n\n\n<ol class=\"wp-block-list\"><li>Entregar \u00e0 coordena\u00e7\u00e3o do PGMec (<a href=\"mailto:pgmec@ufsm.br\">pgmec@ufsm.br<\/a>) <strong><em>Requerimento de Coorienta\u00e7\u00e3o<\/em><\/strong> (anexo a essa p\u00e1gina), preenchido e assinado pelo aluno, orientador e coorientador pretendido;<\/li><li>Anexar ao requerimento:<ol type=\"i\"><li>Curr\u00edculo Lattes do coorientador pretendido;<\/li><li>Formul\u00e1rio de Cadastro de Convidados Externos (Anexo 1 do <strong><em>Requerimento de Coorienta\u00e7\u00e3o<\/em><\/strong>);<\/li><li>Carta de concord\u00e2ncia, por parte do Departamento \/ Institui\u00e7\u00e3o de origem do professor externo, para que este seja coorientador de trabalho realizado no PGMec;<\/li><\/ol><\/li><li>Incluir no <a href=\"https:\/\/www.ufsm.br\/cursos\/pos-graduacao\/santa-maria\/posgeomatica\/tutorial-de-preenchimento-do-plano-de-estudos-on-line\/\">Plano de Estudos<\/a> cadastrado no <a href=\"http:\/\/portal.ufsm.br\/aluno\">Portal do Aluno<\/a> apenas ap\u00f3s o aviso de aprova\u00e7\u00e3o pelo Colegiado.<\/li><\/ol>\n\n\n\n<p><strong>Legisla\u00e7\u00e3o:<\/strong><\/p>\n\n\n\n<p><strong><a href=\"https:\/\/www.ufsm.br\/app\/uploads\/sites\/345\/2018\/04\/015-2014-Regimento-da-Ps-Graduao.pdf\">Regimento Geral da P\u00f3s-Gradua\u00e7\u00e3o Stricto Sensu e Lato Sensu da UFSM<\/a><\/strong><\/p>\n\n\n\n<p><strong><a href=\"https:\/\/www.ufsm.br\/app\/uploads\/sites\/595\/2019\/08\/Regulamento_PGMEC_UFSM_2018_REV02.pdf\">Regulamento do Programa de P\u00f3s-Gradua\u00e7\u00e3o em Engenharia Mec\u00e2nica<\/a><\/strong><\/p>\n","protected":false},"excerpt":{"rendered":"<p>Todo aluno poder\u00e1 ter um coorientador que contribuir\u00e1 com a orienta\u00e7\u00e3o do discente, dentro da sua \u00e1rea de conhecimento. O coorientador compete colaborar com a pesquisa do discente, interagindo com o orientador, no planejamento inicial, na implementa\u00e7\u00e3o e\/ou na reda\u00e7\u00e3o da disserta\u00e7\u00e3o ou tese e dos artigos cient\u00edficos resultantes dos trabalhos finais. O orientador dever\u00e1 [&hellip;]<\/p>\n","protected":false},"author":795,"featured_media":0,"parent":0,"menu_order":0,"comment_status":"closed","ping_status":"closed","template":"","meta":{"footnotes":""},"categories":[],"tags":[],"class_list":["post-635","page","type-page","status-publish","hentry"],"acf":[],"_links":{"self":[{"href":"https:\/\/www.ufsm.br\/cursos\/pos-graduacao\/santa-maria\/pgmec\/wp-json\/wp\/v2\/pages\/635","targetHints":{"allow":["GET"]}}],"collection":[{"href":"https:\/\/www.ufsm.br\/cursos\/pos-graduacao\/santa-maria\/pgmec\/wp-json\/wp\/v2\/pages"}],"about":[{"href":"https:\/\/www.ufsm.br\/cursos\/pos-graduacao\/santa-maria\/pgmec\/wp-json\/wp\/v2\/types\/page"}],"author":[{"embeddable":true,"href":"https:\/\/www.ufsm.br\/cursos\/pos-graduacao\/santa-maria\/pgmec\/wp-json\/wp\/v2\/users\/795"}],"replies":[{"embeddable":true,"href":"https:\/\/www.ufsm.br\/cursos\/pos-graduacao\/santa-maria\/pgmec\/wp-json\/wp\/v2\/comments?post=635"}],"version-history":[{"count":0,"href":"https:\/\/www.ufsm.br\/cursos\/pos-graduacao\/santa-maria\/pgmec\/wp-json\/wp\/v2\/pages\/635\/revisions"}],"wp:attachment":[{"href":"https:\/\/www.ufsm.br\/cursos\/pos-graduacao\/santa-maria\/pgmec\/wp-json\/wp\/v2\/media?parent=635"}],"wp:term":[{"taxonomy":"category","embeddable":true,"href":"https:\/\/www.ufsm.br\/cursos\/pos-graduacao\/santa-maria\/pgmec\/wp-json\/wp\/v2\/categories?post=635"},{"taxonomy":"post_tag","embeddable":true,"href":"https:\/\/www.ufsm.br\/cursos\/pos-graduacao\/santa-maria\/pgmec\/wp-json\/wp\/v2\/tags?post=635"}],"curies":[{"name":"wp","href":"https:\/\/api.w.org\/{rel}","templated":true}]}}