{"id":944,"date":"2022-07-14T10:56:01","date_gmt":"2022-07-14T13:56:01","guid":{"rendered":"https:\/\/www.ufsm.br\/cursos\/pos-graduacao\/santa-maria\/pgmec\/?page_id=944"},"modified":"2023-05-10T16:33:56","modified_gmt":"2023-05-10T19:33:56","slug":"a-solicitacao-de-defesa-deve-ser-feita-pelo-menos-20-dias-antes-da-defesa-da-dissertacao","status":"publish","type":"page","link":"https:\/\/www.ufsm.br\/cursos\/pos-graduacao\/santa-maria\/pgmec\/a-solicitacao-de-defesa-deve-ser-feita-pelo-menos-20-dias-antes-da-defesa-da-dissertacao","title":{"rendered":"Solicita\u00e7\u00e3o de Defesa"},"content":{"rendered":"\n<p><\/p>\n\n\n\n<section data-id=\"6a647b7\" data-element_type=\"section\">\n<div data-id=\"01f4f5c\" data-element_type=\"column\">\n<div data-id=\"88649fc\" data-element_type=\"widget\" data-widget_type=\"text-editor.default\">\n<p>A seguir os procedimentos necess\u00e1rios para a solicita\u00e7\u00e3o de Defesa de Disserta\u00e7\u00e3o.<\/p>\n<p>\u00c9 responsabilidade do discente a abertura, no\u00a0<a href=\"https:\/\/portal.ufsm.br\/estudantil\/\" target=\"_blank\" rel=\"noopener\">Portal do Aluno<\/a>, de processo \u00e0 defesa de disserta\u00e7\u00e3o, tese ou trabalho de conclus\u00e3o sugerindo a composi\u00e7\u00e3o da banca examinadora e atendendo ao protocolo \u00e0 tramita\u00e7\u00e3o destes processos, com anteced\u00eancia m\u00ednima de 30 dias da data agendada com a banca. A comiss\u00e3o examinadora dever\u00e1 ser constitu\u00edda de tr\u00eas membros efetivos e um suplente, sendo, no m\u00ednimo, um dos membros efetivos externo \u00e0 UFSM, que ser\u00e3o sugeridos ao Colegiado do Programa de comum acordo pelo orientador e mestrando.<\/p>\n<h4>Abertura de processo \u00e0 defesa de disserta\u00e7\u00e3o<\/h4>\n<p>Antes de abrir o de processo \u00e0 defesa de disserta\u00e7\u00e3o, o discente precisa obrigatoriamente:<\/p>\n<ul>\n<li>Ter conclu\u00eddo, no m\u00ednimo, vinte e quatro cr\u00e9ditos em disciplinas, dentre estes cr\u00e9ditos, ter cursado, a disciplina obrigat\u00f3ria DEM814 M\u00e9todos Matem\u00e1ticos para Engenharia;<\/li>\n<li>Ter demonstrado capacidade de leitura e compreens\u00e3o de 1 (uma) l\u00edngua estrangeira (sufici\u00eancia em l\u00edngua estrangeira no hist\u00f3rico escolar);<\/li>\n<li>Ter publica\u00e7\u00e3o de trabalho ou artigo cient\u00edfico em anais de congressos ou peri\u00f3dico de interesse na \u00e1rea de concentra\u00e7\u00e3o\/linha de pesquisa do discente;<\/li>\n<li>Obter nome completo, CPF ou passaporte, data de nascimento, titula\u00e7\u00e3o, sigla e nome completo da Institui\u00e7\u00e3o de Ensino Superior do membro da banca participante externo \u00e0 UFSM.<\/li>\n<\/ul>\n<p>As disciplinas (c\u00f3digo e nome) que constam no Plano de Estudo dever\u00e3o ser as mesmas do Hist\u00f3rico Escolar. A disciplina Elabora\u00e7\u00e3o de Defesa de Mestrado\/Disserta\u00e7\u00e3o (EDT) n\u00e3o precisa constar no Plano de Estudos.<\/p>\n<p>Tutorial para abrir o processo \u00e0 defesa de disserta\u00e7\u00e3o:<br \/><a href=\"https:\/\/www.ufsm.br\/app\/uploads\/sites\/345\/2018\/08\/TUTORIAL.pdf\" target=\"_blank\" rel=\"noopener\">Tutorial de Solicita\u00e7\u00e3o de Defesa de MDT<\/a><\/p>\n<\/div>\n<\/div>\n<\/section>\n\n\n\n<p><\/p>\n","protected":false},"excerpt":{"rendered":"<p>A seguir os procedimentos necess\u00e1rios para a solicita\u00e7\u00e3o de Defesa de Disserta\u00e7\u00e3o. \u00c9 responsabilidade do discente a abertura, no\u00a0Portal do Aluno, de processo \u00e0 defesa de disserta\u00e7\u00e3o, tese ou trabalho de conclus\u00e3o sugerindo a composi\u00e7\u00e3o da banca examinadora e atendendo ao protocolo \u00e0 tramita\u00e7\u00e3o destes processos, com anteced\u00eancia m\u00ednima de 30 dias da data agendada [&hellip;]<\/p>\n","protected":false},"author":488,"featured_media":0,"parent":0,"menu_order":0,"comment_status":"closed","ping_status":"closed","template":"","meta":{"footnotes":""},"categories":[],"tags":[],"class_list":["post-944","page","type-page","status-publish","hentry"],"acf":[],"_links":{"self":[{"href":"https:\/\/www.ufsm.br\/cursos\/pos-graduacao\/santa-maria\/pgmec\/wp-json\/wp\/v2\/pages\/944","targetHints":{"allow":["GET"]}}],"collection":[{"href":"https:\/\/www.ufsm.br\/cursos\/pos-graduacao\/santa-maria\/pgmec\/wp-json\/wp\/v2\/pages"}],"about":[{"href":"https:\/\/www.ufsm.br\/cursos\/pos-graduacao\/santa-maria\/pgmec\/wp-json\/wp\/v2\/types\/page"}],"author":[{"embeddable":true,"href":"https:\/\/www.ufsm.br\/cursos\/pos-graduacao\/santa-maria\/pgmec\/wp-json\/wp\/v2\/users\/488"}],"replies":[{"embeddable":true,"href":"https:\/\/www.ufsm.br\/cursos\/pos-graduacao\/santa-maria\/pgmec\/wp-json\/wp\/v2\/comments?post=944"}],"version-history":[{"count":0,"href":"https:\/\/www.ufsm.br\/cursos\/pos-graduacao\/santa-maria\/pgmec\/wp-json\/wp\/v2\/pages\/944\/revisions"}],"wp:attachment":[{"href":"https:\/\/www.ufsm.br\/cursos\/pos-graduacao\/santa-maria\/pgmec\/wp-json\/wp\/v2\/media?parent=944"}],"wp:term":[{"taxonomy":"category","embeddable":true,"href":"https:\/\/www.ufsm.br\/cursos\/pos-graduacao\/santa-maria\/pgmec\/wp-json\/wp\/v2\/categories?post=944"},{"taxonomy":"post_tag","embeddable":true,"href":"https:\/\/www.ufsm.br\/cursos\/pos-graduacao\/santa-maria\/pgmec\/wp-json\/wp\/v2\/tags?post=944"}],"curies":[{"name":"wp","href":"https:\/\/api.w.org\/{rel}","templated":true}]}}