{"id":992,"date":"2022-08-03T15:52:51","date_gmt":"2022-08-03T18:52:51","guid":{"rendered":"https:\/\/www.ufsm.br\/cursos\/pos-graduacao\/santa-maria\/pgmec\/?page_id=992"},"modified":"2026-02-09T13:09:34","modified_gmt":"2026-02-09T16:09:34","slug":"aluno-especial","status":"publish","type":"page","link":"https:\/\/www.ufsm.br\/cursos\/pos-graduacao\/santa-maria\/pgmec\/aluno-especial","title":{"rendered":"Aluno Especial"},"content":{"rendered":"\n<p>Os interessados em participar de edital de sele\u00e7\u00e3o de candidatos a Aluno Especial I de P\u00f3s-Gradua\u00e7\u00e3o devem acompanhar as respectivas publica\u00e7\u00f5es conforme cronograma de datas determinado no <a href=\"https:\/\/www.ufsm.br\/calendario\/\" target=\"_blank\" rel=\"noopener\">calend\u00e1rio acad\u00eamico<\/a>.<\/p>\n<p>A sele\u00e7\u00e3o para Aluno Especial I PG \u00e9 feita pelas Coordena\u00e7\u00f5es dos Cursos, de acordo com os\u00a0editais publicados na p\u00e1gina da PRPGP, o qual descreve as normas para inscri\u00e7\u00e3o, sele\u00e7\u00e3o e an\u00e1lise documental classificat\u00f3ria dos candidatos.<\/p>\n<p>As vagas destinadas a esses alunos est\u00e3o condicionadas a disciplinas com saldo positivo de vagas, de acordo com o estipulado pelos cursos de p\u00f3s-gradua\u00e7\u00e3o para a quantidade de vaga em cada disciplina e com pelo menos um aluno regular\/vinculado da UFSM matriculado. Por essa raz\u00e3o, a classifica\u00e7\u00e3o para Aluno Especial I PG ocorre no in\u00edcio do semestre letivo, j\u00e1 que \u00e9 necess\u00e1rio avaliar tamb\u00e9m as matr\u00edculas e as vagas ociosas em disciplinas.<\/p>\n<p>Veja a seguir quem pode se candidatar:<br \/>I \u2013 ALUNOS DE GRADUA\u00c7\u00c3O: Discentes de gradua\u00e7\u00e3o de qualquer Institui\u00e7\u00e3o de Ensino Superior \u2013 IES que tenham cursado, no m\u00ednimo, 75% (setenta e cinco) dos cr\u00e9ditos necess\u00e1rios \u00e0 conclus\u00e3o do seu curso;<br \/>II \u2013 ALUNOS DE P\u00d3S-GRADUA\u00c7\u00c3O EXTERNOS: Discentes vinculados a programas de p\u00f3s-gradua\u00e7\u00e3o de outras IES nacionais ou estrangeiras;<br \/>III \u2013 PORTADORES DE DIPLOMA DE GRADUA\u00c7\u00c3O: Portadores de diploma de curso superior obtido em Institui\u00e7\u00e3o de Ensino Superior reconhecida no Brasil ou no Exterior.<\/p>\n<p>A crit\u00e9rio do programa de p\u00f3s-gradua\u00e7\u00e3o, considerando as disponibilidades institucionais, poder\u00e1 ser concedida a matr\u00edcula de Aluno(a) Especial I em 1 (uma) ou mais disciplinas, de acordo com o n\u00famero de vagas destinadas a aluno(a) especial I.<\/p>\n<p>Os editais s\u00e3o publicados na\u00a0<a href=\"https:\/\/www.ufsm.br\/pro-reitorias\/prpgp\/editais\/\" target=\"_blank\" rel=\"noopener\">p\u00e1gina de editais da PRPGP no link https:\/\/www.ufsm.br\/pro-reitorias\/prpgp\/editais\/<\/a><\/p>\n<p>Normativa Legal: Artigo 88 do\u00a0<a href=\"https:\/\/www.ufsm.br\/app\/uploads\/sites\/345\/2023\/10\/RES_UFSM_2023_139_ANEXO_I_Regulamento-Geral-PG-Stricto-Sensu-UFSM-2023.pdf\" target=\"_blank\" rel=\"noopener\">Regulamento Geral da P\u00f3s-Gradua\u00e7\u00e3o Stricto Sensu \u2013 RESOLU\u00c7\u00c3O UFSM N\u00b0 139\/2023 \u2013 ANEXO I<\/a>.<\/p>\n<p><strong>Acesso a biblioteca e restaurante universit\u00e1rio<\/strong><\/p>\n<p>Os alunos especiais n\u00e3o est\u00e3o habilitados a realizar o empr\u00e9stimo domiciliar nas Bibliotecas da UFSM, conforme\u00a0<a href=\"https:\/\/portal.ufsm.br\/documentos\/publico\/documento.html?id=12793018\" target=\"_blank\" rel=\"noopener\">Regulamento de Empr\u00e9stimo de Material Bibliogr\u00e1fico<\/a>, que diz que \u201co empr\u00e9stimo domiciliar s\u00f3 poder\u00e1 ser efetuado por membros do corpo discente regularmente matriculados em curso na Institui\u00e7\u00e3o\u201d e matr\u00edcula dos alunos especiais \u00e9 vinculada \u00e0 disciplina e n\u00e3o ao curso. Maiores informa\u00e7\u00f5es no telefone (55) 3220-8651, e-mail atendimento.sib@ufsm.br e site\u00a0<a href=\"https:\/\/www.ufsm.br\/orgaos-suplementares\/biblioteca\/divisao-de-emprestimo\" target=\"_blank\" rel=\"noopener\">https:\/\/www.ufsm.br\/orgaos-suplementares\/biblioteca\/divisao-de-emprestimo<\/a><\/p>\n<p>De acordo com a administra\u00e7\u00e3o do Restaurante Universit\u00e1rio (RU\/UFSM),\u00a0<span class=\"il\">Aluno<\/span>\u00a0<span class=\"il\">Especial<\/span>\u00a0n\u00e3o tem direito\u00a0\u00e0s refei\u00e7\u00f5es no\u00a0<span class=\"il\">RU<\/span>. Maiores informa\u00e7\u00f5es no telefone (55) 3220-8405, e-mail secretaria.ru@ufsm.br e site\u00a0<a href=\"https:\/\/www.ufsm.br\/orgaos-suplementares\/ru\/\" target=\"_blank\" rel=\"noopener\">https:\/\/www.ufsm.br\/orgaos-suplementares\/ru\/<\/a><\/p>\n<p>\u00daltimos editais de abertura de inscri\u00e7\u00e3o \u00e0 Categoria de Aluno Especial I PG:<\/p>\n<ul>\n<li>\n<p><a href=\"https:\/\/www.ufsm.br\/pro-reitorias\/prpgp\/editais\/005-2026\" target=\"_blank\" rel=\"noopener\">Edital N. 005\/2026 &#8211; PRPGP\/UFSM<\/a> (para 1\u00ba semestre de 2026)<\/p>\n<\/li>\n<li>\n<p><a href=\"https:\/\/www.ufsm.br\/pro-reitorias\/prpgp\/editais\/026-2025\" target=\"_blank\" rel=\"noopener\">Edital N. 026\/2025 &#8211; PRPGP\/UFSM<\/a> (para 2\u00ba semestre de 2025)<\/p>\n<\/li>\n<li>\n<p><a href=\"https:\/\/www.ufsm.br\/pro-reitorias\/prpgp\/editais\/007-2025\" target=\"_blank\" rel=\"noopener\">Edital N. 007\/2025 &#8211; PRPGP\/UFSM<\/a> (para 1\u00ba semestre de 2025)<\/p>\n<\/li>\n<li>\n<p><a href=\"https:\/\/www.ufsm.br\/pro-reitorias\/prpgp\/editais\/016-2024\" target=\"_blank\" rel=\"noopener\">Edital N. 016\/2024 \u2013 PRPGP\/UFSM<\/a> (para 2\u00ba semestre de 2024)<\/p>\n<\/li>\n<li>\n<p><a href=\"https:\/\/www.ufsm.br\/pro-reitorias\/prpgp\/editais\/003-2024\" target=\"_blank\" rel=\"noopener\">Edital N. 003\/2024 &#8211; PRPGP\/UFSM<\/a> (para 1\u00ba Semestre de 2024)<\/p>\n<\/li>\n<li>\n<p><a href=\"https:\/\/www.ufsm.br\/pro-reitorias\/prpgp\/editais\/027-2023\" target=\"_blank\" rel=\"noopener\">Edital N. 027\/2023 &#8211; PRPGP\/UFSM<\/a> (para 2\u00ba Semestre de 2023)<\/p>\n<\/li>\n<li>\n<p><a href=\"https:\/\/www.ufsm.br\/pro-reitorias\/prpgp\/editais\/007-2023\" target=\"_blank\" rel=\"noopener\">Edital N. 007\/2023 &#8211; PRPGP\/UFSM<\/a> (para 1\u00ba Semestre de 2023)<\/p>\n<\/li>\n<\/ul>\n","protected":false},"excerpt":{"rendered":"<p>Os interessados em participar de edital de sele\u00e7\u00e3o de candidatos a Aluno Especial I de P\u00f3s-Gradua\u00e7\u00e3o devem acompanhar as respectivas publica\u00e7\u00f5es conforme cronograma de datas determinado no calend\u00e1rio acad\u00eamico. A sele\u00e7\u00e3o para Aluno Especial I PG \u00e9 feita pelas Coordena\u00e7\u00f5es dos Cursos, de acordo com os\u00a0editais publicados na p\u00e1gina da PRPGP, o qual descreve as [&hellip;]<\/p>\n","protected":false},"author":488,"featured_media":0,"parent":0,"menu_order":0,"comment_status":"closed","ping_status":"closed","template":"","meta":{"footnotes":""},"categories":[],"tags":[],"class_list":["post-992","page","type-page","status-publish","hentry"],"acf":[],"_links":{"self":[{"href":"https:\/\/www.ufsm.br\/cursos\/pos-graduacao\/santa-maria\/pgmec\/wp-json\/wp\/v2\/pages\/992","targetHints":{"allow":["GET"]}}],"collection":[{"href":"https:\/\/www.ufsm.br\/cursos\/pos-graduacao\/santa-maria\/pgmec\/wp-json\/wp\/v2\/pages"}],"about":[{"href":"https:\/\/www.ufsm.br\/cursos\/pos-graduacao\/santa-maria\/pgmec\/wp-json\/wp\/v2\/types\/page"}],"author":[{"embeddable":true,"href":"https:\/\/www.ufsm.br\/cursos\/pos-graduacao\/santa-maria\/pgmec\/wp-json\/wp\/v2\/users\/488"}],"replies":[{"embeddable":true,"href":"https:\/\/www.ufsm.br\/cursos\/pos-graduacao\/santa-maria\/pgmec\/wp-json\/wp\/v2\/comments?post=992"}],"version-history":[{"count":0,"href":"https:\/\/www.ufsm.br\/cursos\/pos-graduacao\/santa-maria\/pgmec\/wp-json\/wp\/v2\/pages\/992\/revisions"}],"wp:attachment":[{"href":"https:\/\/www.ufsm.br\/cursos\/pos-graduacao\/santa-maria\/pgmec\/wp-json\/wp\/v2\/media?parent=992"}],"wp:term":[{"taxonomy":"category","embeddable":true,"href":"https:\/\/www.ufsm.br\/cursos\/pos-graduacao\/santa-maria\/pgmec\/wp-json\/wp\/v2\/categories?post=992"},{"taxonomy":"post_tag","embeddable":true,"href":"https:\/\/www.ufsm.br\/cursos\/pos-graduacao\/santa-maria\/pgmec\/wp-json\/wp\/v2\/tags?post=992"}],"curies":[{"name":"wp","href":"https:\/\/api.w.org\/{rel}","templated":true}]}}