{"id":1001,"date":"2019-05-27T16:19:38","date_gmt":"2019-05-27T19:19:38","guid":{"rendered":"https:\/\/www.ufsm.br\/cursos\/pos-graduacao\/santa-maria\/poscom\/?page_id=1001"},"modified":"2019-05-27T16:19:42","modified_gmt":"2019-05-27T19:19:42","slug":"gt-estudos-em-publicidade","status":"publish","type":"page","link":"https:\/\/www.ufsm.br\/cursos\/pos-graduacao\/santa-maria\/poscom\/gt-estudos-em-publicidade","title":{"rendered":"GT Estudos em Publicidade"},"content":{"rendered":"\n<p><strong><a href=\"https:\/\/www.ufsm.br\/cursos\/pos-graduacao\/santa-maria\/poscom\/wp-content\/uploads\/sites\/513\/2019\/05\/Eliane_nas-normas.pdf\" target=\"_blank\" rel=\"noreferrer noopener\" aria-label=\"Bradesco e Olimp\u00edadas: o esporte como estrat\u00e9gia no discurso promocional (opens in a new tab)\">Bradesco e Olimp\u00edadas: o esporte como estrat\u00e9gia no discurso promocional<\/a><\/strong>, de Eliane G\u00dcNTZEL<\/p>\n\n\n\n<p><strong><a href=\"https:\/\/www.ufsm.br\/cursos\/pos-graduacao\/santa-maria\/poscom\/wp-content\/uploads\/sites\/513\/2019\/05\/TFG-II-artigo-sipecom.pdf\" target=\"_blank\" rel=\"noreferrer noopener\" aria-label=\"Consumir ou vivenciar valores de marca: a percep\u00e7\u00e3o da Made In Guarda por seus consumidores (opens in a new tab)\">Consumir ou vivenciar valores de marca: a percep\u00e7\u00e3o da Made In Guarda por seus consumidores<\/a><\/strong>, de Luana Borges LEMES, Fernanda Sagrilo ANDRES<\/p>\n\n\n\n<p><strong><a href=\"https:\/\/www.ufsm.br\/cursos\/pos-graduacao\/santa-maria\/poscom\/wp-content\/uploads\/sites\/513\/2019\/05\/Artigo-SIPECOM-20131.pdf\" target=\"_blank\" rel=\"noreferrer noopener\" aria-label=\"Promocionalidade televisual: estrat\u00e9gias do Grupo RBS nas campanhas institucionais, (opens in a new tab)\">Promocionalidade televisual: estrat\u00e9gias do Grupo RBS nas campanhas institucionais<\/a><\/strong><a href=\"https:\/\/www.ufsm.br\/cursos\/pos-graduacao\/santa-maria\/poscom\/wp-content\/uploads\/sites\/513\/2019\/05\/Artigo-SIPECOM-20131.pdf\" target=\"_blank\" rel=\"noreferrer noopener\" aria-label=\"Promocionalidade televisual: estrat\u00e9gias do Grupo RBS nas campanhas institucionais, (opens in a new tab)\">,<\/a> de Gabriel SOUZA, Fernanda Sagrilo ANDRES; Janderle RABAIOLLI<\/p>\n\n\n\n<p><strong><a href=\"https:\/\/www.ufsm.br\/cursos\/pos-graduacao\/santa-maria\/poscom\/wp-content\/uploads\/sites\/513\/2019\/05\/Al\u00e9m-do-enredo_an\u00e1lise-das-inser\u00e7\u00f5es-do-discurso-publicit\u00e1rio-na-telenovela-Avenida-Brasil.pdf\" target=\"_blank\" rel=\"noreferrer noopener\" aria-label=\"Al\u00e9m do enredo: an\u00e1lise das inser\u00e7\u00f5es do discurso publicit\u00e1rio na telenovela \u201cAvenida Brasil\u201d (opens in a new tab)\">Al\u00e9m do enredo: an\u00e1lise das inser\u00e7\u00f5es do discurso publicit\u00e1rio na telenovela \u201cAvenida Brasil\u201d<\/a><\/strong>, de Alana Machado CARDOSO, Ta\u00eds Steffenello GHISLENI, \u00c2ngela Lovato DELLAZZANA<\/p>\n\n\n\n<p><strong><a href=\"https:\/\/www.ufsm.br\/cursos\/pos-graduacao\/santa-maria\/poscom\/wp-content\/uploads\/sites\/513\/2019\/05\/A-Comunica\u00e7\u00e3o-Estrat\u00e9gica-possibilitando-v\u00ednculos-de-co-responsabilidade.pdf\" target=\"_blank\" rel=\"noreferrer noopener\" aria-label=\"A comunica\u00e7\u00e3o estrat\u00e9gica possibilitando v\u00ednculos de co-responsabilidade (opens in a new tab)\">A comunica\u00e7\u00e3o estrat\u00e9gica possibilitando v\u00ednculos de co-responsabilidade<\/a><\/strong>, de Fabiane da Silva VERISSIMO, Fernanda Sagrilo ANDRES<\/p>\n\n\n\n<p><strong><a href=\"https:\/\/www.ufsm.br\/cursos\/pos-graduacao\/santa-maria\/poscom\/wp-content\/uploads\/sites\/513\/2019\/05\/Artigo_SIPECOM2013.pdf\" target=\"_blank\" rel=\"noreferrer noopener\" aria-label=\"A autopromo\u00e7\u00e3o da RBS TV: o discurso empregado no programa Gre-Nal \u00e9 Gre-Nal (opens in a new tab)\">A autopromo\u00e7\u00e3o da RBS TV: o discurso empregado no programa Gre-Nal \u00e9 Gre-Nal<\/a><\/strong>, de Ang\u00e9lica Moreira PEREIRA<\/p>\n\n\n\n<p><strong><a href=\"https:\/\/www.ufsm.br\/cursos\/pos-graduacao\/santa-maria\/poscom\/wp-content\/uploads\/sites\/513\/2019\/05\/A-Cor-e-a-Embalagem-na-Decis\u00e3o-de-Compra.pdf\" target=\"_blank\" rel=\"noreferrer noopener\" aria-label=\"A cor e a embalagem na decis\u00e3o de compra: reflex\u00f5es sobre estrat\u00e9gias persuasivas no PDV (opens in a new tab)\">A cor e a embalagem na decis\u00e3o de compra: reflex\u00f5es sobre estrat\u00e9gias persuasivas no PDV<\/a><\/strong>; Carlos Andr\u00e9 VIANA, Carla Rocha IANN, Renata Corr\u00eaa COUTINHO<\/p>\n\n\n\n<p><strong><a href=\"https:\/\/www.ufsm.br\/cursos\/pos-graduacao\/santa-maria\/poscom\/wp-content\/uploads\/sites\/513\/2019\/05\/Artigo-SIPECOM.pdf\" target=\"_blank\" rel=\"noreferrer noopener\" aria-label=\"Publicidade + entretenimento: um estudo da integra\u00e7\u00e3o de marca da Renault no game The Sims (opens in a new tab)\">Publicidade + entretenimento: um estudo da integra\u00e7\u00e3o de marca da Renault no game The Sims<\/a><\/strong>; Mateus da Cunha SANTOS, Janderle RABAIOLLI, Laura WOTTRICH<\/p>\n\n\n\n<p><strong><a href=\"https:\/\/www.ufsm.br\/cursos\/pos-graduacao\/santa-maria\/poscom\/wp-content\/uploads\/sites\/513\/2019\/05\/ArtigoSipecom-2013.pdf\" target=\"_blank\" rel=\"noreferrer noopener\" aria-label=\"A efici\u00eancia da publicidade In Stream no YouTube (opens in a new tab)\">A efici\u00eancia da publicidade In Stream no YouTube<\/a><\/strong>; P\u00e2mela D\u2019AGOSTIN, Adriano Cunha De MORAES, Giulia Goulart PICOLI, Andr\u00e9 Da Silva PEREIRA<\/p>\n\n\n\n<p><strong><a href=\"https:\/\/www.ufsm.br\/cursos\/pos-graduacao\/santa-maria\/poscom\/wp-content\/uploads\/sites\/513\/2019\/05\/Artigo-13-GT-Publicidade-NUNES-GARCEZ.pdf\" target=\"_blank\" rel=\"noreferrer noopener\" aria-label=\"A utiliza\u00e7\u00e3o do Product placement no cinema e sua influ\u00eancia no Comportamento do Consumidor (opens in a new tab)\">A utiliza\u00e7\u00e3o do Product placement no cinema e sua influ\u00eancia no Comportamento do Consumidor<\/a><\/strong>; Gabriela Soares NUNES, Renata Oliveira GARCEZ<\/p>\n\n\n\n<p><strong><a href=\"https:\/\/www.ufsm.br\/cursos\/pos-graduacao\/santa-maria\/poscom\/wp-content\/uploads\/sites\/513\/2019\/05\/AS-CONEX\u00d5ES-ENTRE-A-IDENTIDADE-VISUAL-DO-PROJETO-MUSICAL-BIOPHILIA-COM-O-CONTEXTO-P\u00d3S-MODERNO_JAIMESON_MACHADO.pdf\" target=\"_blank\" rel=\"noreferrer noopener\" aria-label=\"As conex\u00f5es entre a identidade visual do projeto musical Biophilia com o contexto p\u00f3s-moderno (opens in a new tab)\">As conex\u00f5es entre a identidade visual do projeto musical Biophilia com o contexto p\u00f3s-moderno<\/a><\/strong>; Jaimeson Machado GARCIA, Janea KESSLER<\/p>\n\n\n\n<p><strong><a href=\"https:\/\/www.ufsm.br\/cursos\/pos-graduacao\/santa-maria\/poscom\/wp-content\/uploads\/sites\/513\/2019\/05\/Atualizando-o-mapa-da-cria\u00e7\u00e3o-publicit\u00e1ria-no-Rio-Grande-do-Sul.pdf\">Atualizando o mapa da cria\u00e7\u00e3o publicit\u00e1ria no Rio Grande do Sul<\/a><\/strong>; Gabriela RECH, Let\u00edcia de Souza CABRAL, Juliana PETERMANN<\/p>\n\n\n\n<p><strong><a href=\"https:\/\/www.ufsm.br\/cursos\/pos-graduacao\/santa-maria\/poscom\/wp-content\/uploads\/sites\/513\/2019\/05\/T\u00e3o-ogro-quanto-pr\u00edncipe-uma-an\u00e1lise-do-Percurso-Gerativo-acerca-do-filme-Shrek-seu-ethos-e-ironias.pdf\" target=\"_blank\" rel=\"noreferrer noopener\" aria-label=\"T\u00e3o ogro quanto pr\u00edncipe, uma an\u00e1lise do percurso gerativo acerca do filme Shrek, seu ethos e ironias (opens in a new tab)\">T\u00e3o ogro quanto pr\u00edncipe, uma an\u00e1lise do percurso gerativo acerca do filme Shrek, seu ethos e ironias<\/a><\/strong>; Alexia S\u00d6RENSEN<\/p>\n\n\n\n<p><strong><a href=\"https:\/\/www.ufsm.br\/cursos\/pos-graduacao\/santa-maria\/poscom\/wp-content\/uploads\/sites\/513\/2019\/05\/Giandra-O-PL\u00c1GIO-A-PUBLICIDADE-E-OS-PROCESSOS-CRIATIVOS.pdf\" target=\"_blank\" rel=\"noreferrer noopener\" aria-label=\"O pl\u00e1gio, a publicidade e os processos criativos (opens in a new tab)\">O pl\u00e1gio, a publicidade e os processos criativos<\/a><\/strong>; Giandra Carla dos SANTOS, Janderle RABAIOLLI<\/p>\n\n\n\n<p><strong><a href=\"https:\/\/www.ufsm.br\/cursos\/pos-graduacao\/santa-maria\/poscom\/wp-content\/uploads\/sites\/513\/2019\/05\/Artigo-12-GT-Publicidade-CERVO-CARDOSO-CASAGRANDE-PETTERMANN.pdf\" target=\"_blank\" rel=\"noreferrer noopener\" aria-label=\"O percurso gerativo de sentido analisado em publica\u00e7\u00e3o na coluna Por a\u00ed do Jornal Zero Hora (opens in a new tab)\">O percurso gerativo de sentido analisado em publica\u00e7\u00e3o na coluna Por a\u00ed do Jornal Zero Hora<\/a><\/strong>; Julia CERVO, Loise Buchmann CARDOSO, Magnos Cassiano CASAGRANDE, Juliana PETTERMANN<\/p>\n\n\n\n<p><strong><a href=\"https:\/\/www.ufsm.br\/cursos\/pos-graduacao\/santa-maria\/poscom\/wp-content\/uploads\/sites\/513\/2019\/05\/SIPECOM__Clarissa-Farencena-ARRUDA_-A-Gera\u00e7\u00e3o-de-Sentido-Aplicada-ao-Candy-Crush-Saga.pdf\" target=\"_blank\" rel=\"noreferrer noopener\" aria-label=\"A constru\u00e7\u00e3o da narrativa e a intera\u00e7\u00e3o com o usu\u00e1rio: a gera\u00e7\u00e3o de sentido aplicada ao Candy Crush Saga (opens in a new tab)\">A constru\u00e7\u00e3o da narrativa e a intera\u00e7\u00e3o com o usu\u00e1rio: a gera\u00e7\u00e3o de sentido aplicada ao Candy Crush Saga<\/a><\/strong>; Clarissa Farencena ARRUDA, Juliana PETERMANN<\/p>\n\n\n\n<p><strong><a href=\"https:\/\/www.ufsm.br\/cursos\/pos-graduacao\/santa-maria\/poscom\/wp-content\/uploads\/sites\/513\/2019\/05\/artigo-cesar-steffen.pdf\" target=\"_blank\" rel=\"noreferrer noopener\" aria-label=\"Comunica\u00e7\u00e3o, publicidade, ind\u00fastria criativa e empreendedorismo: problematizando e construindo um projeto de pesquisa sobre suas interfaces (opens in a new tab)\">Comunica\u00e7\u00e3o, publicidade, ind\u00fastria criativa e empreendedorismo: problematizando e construindo um projeto de pesquisa sobre suas interfaces<\/a><\/strong>; C\u00e9sar STEFFEN<\/p>\n","protected":false},"excerpt":{"rendered":"<p>Bradesco e Olimp\u00edadas: o esporte como estrat\u00e9gia no discurso promocional, de Eliane G\u00dcNTZEL Consumir ou vivenciar valores de marca: a percep\u00e7\u00e3o da Made In Guarda por seus consumidores, de Luana Borges LEMES, Fernanda Sagrilo ANDRES Promocionalidade televisual: estrat\u00e9gias do Grupo RBS nas campanhas institucionais, de Gabriel SOUZA, Fernanda Sagrilo ANDRES; Janderle RABAIOLLI Al\u00e9m do enredo: [&hellip;]<\/p>\n","protected":false},"author":723,"featured_media":0,"parent":0,"menu_order":0,"comment_status":"closed","ping_status":"closed","template":"","meta":{"footnotes":""},"categories":[],"tags":[],"class_list":["post-1001","page","type-page","status-publish","hentry"],"acf":[],"_links":{"self":[{"href":"https:\/\/www.ufsm.br\/cursos\/pos-graduacao\/santa-maria\/poscom\/wp-json\/wp\/v2\/pages\/1001","targetHints":{"allow":["GET"]}}],"collection":[{"href":"https:\/\/www.ufsm.br\/cursos\/pos-graduacao\/santa-maria\/poscom\/wp-json\/wp\/v2\/pages"}],"about":[{"href":"https:\/\/www.ufsm.br\/cursos\/pos-graduacao\/santa-maria\/poscom\/wp-json\/wp\/v2\/types\/page"}],"author":[{"embeddable":true,"href":"https:\/\/www.ufsm.br\/cursos\/pos-graduacao\/santa-maria\/poscom\/wp-json\/wp\/v2\/users\/723"}],"replies":[{"embeddable":true,"href":"https:\/\/www.ufsm.br\/cursos\/pos-graduacao\/santa-maria\/poscom\/wp-json\/wp\/v2\/comments?post=1001"}],"version-history":[{"count":0,"href":"https:\/\/www.ufsm.br\/cursos\/pos-graduacao\/santa-maria\/poscom\/wp-json\/wp\/v2\/pages\/1001\/revisions"}],"wp:attachment":[{"href":"https:\/\/www.ufsm.br\/cursos\/pos-graduacao\/santa-maria\/poscom\/wp-json\/wp\/v2\/media?parent=1001"}],"wp:term":[{"taxonomy":"category","embeddable":true,"href":"https:\/\/www.ufsm.br\/cursos\/pos-graduacao\/santa-maria\/poscom\/wp-json\/wp\/v2\/categories?post=1001"},{"taxonomy":"post_tag","embeddable":true,"href":"https:\/\/www.ufsm.br\/cursos\/pos-graduacao\/santa-maria\/poscom\/wp-json\/wp\/v2\/tags?post=1001"}],"curies":[{"name":"wp","href":"https:\/\/api.w.org\/{rel}","templated":true}]}}