{"id":189,"date":"2019-01-18T09:49:22","date_gmt":"2019-01-18T11:49:22","guid":{"rendered":"https:\/\/www.ufsm.br\/cursos\/pos-graduacao\/santa-maria\/poscom\/?page_id=189"},"modified":"2023-10-20T07:55:41","modified_gmt":"2023-10-20T10:55:41","slug":"comunicacao-institucional-e-organizacional","status":"publish","type":"page","link":"https:\/\/www.ufsm.br\/cursos\/pos-graduacao\/santa-maria\/poscom\/comunicacao-institucional-e-organizacional","title":{"rendered":"Comunica\u00e7\u00e3o institucional e organizacional (Gcinco)"},"content":{"rendered":"\t\t<div data-elementor-type=\"wp-page\" data-elementor-id=\"189\" class=\"elementor elementor-189\">\n\t\t\t\t\t\t<section class=\"elementor-section elementor-top-section elementor-element elementor-element-29fe3230 elementor-section-boxed elementor-section-height-default elementor-section-height-default\" data-id=\"29fe3230\" data-element_type=\"section\">\n\t\t\t\t\t\t<div class=\"elementor-container elementor-column-gap-default\">\n\t\t\t\t\t<div class=\"elementor-column elementor-col-100 elementor-top-column elementor-element elementor-element-66e0c179\" data-id=\"66e0c179\" data-element_type=\"column\">\n\t\t\t<div class=\"elementor-widget-wrap elementor-element-populated\">\n\t\t\t\t\t\t<div class=\"elementor-element elementor-element-7b18c61f elementor-widget elementor-widget-text-editor\" data-id=\"7b18c61f\" data-element_type=\"widget\" data-widget_type=\"text-editor.default\">\n\t\t\t\t<div class=\"elementor-widget-container\">\n\t\t\t\t\t\t\t<p style=\"text-align: justify\"><span style=\"font-weight: 400\"><strong>Breve hist\u00f3rico:<\/strong>\u00a0<\/span><span style=\"font-weight: 400\">Criado em 1995, o Grupo de Pesquisa <\/span><b>Comunica\u00e7\u00e3o Institucional e Organizacional <\/b><span style=\"font-weight: 400\">da <\/span><b>Universidade Federal de Santa Maria<\/b><span style=\"font-weight: 400\">, sob a lideran\u00e7a das professoras <\/span><b>Maria Ivete Trevisan Foss\u00e1<\/b><span style=\"font-weight: 400\"> e<\/span><b> Eugenia Maria Mariano da Rocha Barichell<\/b><span style=\"font-weight: 400\">o, investiga as transforma\u00e7\u00f5es que o midi\u00e1tico-tecnol\u00f3gico ocasiona nas rela\u00e7\u00f5es matizadas entre institui\u00e7\u00f5es, organiza\u00e7\u00f5es e seus p\u00fablicos.<\/span><\/p>\n<p style=\"text-align: justify\"><span style=\"font-weight: 400\">Ao longo de suas quase tr\u00eas d\u00e9cadas de trabalho, o Grupo tem contribu\u00eddo significativamente para desenvolver pesquisas que n\u00e3o apenas qualificam teorias e metodologias, mas tamb\u00e9m impactam diretamente as pr\u00e1ticas e as profiss\u00f5es vinculadas \u00e0 Comunica\u00e7\u00e3o. Diferentes objetos e fen\u00f4menos s\u00e3o acionados por seus integrantes, observados e tensionados \u00e0 luz de teorias convergentes, especialmente aquelas vinculadas \u00e0s Rela\u00e7\u00f5es P\u00fablicas e \u00e0 Comunica\u00e7\u00e3o Organizacional.<\/span><\/p>\n<p style=\"text-align: justify\"><span style=\"font-weight: 400\">O Gcinco, por sua caracter\u00edstica transdisciplinar e sua vincula\u00e7\u00e3o ao Programa de P\u00f3s-Gradua\u00e7\u00e3o em Comunica\u00e7\u00e3o, congrega m\u00faltiplas forma\u00e7\u00f5es acad\u00eamico-profissionais, cujos interesses de pesquisa s\u00e3o circunscritos em problematiza\u00e7\u00f5es relacionadas ao <\/span><b>fen\u00f4meno inovativo<\/b><span style=\"font-weight: 400\">, a <\/span><b>transforma\u00e7\u00e3o digital<\/b><span style=\"font-weight: 400\">, a<\/span><b> plataformiza\u00e7\u00e3o<\/b><span style=\"font-weight: 400\">, a <\/span><b>intelig\u00eancia artificial<\/b><span style=\"font-weight: 400\">, as <\/span><b>m\u00eddias sociais<\/b><span style=\"font-weight: 400\"> e suas implica\u00e7\u00f5es no contexto s\u00f3cio-organizacional atual. Al\u00e9m disso, o Grupo tamb\u00e9m investiga o futuro da <\/span><b>educa\u00e7\u00e3o superio<\/b><span style=\"font-weight: 400\">r no Brasil, as reconfigura\u00e7\u00f5es do mundo do <\/span><b>trabalho<\/b><span style=\"font-weight: 400\">, <\/span><b>imagem e reputa\u00e7\u00e3<\/b><span style=\"font-weight: 400\">o, <\/span><b>diversidade e inclus\u00e3o<\/b><span style=\"font-weight: 400\"> nas organiza\u00e7\u00f5es, <\/span><b>media\u00e7\u00e3o de conflitos<\/b><span style=\"font-weight: 400\"> organizacionais, <\/span><b>gest\u00e3o de crises<\/b><span style=\"font-weight: 400\"> comunicacionais, <\/span><b>rela\u00e7\u00f5es p\u00fablicas<\/b><span style=\"font-weight: 400\"> estrat\u00e9gicas, <\/span><b>visibilidade e legitimidade<\/b><span style=\"font-weight: 400\"> organizacional, <\/span><b>desinforma\u00e7\u00e3o<\/b><span style=\"font-weight: 400\">, <\/span><b>midiatiza\u00e7\u00e3o<\/b><span style=\"font-weight: 400\">, <\/span><b>ecologia da m\u00eddia<\/b><span style=\"font-weight: 400\"> e outros.<\/span><\/p>\n<p style=\"text-align: justify\"><span style=\"font-weight: 400\">Podem participar de seus encontros estudantes de gradua\u00e7\u00e3o e p\u00f3s-gradua\u00e7\u00e3o vinculados \u00e0 UFSM e a outras institui\u00e7\u00f5es de ensino superior p\u00fablicas e privadas, bem como professores e pesquisadores, al\u00e9m de profissionais com interesse nas camadas matizadas do campo da Comunica\u00e7\u00e3o Institucional e Organizacional.<\/span><\/p>\n<p style=\"text-align: justify\"><br \/><strong>Objetivos do grupo:<\/strong>\u00a0<span style=\"font-weight: 400\">Refletir sobre as transforma\u00e7\u00f5es que o midi\u00e1tico-tecnol\u00f3gico ocasiona nas rela\u00e7\u00f5es entre institui\u00e7\u00f5es, organiza\u00e7\u00f5es e seus p\u00fablicos, ao passo de produzir pesquisas de ponta com reconhecimento nacional e internacional. Al\u00e9m disso, busca-se atualizar as teorias e os m\u00e9todos para que a produ\u00e7\u00e3o cient\u00edfica seja capaz de abarcar os movimentos emergentes que circunscrevem o campo comunicacional, especialmente as Rela\u00e7\u00f5es P\u00fablicas.<\/span><\/p>\n<p style=\"text-align: justify\"><span style=\"font-weight: 400\"><strong>P\u00fablico-alvo:<\/strong>\u00a0<\/span><span style=\"font-weight: 400\">Estudantes de gradua\u00e7\u00e3o e p\u00f3s-gradua\u00e7\u00e3o, professores e pesquisadores vinculados \u00e0 UFSM e a outras institui\u00e7\u00f5es de pesquisa ou ensino, tanto nacional quanto internacional, al\u00e9m de profissionais de diferentes \u00e1reas com interesse nas camadas matizadas da Comunica\u00e7\u00e3o Institucional e Organizacional.<\/span><\/p>\n<p><strong>L\u00edderes:\u00a0<\/strong><span style=\"font-weight: 400\">Maria Ivete Trevisan Foss\u00e1 e Eugenia Maria Mariano da Rocha Barichello<\/span><\/p>\n<p><strong>Linhas de Pesquisa:\u00a0<\/strong><\/p>\n<ul>\n<li style=\"font-weight: 400;text-align: justify\"><b>Apropria\u00e7\u00f5es midi\u00e1ticas em contextos organizacionais emergentes<\/b><span style=\"font-weight: 400\">: investiga o atual contexto social midiatizado das organiza\u00e7\u00f5es e seu ecossistema midi\u00e1tico, ao passo de desvelar as apropria\u00e7\u00f5es e usos da m\u00eddia, a partir de suas l\u00f3gicas e <\/span><i><span style=\"font-weight: 400\">affordances<\/span><\/i><span style=\"font-weight: 400\">, por agentes e atores organizacionais. \u00c9 interesse dessa linha acionar as teorias e metodologias de pesquisa vinculadas ao campo da Comunica\u00e7\u00e3o para refletir sobre os fen\u00f4menos que emergem diariamente a partir das tecnologias, especialmente aqueles relacionados \u00e0 plataformiza\u00e7\u00e3o, \u00e0 inova\u00e7\u00e3o, \u00e0 transforma\u00e7\u00e3o digital, \u00e0 intelig\u00eancia artificial e seus desdobramentos para a sociedade e suas organiza\u00e7\u00f5es.<\/span><\/li>\n<li style=\"font-weight: 400;text-align: justify\"><b>Comunica\u00e7\u00e3o e cidadania<\/b><span style=\"font-weight: 400\">: investiga as estrat\u00e9gias comunicacionais desenvolvidas pelos diferentes atores e campos sociais que tenham como foco quest\u00f5es ligadas \u00e0 cidadania, como os movimentos sociais, as iniciativas populares e as pol\u00edticas p\u00fablicas orientadas \u00e0 comunica\u00e7\u00e3o comunit\u00e1ria, popular e\/ou alternativa.<\/span><\/li>\n<li style=\"font-weight: 400;text-align: justify\"><b>Comunica\u00e7\u00e3o institucional e educa\u00e7\u00e3o superior<\/b><span style=\"font-weight: 400\">: investiga os processos e pr\u00e1ticas de comunica\u00e7\u00e3o e relacionamento das institui\u00e7\u00f5es de ensino superior, al\u00e9m das estrat\u00e9gias para a produ\u00e7\u00e3o e divulga\u00e7\u00e3o da ci\u00eancia.<\/span><\/li>\n<li style=\"font-weight: 400;text-align: justify\"><b>Comunica\u00e7\u00e3o institucional e visibilidade midi\u00e1tica<\/b><span style=\"font-weight: 400\">: investiga a comunica\u00e7\u00e3o institucional, tomando como principal pressuposto as rela\u00e7\u00f5es estabelecidas entre a visibilidade e a legitimidade das institui\u00e7\u00f5es \u00e0 luz das estrat\u00e9gias de comunica\u00e7\u00e3o midi\u00e1tica, comunica\u00e7\u00e3o e cultura organizacional.<\/span><\/li>\n<li style=\"font-weight: 400;text-align: justify\"><b>Estrat\u00e9gias de comunica\u00e7\u00e3o organizacional midiatizadas na ecologia da m\u00eddia<\/b><span style=\"font-weight: 400\">: investiga as interfaces entre os ambientes midi\u00e1ticos e os ambientes organizacionais, de modo a desvelar as implica\u00e7\u00f5es causadas pela interdepend\u00eancia e inter-rela\u00e7\u00e3o dos indiv\u00edduos e suas organiza\u00e7\u00f5es com as tecnologias.<\/span><\/li>\n<li style=\"font-weight: 400;text-align: justify\"><b>Comunica\u00e7\u00e3o e desenvolvimento<\/b><span style=\"font-weight: 400\">: investiga as estrat\u00e9gias de comunica\u00e7\u00e3o desenvolvidas por organiza\u00e7\u00f5es e institui\u00e7\u00f5es, p\u00fablicas e privadas, voltadas para o desenvolvimento local, regional ou territorial, com vistas a fortalecer a comunica\u00e7\u00e3o p\u00fablica, a mobiliza\u00e7\u00e3o social, a cidadania, a cultura e a identidade territorial, al\u00e9m das ruralidades contempor\u00e2neas.<\/span><\/li>\n<\/ul>\n<p><strong>Hor\u00e1rios e dias de encontros:\u00a0<\/strong><span style=\"font-weight: 400\">Quinzenalmente, \u00e0s sextas-feiras, das 9h \u00e0s 11h.<\/span><\/p>\n<p><span style=\"font-weight: 400\"><strong>Contatos:<\/strong> gcinco@ufsm.br<\/span><\/p>\n<p><span style=\"font-weight: 400\"><strong>Instagram:<\/strong> @gcinco_ufsm<\/span><\/p>\n<p>\u00a0<\/p>\t\t\t\t\t\t<\/div>\n\t\t\t\t<\/div>\n\t\t\t\t\t<\/div>\n\t\t<\/div>\n\t\t\t\t\t<\/div>\n\t\t<\/section>\n\t\t\t\t<\/div>\n\t\t","protected":false},"excerpt":{"rendered":"<p>Breve hist\u00f3rico:\u00a0Criado em 1995, o Grupo de Pesquisa Comunica\u00e7\u00e3o Institucional e Organizacional da Universidade Federal de Santa Maria, sob a lideran\u00e7a das professoras Maria Ivete Trevisan Foss\u00e1 e Eugenia Maria Mariano da Rocha Barichello, investiga as transforma\u00e7\u00f5es que o midi\u00e1tico-tecnol\u00f3gico ocasiona nas rela\u00e7\u00f5es matizadas entre institui\u00e7\u00f5es, organiza\u00e7\u00f5es e seus p\u00fablicos. Ao longo de suas quase [&hellip;]<\/p>\n","protected":false},"author":194,"featured_media":0,"parent":0,"menu_order":0,"comment_status":"closed","ping_status":"closed","template":"","meta":{"footnotes":""},"categories":[],"tags":[],"class_list":["post-189","page","type-page","status-publish","hentry"],"acf":[],"_links":{"self":[{"href":"https:\/\/www.ufsm.br\/cursos\/pos-graduacao\/santa-maria\/poscom\/wp-json\/wp\/v2\/pages\/189","targetHints":{"allow":["GET"]}}],"collection":[{"href":"https:\/\/www.ufsm.br\/cursos\/pos-graduacao\/santa-maria\/poscom\/wp-json\/wp\/v2\/pages"}],"about":[{"href":"https:\/\/www.ufsm.br\/cursos\/pos-graduacao\/santa-maria\/poscom\/wp-json\/wp\/v2\/types\/page"}],"author":[{"embeddable":true,"href":"https:\/\/www.ufsm.br\/cursos\/pos-graduacao\/santa-maria\/poscom\/wp-json\/wp\/v2\/users\/194"}],"replies":[{"embeddable":true,"href":"https:\/\/www.ufsm.br\/cursos\/pos-graduacao\/santa-maria\/poscom\/wp-json\/wp\/v2\/comments?post=189"}],"version-history":[{"count":0,"href":"https:\/\/www.ufsm.br\/cursos\/pos-graduacao\/santa-maria\/poscom\/wp-json\/wp\/v2\/pages\/189\/revisions"}],"wp:attachment":[{"href":"https:\/\/www.ufsm.br\/cursos\/pos-graduacao\/santa-maria\/poscom\/wp-json\/wp\/v2\/media?parent=189"}],"wp:term":[{"taxonomy":"category","embeddable":true,"href":"https:\/\/www.ufsm.br\/cursos\/pos-graduacao\/santa-maria\/poscom\/wp-json\/wp\/v2\/categories?post=189"},{"taxonomy":"post_tag","embeddable":true,"href":"https:\/\/www.ufsm.br\/cursos\/pos-graduacao\/santa-maria\/poscom\/wp-json\/wp\/v2\/tags?post=189"}],"curies":[{"name":"wp","href":"https:\/\/api.w.org\/{rel}","templated":true}]}}