{"id":1980,"date":"2021-12-18T10:58:28","date_gmt":"2021-12-18T13:58:28","guid":{"rendered":"https:\/\/www.ufsm.br\/cursos\/pos-graduacao\/santa-maria\/poscom\/?page_id=1980"},"modified":"2021-12-18T10:58:30","modified_gmt":"2021-12-18T13:58:30","slug":"midias-sociais","status":"publish","type":"page","link":"https:\/\/www.ufsm.br\/cursos\/pos-graduacao\/santa-maria\/poscom\/midias-sociais","title":{"rendered":"M\u00eddias sociais"},"content":{"rendered":"\n<p>O Poscom est\u00e1 presente e atuante nas redes sociais digitais. Al\u00e9m do site institucional, em que s\u00e3o publicadas as principais not\u00edcias do programa, editais de sele\u00e7\u00e3o e demais informa\u00e7\u00f5es pertinentes, tamb\u00e9m possui perfil no Facebook (poscomufsm), Instagram (@poscomufsm) e um canal no YouTube com o projeto <em>#PoscomJuntesEmCasa<\/em> desenvolvido durante a pandemia e que tem promovido diversas atividades.<\/p>\n\n\n\n<p><strong>M\u00eddias sociais do Poscom<\/strong><\/p>\n\n\n\n<p>Facebook: <a href=\"https:\/\/www.facebook.com\/poscomufsm\">https:\/\/www.facebook.com\/poscomufsm<\/a><\/p>\n\n\n\n<p>Instagram: <a href=\"https:\/\/www.instagram.com\/poscomufsm\/\">https:\/\/www.instagram.com\/poscomufsm\/<\/a><\/p>\n\n\n\n<p>YouTube: <a href=\"https:\/\/www.youtube.com\/channel\/UCwAKzfL4AQEwf87jsgGozIg\">https:\/\/www.youtube.com\/channel\/UCwAKzfL4AQEwf87jsgGozIg<\/a><\/p>\n","protected":false},"excerpt":{"rendered":"<p>O Poscom est\u00e1 presente e atuante nas redes sociais digitais. Al\u00e9m do site institucional, em que s\u00e3o publicadas as principais not\u00edcias do programa, editais de sele\u00e7\u00e3o e demais informa\u00e7\u00f5es pertinentes, tamb\u00e9m possui perfil no Facebook (poscomufsm), Instagram (@poscomufsm) e um canal no YouTube com o projeto #PoscomJuntesEmCasa desenvolvido durante a pandemia e que tem promovido [&hellip;]<\/p>\n","protected":false},"author":68,"featured_media":0,"parent":0,"menu_order":0,"comment_status":"closed","ping_status":"closed","template":"","meta":{"footnotes":""},"categories":[],"tags":[],"class_list":["post-1980","page","type-page","status-publish","hentry"],"acf":[],"_links":{"self":[{"href":"https:\/\/www.ufsm.br\/cursos\/pos-graduacao\/santa-maria\/poscom\/wp-json\/wp\/v2\/pages\/1980","targetHints":{"allow":["GET"]}}],"collection":[{"href":"https:\/\/www.ufsm.br\/cursos\/pos-graduacao\/santa-maria\/poscom\/wp-json\/wp\/v2\/pages"}],"about":[{"href":"https:\/\/www.ufsm.br\/cursos\/pos-graduacao\/santa-maria\/poscom\/wp-json\/wp\/v2\/types\/page"}],"author":[{"embeddable":true,"href":"https:\/\/www.ufsm.br\/cursos\/pos-graduacao\/santa-maria\/poscom\/wp-json\/wp\/v2\/users\/68"}],"replies":[{"embeddable":true,"href":"https:\/\/www.ufsm.br\/cursos\/pos-graduacao\/santa-maria\/poscom\/wp-json\/wp\/v2\/comments?post=1980"}],"version-history":[{"count":0,"href":"https:\/\/www.ufsm.br\/cursos\/pos-graduacao\/santa-maria\/poscom\/wp-json\/wp\/v2\/pages\/1980\/revisions"}],"wp:attachment":[{"href":"https:\/\/www.ufsm.br\/cursos\/pos-graduacao\/santa-maria\/poscom\/wp-json\/wp\/v2\/media?parent=1980"}],"wp:term":[{"taxonomy":"category","embeddable":true,"href":"https:\/\/www.ufsm.br\/cursos\/pos-graduacao\/santa-maria\/poscom\/wp-json\/wp\/v2\/categories?post=1980"},{"taxonomy":"post_tag","embeddable":true,"href":"https:\/\/www.ufsm.br\/cursos\/pos-graduacao\/santa-maria\/poscom\/wp-json\/wp\/v2\/tags?post=1980"}],"curies":[{"name":"wp","href":"https:\/\/api.w.org\/{rel}","templated":true}]}}