{"id":234,"date":"2019-01-18T11:24:44","date_gmt":"2019-01-18T13:24:44","guid":{"rendered":"https:\/\/www.ufsm.br\/cursos\/pos-graduacao\/santa-maria\/poscom\/?page_id=234"},"modified":"2019-01-18T11:24:46","modified_gmt":"2019-01-18T13:24:46","slug":"lancados-em-2013","status":"publish","type":"page","link":"https:\/\/www.ufsm.br\/cursos\/pos-graduacao\/santa-maria\/poscom\/lancados-em-2013","title":{"rendered":"Lan\u00e7ados em\u00a02013"},"content":{"rendered":"\n<div><strong>R\u00e1dio: sociedade, fronteiras e educa\u00e7\u00e3o<\/strong><\/div>\n<div><strong>Tipologia:<\/strong>\u00a0E-book<\/div>\n<div><strong>Resumo:<\/strong><\/div>\n<div>Refer\u00eancia: Ada Cristina Machado Silveira; Flavi Ferreira Lisboa Filho; Maria Ivete Trevisan Foss\u00e1. R\u00e1dio: sociedade, fronteiras e educa\u00e7\u00e3o. 1. ed. Santa Maria: FACOS-UFSM, 2013. 328p.<\/div>\n<div><strong>Link:<\/strong>\u00a0<a href=\"https:\/\/goo.gl\/Q2HZxR\">https:\/\/goo.gl\/Q2HZxR<\/a><\/div>\n<div>\u00a0<\/div>\n<div><img decoding=\"async\" class=\"\" src=\"http:\/\/poscom.ufsm.br\/images\/Livro_-_Hist%C3%B3rias_da_Feira_do_Livro.jpg\" alt=\"Livro Hist\u00c3\u00b3rias da Feira do Livro\" width=\"180\" height=\"182\" \/><\/div>\n<div>\n<div><strong>Hist\u00f3ria da Feira do Livro de Santa Maria: mem\u00f3rias e registros<\/strong><\/div>\n<div><strong>Tipologia:<\/strong>\u00a0Livro<\/div>\n<div><strong>Resumo:<\/strong>\u00a0Este livro trata de mem\u00f3rias, lembran\u00e7as e documentos que registram a hist\u00f3ria da Feira do Livro de Santa Maria. N\u00e3o tem a pretens\u00e3o de ser uma revis\u00e3o hist\u00f3rica, nem de abarcar todos os dados, datas e personagens. Muito pelo contr\u00e1rio, \u00e9 despretensioso, quase subjetivo; traz as minhas lembran\u00e7as e o que estava guardado no meu arm\u00e1rio de mem\u00f3rias, onde acolho recortes de jornais, c\u00f3pias e atas, cartazes, bilhetes, cart\u00f5es, convites de formatura, fotografias, entre tantas outras coisas que resolvo preservar. Mas n\u00e3o estou sozinha nesta tarefa; amigos me ajudam, sabem que gosto de guardar coisas e me enviam pacotinhos com recortes de jornais, livros, fotografias e tudo o que possa resgatar alguma lembran\u00e7a.<\/div>\n<div><strong>Refer\u00eancia:<\/strong>\u00a0Eugenia Maria Mariano da Rocha Barichello. Hist\u00f3ria da Feira do Livro de Santa Maria: mem\u00f3rias e registros. 1. ed. Santa Maria: FACOS-UFSM, 2013. v. 1. 130p.<\/div>\n<\/div>\n<div>\u00a0<\/div>\n<div><img decoding=\"async\" class=\"\" src=\"http:\/\/poscom.ufsm.br\/images\/Livro_-_Ecologia_da_M%C3%ADdia.jpg\" alt=\"Livro Ecologia da M\u00c3\u00addia\" width=\"174\" height=\"264\" \/><\/div>\n<div>\n<div><strong>Ecologia da Midia<\/strong><\/div>\n<div><strong>Tipologia:<\/strong>\u00a0Livro<\/div>\n<div><strong>Resumo:<\/strong>\u00a0O livro Ecologia da M\u00eddia parte de uma perspectiva da m\u00eddia como ecossistema, incluindo os novos formatos que t\u00eam como suporte as tecnologias digitais. S\u00e3o processos de circula\u00e7\u00e3o das informa\u00e7\u00f5es caracterizados pela supera\u00e7\u00e3o das dicotomias entre emissor\/receptor, meio\/mensagem, sujeito\/m\u00eddia, presentes nos estudos sobre os meios de comunica\u00e7\u00e3o de massa, procurando compreend\u00ea-los sob a perspectiva de uma nova ambi\u00eancia e do processo de midiatiza\u00e7\u00e3o da sociedade contempor\u00e2nea, no qual as l\u00f3gicas midi\u00e1ticas parecem regular as intera\u00e7\u00f5es sociais. A obra conta com a contribui\u00e7\u00e3o de importantes interlocutores internacionais na tem\u00e1tica da Ecologia da M\u00eddia.<\/div>\n<div><strong>Refer\u00eancia:<\/strong>\u00a0Eugenia Maria Mariano da Rocha Barichello; RUBLESCKI, A. S.; STEIMBERG, J.; SCOLARI, C.; VIZER, E. A.; CARVALHO, H.; CARVALHO, L.M.; GHISLENI, T.S.; SCHEID, D.; STASIAK, D.; MACHADO, J.; RUBLESCKI, F. Ecologia da Midia. 1. ed. Santa Maria: FACOS-UFSM, 2013. v. 1. 171p.<\/div>\n<\/div>\n<div>\u00a0<\/div>\n<div><img decoding=\"async\" class=\"\" src=\"http:\/\/poscom.ufsm.br\/images\/Livro_-_Hist%C3%B3ria_das_M%C3%ADdias.jpg\" alt=\"Livro Hist\u00c3\u00b3ria das M\u00c3\u00addias\" width=\"175\" height=\"236\" \/><\/div>\n<div>\n<div><strong>Hist\u00f3ria das m\u00eddias: campos da publicidade e da comunica\u00e7\u00e3o institucional<\/strong><\/div>\n<div><strong>Tipologia:<\/strong>\u00a0E-book<\/div>\n<div><strong>Resumo:<\/strong>\u00a0O livro Hist\u00f3ria da M\u00eddia: campos da publicidade e da comunica\u00e7\u00e3o institucional \u00e9 uma colet\u00e2nea com trabalhos no Grupo de Trabalho (GT) Hist\u00f3ria da Publicidade e da Comunica\u00e7\u00e3o Institucional, do 8\u00ba Encontro Nacional da Alcar, no ano de 2011, reescritos por seus autores ap\u00f3s reflex\u00f5es proporcionadas pelo evento. O resultado \u00e9 uma obra que traz observa\u00e7\u00f5es sobre aspectos te\u00f3ricos, t\u00e9cnicos e pr\u00e1ticos da Publicidade e Propaganda e da Comunica\u00e7\u00e3o Institucional.<\/div>\n<div><strong>Refer\u00eancia:<\/strong>\u00a0Flavi Ferreira Lisboa Filho; MORAES, A. L. C.; BARCELLOS, M. Hist\u00f3rias da m\u00eddia: campos da publicidade e da comunica\u00e7\u00e3o institucional. 1. ed. Santa Maria:\u00a0 FACOS-UFSM,2013.<\/div>\n<div><strong>Link:<\/strong>\u00a0<a href=\"https:\/\/goo.gl\/XL1TXH\">https:\/\/goo.gl\/XL1TXH<\/a><\/div>\n<\/div>\n<div>\u00a0<\/div>\n<div><img loading=\"lazy\" decoding=\"async\" class=\"\" src=\"http:\/\/poscom.ufsm.br\/images\/Livro_-_Comunica%C3%A7%C3%A3o_Organizacional_e_Cidadania.jpg\" alt=\"Livro Comunica\u00c3\u00a7\u00c3\u00a3o Organizacional e Cidadania\" width=\"168\" height=\"220\" \/><\/div>\n<div>\u00a0<\/div>\n<div>\n<div><strong>Comunica\u00e7\u00e3o organizacional e cidadania: olhares sobre a presen\u00e7a das corpora\u00e7\u00f5es e da comunidade da m\u00eddia<\/strong><\/div>\n<div><strong>Tipologia:<\/strong>\u00a0E-book<\/div>\n<div><strong>Resumo:<\/strong>\u00a0A obra re\u00fane artigos de alunos dos cursos de mestrado e doutorado em Comunica\u00e7\u00e3o da UFSM e \u00e9 resultado dos estudos realizados no Grupo de Pesquisa em Comunica\u00e7\u00e3o Institucional e Organizacional UFSM\/CNPq, com a orienta\u00e7\u00e3o da professora Doutora Maria Ivete Trevisan Foss\u00e1. O e-book tem o prop\u00f3sito de apresentar um conjunto de reflex\u00f5es acerca da comunica\u00e7\u00e3o, fazendo um recorte sobre a comunica\u00e7\u00e3o organizacional e suas interfaces, perpassando tamb\u00e9m o \u00e2mbito da comunica\u00e7\u00e3o e cidadania. No conjunto, os textos que comp\u00f5em esta publica\u00e7\u00e3o representam um olhar sobre as transforma\u00e7\u00f5es percebidas na atualidade, nos contextos institucionais e comunit\u00e1rios, sob a l\u00f3gica da comunica\u00e7\u00e3o midi\u00e1tica, com uma aten\u00e7\u00e3o \u00e0s pessoas, importantes atores na constitui\u00e7\u00e3o das organiza\u00e7\u00f5es empresariais e comunit\u00e1rias.<\/div>\n<div><strong>Refer\u00eancia:<\/strong>\u00a0Maria Ivete Trevisan Foss\u00e1; PERSIGO, P. M. Comunica\u00e7\u00e3o organizacional e cidadania: olhares sobre a presen\u00e7a das corpora\u00e7\u00f5es e da comunidade na m\u00eddia. 1. ed. Santa Maria\/RS: FACOS-UFSM, 2013.<\/div>\n<div><strong>Link:<\/strong>\u00a0<a href=\"https:\/\/goo.gl\/sxTSej\">https:\/\/goo.gl\/sxTSej<\/a><\/div>\n<\/div>\n","protected":false},"excerpt":{"rendered":"<p>R\u00e1dio: sociedade, fronteiras e educa\u00e7\u00e3o Tipologia:\u00a0E-book Resumo: Refer\u00eancia: Ada Cristina Machado Silveira; Flavi Ferreira Lisboa Filho; Maria Ivete Trevisan Foss\u00e1. R\u00e1dio: sociedade, fronteiras e educa\u00e7\u00e3o. 1. ed. Santa Maria: FACOS-UFSM, 2013. 328p. Link:\u00a0https:\/\/goo.gl\/Q2HZxR \u00a0 Hist\u00f3ria da Feira do Livro de Santa Maria: mem\u00f3rias e registros Tipologia:\u00a0Livro Resumo:\u00a0Este livro trata de mem\u00f3rias, lembran\u00e7as e documentos que [&hellip;]<\/p>\n","protected":false},"author":194,"featured_media":0,"parent":0,"menu_order":0,"comment_status":"closed","ping_status":"closed","template":"","meta":{"footnotes":""},"categories":[],"tags":[],"class_list":["post-234","page","type-page","status-publish","hentry"],"acf":[],"_links":{"self":[{"href":"https:\/\/www.ufsm.br\/cursos\/pos-graduacao\/santa-maria\/poscom\/wp-json\/wp\/v2\/pages\/234","targetHints":{"allow":["GET"]}}],"collection":[{"href":"https:\/\/www.ufsm.br\/cursos\/pos-graduacao\/santa-maria\/poscom\/wp-json\/wp\/v2\/pages"}],"about":[{"href":"https:\/\/www.ufsm.br\/cursos\/pos-graduacao\/santa-maria\/poscom\/wp-json\/wp\/v2\/types\/page"}],"author":[{"embeddable":true,"href":"https:\/\/www.ufsm.br\/cursos\/pos-graduacao\/santa-maria\/poscom\/wp-json\/wp\/v2\/users\/194"}],"replies":[{"embeddable":true,"href":"https:\/\/www.ufsm.br\/cursos\/pos-graduacao\/santa-maria\/poscom\/wp-json\/wp\/v2\/comments?post=234"}],"version-history":[{"count":0,"href":"https:\/\/www.ufsm.br\/cursos\/pos-graduacao\/santa-maria\/poscom\/wp-json\/wp\/v2\/pages\/234\/revisions"}],"wp:attachment":[{"href":"https:\/\/www.ufsm.br\/cursos\/pos-graduacao\/santa-maria\/poscom\/wp-json\/wp\/v2\/media?parent=234"}],"wp:term":[{"taxonomy":"category","embeddable":true,"href":"https:\/\/www.ufsm.br\/cursos\/pos-graduacao\/santa-maria\/poscom\/wp-json\/wp\/v2\/categories?post=234"},{"taxonomy":"post_tag","embeddable":true,"href":"https:\/\/www.ufsm.br\/cursos\/pos-graduacao\/santa-maria\/poscom\/wp-json\/wp\/v2\/tags?post=234"}],"curies":[{"name":"wp","href":"https:\/\/api.w.org\/{rel}","templated":true}]}}