{"id":236,"date":"2019-01-18T11:55:57","date_gmt":"2019-01-18T13:55:57","guid":{"rendered":"https:\/\/www.ufsm.br\/cursos\/pos-graduacao\/santa-maria\/poscom\/?page_id=236"},"modified":"2019-01-18T11:56:00","modified_gmt":"2019-01-18T13:56:00","slug":"lancados-em-2015","status":"publish","type":"page","link":"https:\/\/www.ufsm.br\/cursos\/pos-graduacao\/santa-maria\/poscom\/lancados-em-2015","title":{"rendered":"Lan\u00e7ados em\u00a02015"},"content":{"rendered":"\n<p><img decoding=\"async\" class=\"\" src=\"http:\/\/poscom.ufsm.br\/images\/Livro_-_Assombros_Identit%C3%A1rios.png\" alt=\"Livro Assombros Identit\u00c3\u00a1rios\" width=\"173\" height=\"239\" \/><\/p>\n<p><strong>Asombros identitarios. Representaci\u00f3n y virtualizaci\u00f3n en los medios<\/strong><br \/><strong>Tipologia:<\/strong>\u00a0Livro<br \/><strong>Resumo:<\/strong>\u00a0En nuestros di\u0301as, la relacio\u0301n entre identidad y utilizacio\u0301n simbo\u0301lica del imaginario colectivo es un tema de pretendida actualidad. Bajo otros o\u0301rdenes, como la globalizacio\u0301n, se potencia la relacio\u0301n entre la identidad y su significacio\u0301n expresada a nivel colectivo. Hablar de las identidades consiste en detenerse ante la visio\u0301n panora\u0301mica de la industria cultural. A aquellos atrapados en el presente, angustiados por el desidera\u0301tum del futuro, con o sin patrimonio del pasado, identificarse con algo en la vida real o virtual es procurar un camino que les libre del desgarramiento tra\u0301gico. No podemos defraudar y lanzar a tantos a un naufragio. Tampoco podemos contentarnos de vivir de asombros identitarios, representaciones que al cobrar sentido nos proponen olvidar de que no hemos todavi\u0301a tomado consciencia de su reemplazo de lo concreto. Al ponerse en lugar de la presencia concreta, los asombros identitarios imponen un sentido quime\u0301rico de la virtualizacio\u0301n como potencia desprovei\u0301da de vigor, asi\u0301 desvirtuada por los medios dominados por la artilleri\u0301a del mercado.<br \/><strong>Refer\u00eancia:<\/strong>\u00a0Ada Cristina Machado Silveira. Asombros identitarios. Representaci\u00f3n y virtualizaci\u00f3n en los medios. 1. ed. Madri: Editorial Acad\u00e9mica Espa\u00f1ola, 2015. v.1. 158p.<\/p>\n<p>\u00a0<\/p>\n<p><img decoding=\"async\" class=\"\" src=\"http:\/\/poscom.ufsm.br\/images\/Livro_-_Document%C3%A1rio_sabe_o_que_%C3%A9.jpg\" alt=\"Livro Document\u00c3\u00a1rio sabe o que \u00c3\u00a9\" width=\"167\" height=\"239\" \/><\/p>\n<p><strong>Document\u00e1rio, sabe o que \u00e9?<\/strong><br \/><strong>Tipologia:<\/strong>\u00a0Livro<br \/><strong>Resumo:<\/strong>\u00a0N\u00e3o se trata de um livro t\u00e9cnico, t\u00e3o pouco uma tese. Document\u00e1rio, sabe o que \u00e9? tem a inten\u00e7\u00e3o de ser uma leitura introdut\u00f3ria ao universo do document\u00e1rio, uma leitura para iniciantes. Apresenta ao leitor as principais discuss\u00f5es que envolvem a hist\u00f3ria e a produ\u00e7\u00e3o deste tipo de cinema, o que dizem os principais autores e como o jovem realizador deve encarar o desafio de representar o mundo vivido.<br \/><strong>Refer\u00eancia:<\/strong>\u00a0Cassio dos Santos Tomaim. Document\u00e1rio, sabe o que \u00e9?. 01. ed. Jundia\u00ed, SP: Paco Editorial, 2015. 160p.<\/p>\n<p>\u00a0<\/p>\n<p><img decoding=\"async\" class=\"\" src=\"http:\/\/poscom.ufsm.br\/images\/E-book_-_Bir%C3%B4_de_empreendedorismo_cultural.jpg\" alt=\"E book Bir\u00c3\u00b4 de empreendedorismo cultural\" width=\"163\" height=\"199\" \/><\/p>\n<p><strong>Bir\u00f4 de empreendedorismo cultural: gest\u00e3o e produ\u00e7\u00e3o cultural<\/strong><br \/><strong>Tipologia:<\/strong>\u00a0E-book<br \/><strong>Resumo:<\/strong><br \/><strong>Refer\u00eancia:<\/strong>\u00a0Flavi F erreira Lisboa Filho; CARNEIRO, R.; MARQUES, D. P.; MACHADO, J.; PEREIRA, F. C. Bir\u00f4 de empreendedorismo cultural: gest\u00e3o e produ\u00e7\u00e3o cultural. 1. ed. Santa Maria: PRE-UFSM, 2015. v. 1. 158p.<\/p>\n<table>\n<tbody>\n<tr>\n<td>\n<p><strong>Link:<\/strong>\u00a0<a href=\"http:\/\/migre.me\/tF6sb\">http:\/\/migre.me\/tF6sb<\/a><\/p>\n<\/td>\n<\/tr>\n<\/tbody>\n<\/table>\n<p>\u00a0<\/p>\n<p><img loading=\"lazy\" decoding=\"async\" class=\"\" src=\"http:\/\/poscom.ufsm.br\/images\/E-book_-_Novos_media_e_novos_p%C3%BAblicos.jpg\" alt=\"E book Novos media e novos p\u00c3\u00bablicos\" width=\"151\" height=\"210\" \/><\/p>\n<p><strong>Novos media e novos p\u00fablicos<\/strong><br \/><strong>Tipologia:<\/strong>\u00a0E-book<br \/><strong>Resumo:<\/strong>\u00a0Esta obra traz \u00e0 baila uma discuss\u00e3o emergente e muito cara \u00e0s rela\u00e7\u00f5es p\u00fablicas ao problematizar os p\u00fablicos demandados pelos novos media a partir da \u00f3tica dos relacionamentos e da sua gest\u00e3o. Os textos apresentados equacionam temas centrais no estudo das rela\u00e7\u00f5es p\u00fablicas e comunica\u00e7\u00e3o organizacional: visibilidade institucional, monitoramento digital, identidade e imagem organizacional, comunica\u00e7\u00e3o interna, media social, auditoria de imagem, gest\u00e3o de marcas, redes e intera\u00e7\u00e3o, nas esferas p\u00fablica, privada e tamb\u00e9m no terceiro setor.<br \/><strong>Refer\u00eancia:<\/strong>\u00a0Flavi Ferreira Lisboa Filho; GONCALVES, G. M. P. Novos media e novos p\u00fablicos. 1. ed. Covilh\u00e3, Portugal: LabCom, 2015. v. 1. 171p.<\/p>\n<p><strong>Link:<\/strong>\u00a0<a href=\"https:\/\/goo.gl\/lPiL9s\">https:\/\/goo.gl\/lPiL9s<\/a><\/p>\n<p>\u00a0<\/p>\n<p><img loading=\"lazy\" decoding=\"async\" class=\"\" src=\"http:\/\/poscom.ufsm.br\/images\/E-book_-_Conectando_saberes.jpg\" alt=\"E book Conectando saberes\" width=\"153\" height=\"153\" \/><\/p>\n<p><strong>Conectando saberes: experi\u00eancias de comunica\u00e7\u00e3o e cultura nas comunidades ind\u00edgenas de Santa Maria<\/strong><br \/><strong>Tipologia:<\/strong>\u00a0E-book<br \/><strong>Resumo:<\/strong>\u00a0A obra \u201cConectando saberes: experi\u00eancias de comunica\u00e7\u00e3o e cultura nas comunidades ind\u00edgenas de Santa Maria\u201d est\u00e1 organizada em duas partes. A primeira apresenta \u201cReflex\u00f5es te\u00f3rico-pr\u00e1ticas sobre culturas ind\u00edgenas\u201d e a segunda \u201cOlhares sobre a cultura ind\u00edgena de Santa Maria \u2013 RS\u201d.<br \/><strong>Refer\u00eancia:<\/strong>\u00a0Flavi Ferreira Lisboa Filho. Conectando saberes: experi\u00eancias de comunica\u00e7\u00e3o e cultura nas comunidades ind\u00edgenas de Santa Maria. 1. ed. Santa Maria: UFSM-Pr\u00f3-Reitoria de Extens\u00e3o, 2015. v. 1. 146p.<\/p>\n<p><strong>Link:<\/strong>\u00a0<a href=\"https:\/\/goo.gl\/k3omrl\">https:\/\/goo.gl\/k3omrl<\/a><\/p>\n<p>\u00a0<\/p>\n<p><img loading=\"lazy\" decoding=\"async\" class=\"\" src=\"http:\/\/poscom.ufsm.br\/images\/E-book_-_Hist%C3%B3rias_e_reflex%C3%B5es_da_publicidade_e_propaganda_e_da_comunica%C3%A7%C3%A3o_institucional.png\" alt=\"E book Hist\u00c3\u00b3rias e reflex\u00c3\u00b5es da publicidade e propaganda e da comunica\u00c3\u00a7\u00c3\u00a3o institucional\" width=\"152\" height=\"216\" \/><\/p>\n<p><strong>Hist\u00f3rias e reflex\u00f5es da publicidade e propaganda e da comunica\u00e7\u00e3o institucional<\/strong><br \/><strong>Tipologia:<\/strong>\u00a0E-book<br \/><strong>Resumo:<\/strong>\u00a0Lan\u00e7ado em 2015, o livro Hist\u00f3rias e reflex\u00f5es da Publicidade e Propaganda e da Comunica\u00e7\u00e3o Institucional (Edufrn), organizado por Ana Luiza Moraes, Flavi Ferreira Lisboa e Maria Angela Pavan, traz 20 artigos, divididos em duas partes. A primeira, composta por 13 textos, trata da hist\u00f3ria da publicidade e da comunica\u00e7\u00e3o institucional; a segunda, de quest\u00f5es contempor\u00e2neas. Em ambas, a obra resgata a mem\u00f3ria de tempos vividos, seguindo trajet\u00f3rias percorridas nas diferentes culturas que comp\u00f5em a sociedade brasileira.<br \/><strong>Refer\u00eancia:<\/strong>\u00a0Flavi Ferreira Lisboa Filho; Moraes, A. L. C.; PAVAN, M. A. Hist\u00f3rias e reflex\u00f5es da publicidade e propaganda e da comunica\u00e7\u00e3o institucional. 1.ed. Natal: EdUFRN, 2015. v.1.416p.<\/p>\n<p><strong>Link:<\/strong>\u00a0<a href=\"https:\/\/goo.gl\/1V8eWo\">https:\/\/goo.gl\/1V8eWo<\/a><\/p>\n<p>\u00a0<\/p>\n<p><img loading=\"lazy\" decoding=\"async\" class=\"\" src=\"http:\/\/poscom.ufsm.br\/images\/E-book_-_Pesquisa_em_Recep%C3%A7%C3%A3o.png\" alt=\"E book Pesquisa em Recep\u00c3\u00a7\u00c3\u00a3o\" width=\"169\" height=\"127\" \/><\/p>\n<div><strong>Pesquisa em Recep\u00e7\u00e3o: relatos da II Jornada Ga\u00facha<\/strong><br \/><strong>Tipologia:<\/strong>\u00a0E-book<br \/><strong>Resumo:<\/strong>\u00a0A obra re\u00fane reflex\u00f5es de professores, pesquisadores e alunos de Programas de P\u00f3s-gradua\u00e7\u00e3o em Comunica\u00e7\u00e3o do Rio Grande do Sul e de S\u00e3o Paulo acerca da pesquisa em Recep\u00e7\u00e3o. Ao todo, s\u00e3o 13 artigos produzidos a partir de palestras e resultados de pesquisa que foram inicialmente apresentados na II Jornada Ga\u00facha de Pesquisadores da Recep\u00e7\u00e3o, que aconteceu em 2014 na Universidade Federal de Santa Maria. O obra conta com reflex\u00f5es de autores da USP, UFSM, UFRGS, Unisinos e UFPel sobre o processo de recep\u00e7\u00e3o midi\u00e1tica em m\u00faltiplas abordagens te\u00f3rico-metodol\u00f3gicas<\/div>\n<div><strong>Refer\u00eancia:<\/strong><\/div>\n<div><strong>Link:<\/strong><\/div>\n<div>\u00a0<\/div>\n<div><img loading=\"lazy\" decoding=\"async\" class=\"\" src=\"http:\/\/poscom.ufsm.br\/images\/Livro_-_Das_Ruas_%C3%A0_M%C3%ADdia.jpg\" alt=\"Livro Das Ruas \u00c3\u00a0 M\u00c3\u00addia\" width=\"133\" height=\"191\" \/><\/div>\n<div><strong>Das Ruas \u00e0 M\u00eddia: representa\u00e7\u00e3o das manifesta\u00e7\u00f5es sociais<\/strong><br \/><strong>Tipologia:<\/strong>\u00a0Livro<br \/><strong>Resumo:<\/strong>\u00a0A obra tem por objetivo apresentar os contornos das manifesta\u00e7\u00f5es sociais de junho de 2013 no Brasil. A atualidade do livro n\u00e3o se encontra no fato em si, mas na an\u00e1lise das representa\u00e7\u00f5es sociais constru\u00eddas pela m\u00eddia nos diferentes suportes midi\u00e1ticos. A organiza\u00e7\u00e3o do livro se d\u00e1 em duas partes: a primeira, Perspectivas Te\u00f3ricas, aborda a comunica\u00e7\u00e3o midi\u00e1tica sob o olhar das representa\u00e7\u00f5es sociais e as manifesta\u00e7\u00f5es sociais e mobiliza\u00e7\u00e3o no contexto contempor\u00e2neo; a segunda, Perspectivas Emp\u00edricas, realiza uma interse\u00e7\u00e3o entre teoria e pr\u00e1tica, destacando aspectos sensacionalistas e de car\u00e1ter p\u00fablico da cobertura, a partir do tratamento da m\u00eddia massiva e da m\u00eddia alternativa, que possui produ\u00e7\u00e3o colaborativa. Ainda, analisa a rela\u00e7\u00e3o da cobertura nacional e internacional, destacando l\u00f3gicas ora diversas, ora pr\u00f3ximas, nos dois \u00e2mbitos.<br \/><strong>Refer\u00eancia:<\/strong>\u00a0Maria Ivete Trevisan Foss\u00e1. Das Ruas \u00e0 M\u00eddia: representa\u00e7\u00e3o das manifesta\u00e7\u00f5es sociais. 1. ed. Porto Alegre: EDIPUCRS, 2015. v. 1. 203p<\/div>\n<div>\u00a0<\/div>\n<div><img loading=\"lazy\" decoding=\"async\" class=\"\" src=\"http:\/\/poscom.ufsm.br\/images\/Livro_-_TV_Comunit%C3%A1ria.jpg\" alt=\"Livro TV Comunit\u00c3\u00a1ria\" width=\"153\" height=\"224\" \/><\/div>\n<div><strong>TV Comunit\u00e1ria: estrat\u00e9gias comunicacionais de produ\u00e7\u00e3o televisiva<\/strong><br \/><strong>Tipologia:<\/strong>\u00a0Livro<br \/><strong>Resumo:<\/strong>\u00a0Este trabalho se prop\u00f5e a realizar uma an\u00e1lise das estrat\u00e9gias comunicacionais de uma TV comunit\u00e1ria, buscando a identifica\u00e7\u00e3o do comunit\u00e1rio que se faz presente na TV Santa Maria, visto ser um canal que \u00e9 comunit\u00e1rio, por\u00e9m limitado \u00e0 transmiss\u00e3o dentro do sistema a cabo de difus\u00e3o televisiva. Ao considerarmos a especificidade das TVs comunit\u00e1rias brasileiras, que hoje se encontram restritas \u00e0 exist\u00eancia nesse sistema de acesso pago, entendemos ser necess\u00e1rio um maior aprofundamento sobre a configura\u00e7\u00e3o dessa comunica\u00e7\u00e3o, o que levou a proposi\u00e7\u00e3o da seguinte problem\u00e1tica: como o comunit\u00e1rio se faz presente na TV Santa Maria? Para responder ao questionamento levantado \u00e9 que o estudo tem por objetivo geral analisar como o comunit\u00e1rio se faz presente na TV Santa Maria a partir das estrat\u00e9gias comunicacionais de gest\u00e3o e de programa\u00e7\u00e3o televisiva. Para isso buscou-se, como objetivos espec\u00edficos, mapear a grade de programa\u00e7\u00e3o da TV Santa Maria no ano de 2012 e 2013; identificar as estrat\u00e9gias comunicacionais presentes no canal comunit\u00e1rio e, ao final, entender a import\u00e2ncia da presen\u00e7a do comunit\u00e1rio da TV Santa Maria no contexto local.\u00a0<br \/><strong>Refer\u00eancia:<\/strong>\u00a0Maria Ivete Trevisan Foss\u00e1; PEREIRA, F. C. TV Comunit\u00e1ria: estrat\u00e9gias comunicacionais de produ\u00e7\u00e3o televisiva. 1. ed. Searbr\u00fccken\/Deutschlan\/Niemcy: Novas Edi\u00e7\u00f5es Acad\u00eamicas, 2015. v. 1. 180p.<\/div>\n<div>\u00a0<\/div>\n<div><img loading=\"lazy\" decoding=\"async\" class=\"\" src=\"http:\/\/poscom.ufsm.br\/images\/Livro_-_Manifesta%C3%A7%C3%B5es_da_Cultura_Organizacional_em_Empresas_Virtuais.jpg\" alt=\"Livro Manifesta\u00c3\u00a7\u00c3\u00b5es da Cultura Organizacional em Empresas Virtuais\" width=\"153\" height=\"225\" \/><\/div>\n<div><strong>Manifesta\u00e7\u00f5es da Cultura Organizacional em Empresas Virtuais<\/strong><br \/><strong>Tipologia:<\/strong>\u00a0Livro<br \/><strong>Resumo:<\/strong>\u00a0O presente trabalho tem por objetivo investigar como se formam os diferentes n\u00edveis de manifesta\u00e7\u00e3o da cultura em empresas onde as intera\u00e7\u00f5es por meios eletr\u00f4nicos predominam. Para tanto, s\u00e3o identificadas as ferramentas para transmiss\u00e3o de informa\u00e7\u00f5es nas empresas em estudo e os processos de intera\u00e7\u00f5es adotados, buscando identificar a ideologia central, valores expostos e percebidos e as pr\u00e1ticas culturais, entre as quais os mitos, os rituais e os s\u00edmbolos.<br \/><strong>Refer\u00eancia:<\/strong>\u00a0Maria Ivete Trevisan Foss\u00e1; POZZER, R. H. P. Manifesta\u00e7\u00f5es da Cultura Organizacional em Empresas Virtuais. 1\u00aa. ed. Searbr\u00fccken: Novas Edi\u00e7\u00f5es Acad\u00eamicas, 2015. v.1. 150p.<\/div>\n<div>\u00a0<\/div>\n<div><img loading=\"lazy\" decoding=\"async\" class=\"\" src=\"http:\/\/poscom.ufsm.br\/images\/E-book_-_Comunica%C3%A7%C3%A3o_e_M%C3%ADdias_Digitais.jpg\" alt=\"E book Comunica\u00c3\u00a7\u00c3\u00a3o e M\u00c3\u00addias Digitais\" width=\"198\" height=\"187\" \/><\/div>\n<div>\n<div><strong>Comunica\u00e7\u00e3o e m\u00eddias digitais: uma perspectiva hist\u00f3rica e contempor\u00e2nea<\/strong><br \/><strong>Tipologia:<\/strong>\u00a0E-book<br \/><strong>Resumo:<\/strong><br \/><strong>Refer\u00eancia:<\/strong>\u00a0Sandra Rubia da Silva; MACHADO, V. B.; MAIA, A. Comunica\u00e7\u00e3o e m\u00eddias digitais: uma perspectiva hist\u00f3rica e contempor\u00e2nea. 1. ed. Volta Redonda: Editora UniFOA, 2015. v. 1. 312p.<\/div>\n<div><strong>Link:<\/strong><\/div>\n<\/div>\n","protected":false},"excerpt":{"rendered":"<p>Asombros identitarios. Representaci\u00f3n y virtualizaci\u00f3n en los mediosTipologia:\u00a0LivroResumo:\u00a0En nuestros di\u0301as, la relacio\u0301n entre identidad y utilizacio\u0301n simbo\u0301lica del imaginario colectivo es un tema de pretendida actualidad. Bajo otros o\u0301rdenes, como la globalizacio\u0301n, se potencia la relacio\u0301n entre la identidad y su significacio\u0301n expresada a nivel colectivo. Hablar de las identidades consiste en detenerse ante la [&hellip;]<\/p>\n","protected":false},"author":194,"featured_media":0,"parent":0,"menu_order":0,"comment_status":"closed","ping_status":"closed","template":"","meta":{"footnotes":""},"categories":[],"tags":[],"class_list":["post-236","page","type-page","status-publish","hentry"],"acf":[],"_links":{"self":[{"href":"https:\/\/www.ufsm.br\/cursos\/pos-graduacao\/santa-maria\/poscom\/wp-json\/wp\/v2\/pages\/236","targetHints":{"allow":["GET"]}}],"collection":[{"href":"https:\/\/www.ufsm.br\/cursos\/pos-graduacao\/santa-maria\/poscom\/wp-json\/wp\/v2\/pages"}],"about":[{"href":"https:\/\/www.ufsm.br\/cursos\/pos-graduacao\/santa-maria\/poscom\/wp-json\/wp\/v2\/types\/page"}],"author":[{"embeddable":true,"href":"https:\/\/www.ufsm.br\/cursos\/pos-graduacao\/santa-maria\/poscom\/wp-json\/wp\/v2\/users\/194"}],"replies":[{"embeddable":true,"href":"https:\/\/www.ufsm.br\/cursos\/pos-graduacao\/santa-maria\/poscom\/wp-json\/wp\/v2\/comments?post=236"}],"version-history":[{"count":0,"href":"https:\/\/www.ufsm.br\/cursos\/pos-graduacao\/santa-maria\/poscom\/wp-json\/wp\/v2\/pages\/236\/revisions"}],"wp:attachment":[{"href":"https:\/\/www.ufsm.br\/cursos\/pos-graduacao\/santa-maria\/poscom\/wp-json\/wp\/v2\/media?parent=236"}],"wp:term":[{"taxonomy":"category","embeddable":true,"href":"https:\/\/www.ufsm.br\/cursos\/pos-graduacao\/santa-maria\/poscom\/wp-json\/wp\/v2\/categories?post=236"},{"taxonomy":"post_tag","embeddable":true,"href":"https:\/\/www.ufsm.br\/cursos\/pos-graduacao\/santa-maria\/poscom\/wp-json\/wp\/v2\/tags?post=236"}],"curies":[{"name":"wp","href":"https:\/\/api.w.org\/{rel}","templated":true}]}}