{"id":29,"date":"2018-01-18T09:10:07","date_gmt":"2018-01-18T11:10:07","guid":{"rendered":"https:\/\/www.ufsm.br\/cursos\/graduacao\/nutricao\/12352\/?page_id=29"},"modified":"2023-07-19T15:22:03","modified_gmt":"2023-07-19T18:22:03","slug":"contato","status":"publish","type":"page","link":"https:\/\/www.ufsm.br\/cursos\/pos-graduacao\/santa-maria\/poscom\/contato","title":{"rendered":"Contato"},"content":{"rendered":"<p>Programa de P\u00f3s-Gradua\u00e7\u00e3o em Comunica\u00e7\u00e3o<br \/>\nAv. Roraima, 1000 &#8211; pr\u00e9dio 21, sala 5130 Bairro Camobi, Santa Maria, RS<br \/>\nCep: 97105-900 &#8211; Fone: (55) 3220-8579<br \/>\nE-mail coordena\u00e7\u00e3o: <span class=\"contact-emailto\"><span id=\"cloak79273\"><a href=\"mailto:poscom.ufsm@gmail.com\">poscom@ufsm.br<\/a><\/span><\/span><\/p>\n<p>E-mail secretaria: <a href=\"mailto:sipos.ccsh@ufsm.br\">sipos.ccsh@ufsm.br<\/a> (ao enviar seu email identifique com &#8220;POSCOM&#8221;)<\/p>\n","protected":false},"excerpt":{"rendered":"<p>Programa de P\u00f3s-Gradua\u00e7\u00e3o em Comunica\u00e7\u00e3o Av. Roraima, 1000 &#8211; pr\u00e9dio 21, sala 5130 Bairro Camobi, Santa Maria, RS Cep: 97105-900 &#8211; Fone: (55) 3220-8579 E-mail coordena\u00e7\u00e3o: poscom@ufsm.br E-mail secretaria: sipos.ccsh@ufsm.br (ao enviar seu email identifique com &#8220;POSCOM&#8221;)<\/p>\n","protected":false},"author":8,"featured_media":0,"parent":0,"menu_order":0,"comment_status":"closed","ping_status":"closed","template":"","meta":{"footnotes":""},"categories":[],"tags":[],"class_list":["post-29","page","type-page","status-publish","hentry"],"acf":[],"_links":{"self":[{"href":"https:\/\/www.ufsm.br\/cursos\/pos-graduacao\/santa-maria\/poscom\/wp-json\/wp\/v2\/pages\/29","targetHints":{"allow":["GET"]}}],"collection":[{"href":"https:\/\/www.ufsm.br\/cursos\/pos-graduacao\/santa-maria\/poscom\/wp-json\/wp\/v2\/pages"}],"about":[{"href":"https:\/\/www.ufsm.br\/cursos\/pos-graduacao\/santa-maria\/poscom\/wp-json\/wp\/v2\/types\/page"}],"author":[{"embeddable":true,"href":"https:\/\/www.ufsm.br\/cursos\/pos-graduacao\/santa-maria\/poscom\/wp-json\/wp\/v2\/users\/8"}],"replies":[{"embeddable":true,"href":"https:\/\/www.ufsm.br\/cursos\/pos-graduacao\/santa-maria\/poscom\/wp-json\/wp\/v2\/comments?post=29"}],"version-history":[{"count":0,"href":"https:\/\/www.ufsm.br\/cursos\/pos-graduacao\/santa-maria\/poscom\/wp-json\/wp\/v2\/pages\/29\/revisions"}],"wp:attachment":[{"href":"https:\/\/www.ufsm.br\/cursos\/pos-graduacao\/santa-maria\/poscom\/wp-json\/wp\/v2\/media?parent=29"}],"wp:term":[{"taxonomy":"category","embeddable":true,"href":"https:\/\/www.ufsm.br\/cursos\/pos-graduacao\/santa-maria\/poscom\/wp-json\/wp\/v2\/categories?post=29"},{"taxonomy":"post_tag","embeddable":true,"href":"https:\/\/www.ufsm.br\/cursos\/pos-graduacao\/santa-maria\/poscom\/wp-json\/wp\/v2\/tags?post=29"}],"curies":[{"name":"wp","href":"https:\/\/api.w.org\/{rel}","templated":true}]}}