{"id":971,"date":"2019-05-27T15:13:07","date_gmt":"2019-05-27T18:13:07","guid":{"rendered":"https:\/\/www.ufsm.br\/cursos\/pos-graduacao\/santa-maria\/poscom\/?page_id=971"},"modified":"2019-05-27T15:13:09","modified_gmt":"2019-05-27T18:13:09","slug":"gt-estudos-em-producao-editorial","status":"publish","type":"page","link":"https:\/\/www.ufsm.br\/cursos\/pos-graduacao\/santa-maria\/poscom\/gt-estudos-em-producao-editorial","title":{"rendered":"GT Estudos em produ\u00e7\u00e3o editorial"},"content":{"rendered":"<p><br \/><br \/><!--StartFragment--><\/p>\n\n\n<p><strong><a href=\"https:\/\/www.ufsm.br\/cursos\/pos-graduacao\/santa-maria\/poscom\/wp-content\/uploads\/sites\/513\/2019\/05\/Artigo-GT-Produ\u00e7\u00e3o-Editorial-KEGLER_e_STEVENS-1.pdf\">#yosoy132: a internet como suporte na disputa por visibilidade para temas de interesse p\u00fablico<\/a><\/strong>; Bruno KEGLER; Leandro STEVENS<\/p>\n\n\n\n<p><strong><a href=\"https:\/\/www.ufsm.br\/cursos\/pos-graduacao\/santa-maria\/poscom\/wp-content\/uploads\/sites\/513\/2019\/05\/sipecom.pdf\">Produ\u00e7\u00e3o Editorial, Educomunica\u00e7\u00e3o e Literatura Infantil<\/a><\/strong>; Maura da Costa e SILVA; Raquel SCREMIN; Mar\u00edlia de Araujo BARCELLOS; Rosane ROSA<\/p>\n\n\n\n<p><strong><a href=\"https:\/\/www.ufsm.br\/cursos\/pos-graduacao\/santa-maria\/poscom\/wp-content\/uploads\/sites\/513\/2019\/05\/sipecom.pdf\">Ciranda Cultural: um projeto educomunicativo para democratiza\u00e7\u00e3o da leitura e do livro em Escolas P\u00fablicas da periferia de Santa Maria<\/a><\/strong>; Pedro BARCELLOS; Camila MARQUES; Rosane ROSA<\/p>\n\n\n\n<p><strong><a href=\"https:\/\/www.ufsm.br\/cursos\/pos-graduacao\/santa-maria\/poscom\/wp-content\/uploads\/sites\/513\/2019\/05\/Sipecom-2013-Trabalho-vers\u00e3o-2-Final.pdf\">Autoria na Produ\u00e7\u00e3o Editorial: a comunica\u00e7\u00e3o entre autor, editora e leitor<\/a><\/strong>; Carolina Souza de ALMEIDA<\/p>\n\n\n\n<p><strong><a href=\"https:\/\/www.ufsm.br\/cursos\/pos-graduacao\/santa-maria\/poscom\/wp-content\/uploads\/sites\/513\/2019\/05\/Sipecom_-2013_BARCELLOS_BRUM-entregue.pdf\">Publica\u00e7\u00f5es produzidas em Santa Maria: investiga\u00e7\u00f5es de uma hist\u00f3ria editorial<\/a><\/strong>; Mar\u00edlia de Araujo BARCELLOS; Paola BRUM<\/p>\n\n\n<p><!--EndFragment--><br \/><br \/><\/p>","protected":false},"excerpt":{"rendered":"<p>#yosoy132: a internet como suporte na disputa por visibilidade para temas de interesse p\u00fablico; Bruno KEGLER; Leandro STEVENS Produ\u00e7\u00e3o Editorial, Educomunica\u00e7\u00e3o e Literatura Infantil; Maura da Costa e SILVA; Raquel SCREMIN; Mar\u00edlia de Araujo BARCELLOS; Rosane ROSA Ciranda Cultural: um projeto educomunicativo para democratiza\u00e7\u00e3o da leitura e do livro em Escolas P\u00fablicas da periferia de [&hellip;]<\/p>\n","protected":false},"author":723,"featured_media":0,"parent":0,"menu_order":0,"comment_status":"closed","ping_status":"closed","template":"","meta":{"footnotes":""},"categories":[],"tags":[],"class_list":["post-971","page","type-page","status-publish","hentry"],"acf":[],"_links":{"self":[{"href":"https:\/\/www.ufsm.br\/cursos\/pos-graduacao\/santa-maria\/poscom\/wp-json\/wp\/v2\/pages\/971","targetHints":{"allow":["GET"]}}],"collection":[{"href":"https:\/\/www.ufsm.br\/cursos\/pos-graduacao\/santa-maria\/poscom\/wp-json\/wp\/v2\/pages"}],"about":[{"href":"https:\/\/www.ufsm.br\/cursos\/pos-graduacao\/santa-maria\/poscom\/wp-json\/wp\/v2\/types\/page"}],"author":[{"embeddable":true,"href":"https:\/\/www.ufsm.br\/cursos\/pos-graduacao\/santa-maria\/poscom\/wp-json\/wp\/v2\/users\/723"}],"replies":[{"embeddable":true,"href":"https:\/\/www.ufsm.br\/cursos\/pos-graduacao\/santa-maria\/poscom\/wp-json\/wp\/v2\/comments?post=971"}],"version-history":[{"count":0,"href":"https:\/\/www.ufsm.br\/cursos\/pos-graduacao\/santa-maria\/poscom\/wp-json\/wp\/v2\/pages\/971\/revisions"}],"wp:attachment":[{"href":"https:\/\/www.ufsm.br\/cursos\/pos-graduacao\/santa-maria\/poscom\/wp-json\/wp\/v2\/media?parent=971"}],"wp:term":[{"taxonomy":"category","embeddable":true,"href":"https:\/\/www.ufsm.br\/cursos\/pos-graduacao\/santa-maria\/poscom\/wp-json\/wp\/v2\/categories?post=971"},{"taxonomy":"post_tag","embeddable":true,"href":"https:\/\/www.ufsm.br\/cursos\/pos-graduacao\/santa-maria\/poscom\/wp-json\/wp\/v2\/tags?post=971"}],"curies":[{"name":"wp","href":"https:\/\/api.w.org\/{rel}","templated":true}]}}