{"id":5,"date":"2018-01-18T08:39:17","date_gmt":"2018-01-18T10:39:17","guid":{"rendered":"https:\/\/www.ufsm.br\/cursos\/graduacao\/nutricao\/12352\/?page_id=5"},"modified":"2023-09-29T11:25:36","modified_gmt":"2023-09-29T14:25:36","slug":"pagina-inicial","status":"publish","type":"page","link":"https:\/\/www.ufsm.br\/cursos\/pos-graduacao\/santa-maria\/posgeomatica\/","title":{"rendered":"P\u00e1gina Inicial"},"content":{"rendered":"\t\t<div data-elementor-type=\"wp-post\" data-elementor-id=\"5\" class=\"elementor elementor-5\">\n\t\t\t\t\t\t<section class=\"elementor-section elementor-top-section elementor-element elementor-element-f6a61e1 elementor-section-boxed elementor-section-height-default elementor-section-height-default\" data-id=\"f6a61e1\" data-element_type=\"section\">\n\t\t\t\t\t\t<div class=\"elementor-container elementor-column-gap-default\">\n\t\t\t\t\t<div class=\"elementor-column elementor-col-100 elementor-top-column elementor-element elementor-element-81ce27f\" data-id=\"81ce27f\" data-element_type=\"column\">\n\t\t\t<div class=\"elementor-widget-wrap elementor-element-populated\">\n\t\t\t\t\t\t<div class=\"elementor-element elementor-element-8d1f660 elementor-hidden-desktop elementor-hidden-tablet elementor-hidden-mobile elementor-widget elementor-widget-wp-widget-ufsm_noticias_widget\" data-id=\"8d1f660\" data-element_type=\"widget\" data-widget_type=\"wp-widget-ufsm_noticias_widget.default\">\n\t\t\t\t<div class=\"elementor-widget-container\">\n\t\t\t<div id='ufsm-carousel-1775538358-681162615' class='carousel slide carousel-ufsm' data-bs-ride='carousel' aria-hidden='true'>\n    <div class='carousel-inner'>\n                    \n\n            <div class='carousel-item active' data-bs-interval='4000'>\n                                    <!-- Link && Slider Image -->\n                    <a href='https:\/\/www.ufsm.br\/unidades-universitarias\/politecnico\/2022\/12\/21\/processo-seletivo-2023-colegio-politecnico-e-colegio-tecnico-industrial-da-ufsm-confira-orientacoes-essenciais-para-o-dia-de-prova'>\n                        <img class='w-100' style='max-height:270px; object-fit:cover;' alt=\"No dia 8 de janeiro de 2023, os candidatos e candidatas inscritos prestar\u00e3o a prova do Processo Seletivo para ingresso nos Col\u00e9gios da UFSM. Para aqueles que buscam uma vaga no Ensino M\u00e9dio e nos cursos integrados ao Ensino M\u00e9dio,&hellip;\" srcset=\"https:\/\/www.ufsm.br\/app\/uploads\/sites\/405\/2022\/12\/Janeiro-23-300x79.jpg 300w, https:\/\/www.ufsm.br\/app\/uploads\/sites\/405\/2022\/12\/Janeiro-23-768x203.jpg 768w, https:\/\/www.ufsm.br\/app\/uploads\/sites\/405\/2022\/12\/Janeiro-23.jpg 1024w\">\n                    <\/a>\n                \n                \n                                                            <\/div>\n                    \n\n            <div class='carousel-item ' data-bs-interval='4000'>\n                                    <!-- Link && Slider Image -->\n                    <a href='https:\/\/www.ufsm.br\/unidades-universitarias\/politecnico\/2022\/12\/15\/colegio-politecnico-da-ufsm-conheca-as-graduacoes-tecnologicas-e-os-cursos-de-pos-graduacao-da-unidade'>\n                        <img class='w-100' style='max-height:270px; object-fit:cover;' alt=\"Os Cursos de Gradua\u00e7\u00e3o do Col\u00e9gio Polit\u00e9cnico ocorrem de forma presencial, no Campus Camobi, e seus turnos podem variar entre Integral, Matutino, Diurno e Noturno. Eles est\u00e3o divididos em 3 \u00e1reas de conhecimento: Ci\u00eancias Agr\u00e1rias, Ci\u00eancias Exatas e da Terra&hellip;\" srcset=\"https:\/\/www.ufsm.br\/app\/uploads\/sites\/405\/2022\/12\/banner_site_graduacoes_poli-1-300x79.jpg 300w, https:\/\/www.ufsm.br\/app\/uploads\/sites\/405\/2022\/12\/banner_site_graduacoes_poli-1-768x203.jpg 768w, https:\/\/www.ufsm.br\/app\/uploads\/sites\/405\/2022\/12\/banner_site_graduacoes_poli-1.jpg 1024w\">\n                    <\/a>\n                \n                \n                                                            <\/div>\n                    \n\n            <div class='carousel-item ' data-bs-interval='4000'>\n                                    <!-- Link && Slider Image -->\n                    <a href='https:\/\/www.ufsm.br\/unidades-universitarias\/politecnico\/2022\/11\/29\/descubra-2022-conheca-os-cursos-do-colegio-politecnico-da-ufsm'>\n                        <img class='w-100' style='max-height:270px; object-fit:cover;' alt=\"O Col\u00e9gio Polit\u00e9cnico estar\u00e1 presente no Descubra UFSM 2022, que ocorrer\u00e1 de forma presencial ap\u00f3s dois anos de pandemia. O evento ser\u00e1 realizado nos dias 01, 02 e 03 de dezembro, no Centro de Eventos da institui\u00e7\u00e3o, das 09 \u00e0s&hellip;\" srcset=\"https:\/\/www.ufsm.br\/app\/uploads\/sites\/405\/2022\/11\/BANNER-SITE-2-300x80.jpg 300w, https:\/\/www.ufsm.br\/app\/uploads\/sites\/405\/2022\/11\/BANNER-SITE-2-1024x273.jpg 1024w, https:\/\/www.ufsm.br\/app\/uploads\/sites\/405\/2022\/11\/BANNER-SITE-2-768x205.jpg 768w, https:\/\/www.ufsm.br\/app\/uploads\/sites\/405\/2022\/11\/BANNER-SITE-2.jpg 1500w\">\n                    <\/a>\n                \n                \n                                                            <\/div>\n                    <!-- Exibi Indicadores -->\n                    <ol class='carousel-indicators carousel-indicators-numbers d-none d-md-flex align-self-end m-0'>\n                <li data-bs-target='#ufsm-carousel-1775538358-681162615' data-bs-slide-to='0' class='d-flex rounded-circle active'><span class='m-auto fw-bold'>1<\/span><\/li><li data-bs-target='#ufsm-carousel-1775538358-681162615' data-bs-slide-to='1' class='d-flex rounded-circle '><span class='m-auto fw-bold'>2<\/span><\/li><li data-bs-target='#ufsm-carousel-1775538358-681162615' data-bs-slide-to='2' class='d-flex rounded-circle '><span class='m-auto fw-bold'>3<\/span><\/li>            <\/ol>\n            <a class='carousel-control-prev' href='#ufsm-carousel-1775538358-681162615' role='button' data-bs-slide='prev'>\n                <span class='carousel-control-prev-icon' aria-hidden='true'><\/span>\n                <span class='visually-hidden'>Previous<\/span>\n            <\/a>\n            <a class='carousel-control-next' href='#ufsm-carousel-1775538358-681162615' role='button' data-bs-slide='next'>\n                <span class='carousel-control-next-icon' aria-hidden='true'><\/span>\n                <span class='visually-hidden'>Next<\/span>\n            <\/a>\n            <\/div>\n<\/div>\n<!-- Acessibilidade, apenas leitor de tela -->\n<ul class='visually-hidden'>\n    <li><a href='https:\/\/www.ufsm.br\/unidades-universitarias\/politecnico\/2022\/12\/21\/processo-seletivo-2023-colegio-politecnico-e-colegio-tecnico-industrial-da-ufsm-confira-orientacoes-essenciais-para-o-dia-de-prova'>Processo Seletivo 2023 Col\u00e9gio Polit\u00e9cnico e Col\u00e9gio T\u00e9cnico Industrial da UFSM: confira orienta\u00e7\u00f5es essenciais para o dia de prova<\/a><\/li><li><a href='https:\/\/www.ufsm.br\/unidades-universitarias\/politecnico\/2022\/12\/15\/colegio-politecnico-da-ufsm-conheca-as-graduacoes-tecnologicas-e-os-cursos-de-pos-graduacao-da-unidade'>Col\u00e9gio Polit\u00e9cnico da UFSM: Conhe\u00e7a as Gradua\u00e7\u00f5es Tecnol\u00f3gicas e os cursos de P\u00f3s-Gradua\u00e7\u00e3o da unidade<\/a><\/li><li><a href='https:\/\/www.ufsm.br\/unidades-universitarias\/politecnico\/2022\/11\/29\/descubra-2022-conheca-os-cursos-do-colegio-politecnico-da-ufsm'>Descubra 2022: Conhe\u00e7a os cursos do Col\u00e9gio Polit\u00e9cnico da UFSM<\/a><\/li><\/ul>\n\t\t<\/div>\n\t\t\t\t<\/div>\n\t\t\t\t<div class=\"elementor-element elementor-element-d4d8ea9 elementor-widget elementor-widget-image\" data-id=\"d4d8ea9\" data-element_type=\"widget\" data-widget_type=\"image.default\">\n\t\t\t\t<div class=\"elementor-widget-container\">\n\t\t\t\t\t\t\t\t\t\t\t\t\t<img fetchpriority=\"high\" decoding=\"async\" width=\"1176\" height=\"300\" src=\"https:\/\/www.ufsm.br\/app\/uploads\/sites\/611\/2023\/09\/banners_site_esp_geomatica.jpg\" class=\"attachment-full size-full wp-image-268\" alt=\"\" srcset=\"https:\/\/www.ufsm.br\/app\/uploads\/sites\/611\/2023\/09\/banners_site_esp_geomatica.jpg 1176w, https:\/\/www.ufsm.br\/app\/uploads\/sites\/611\/2023\/09\/banners_site_esp_geomatica-300x77.jpg 300w, https:\/\/www.ufsm.br\/app\/uploads\/sites\/611\/2023\/09\/banners_site_esp_geomatica-1024x261.jpg 1024w, https:\/\/www.ufsm.br\/app\/uploads\/sites\/611\/2023\/09\/banners_site_esp_geomatica-768x196.jpg 768w\" sizes=\"(max-width: 1176px) 100vw, 1176px\" \/>\t\t\t\t\t\t\t\t\t\t\t\t\t<\/div>\n\t\t\t\t<\/div>\n\t\t\t\t\t<\/div>\n\t\t<\/div>\n\t\t\t\t\t<\/div>\n\t\t<\/section>\n\t\t\t\t<section class=\"elementor-section elementor-top-section elementor-element elementor-element-71f1b01 elementor-section-boxed elementor-section-height-default elementor-section-height-default\" data-id=\"71f1b01\" data-element_type=\"section\">\n\t\t\t\t\t\t<div class=\"elementor-container elementor-column-gap-default\">\n\t\t\t\t\t<div class=\"elementor-column elementor-col-100 elementor-top-column elementor-element elementor-element-c711c96\" data-id=\"c711c96\" data-element_type=\"column\">\n\t\t\t<div class=\"elementor-widget-wrap elementor-element-populated\">\n\t\t\t\t\t\t<div class=\"elementor-element elementor-element-9bf8518 elementor-widget elementor-widget-heading\" data-id=\"9bf8518\" data-element_type=\"widget\" data-widget_type=\"heading.default\">\n\t\t\t\t<div class=\"elementor-widget-container\">\n\t\t\t<h5 class=\"elementor-heading-title elementor-size-default\">Apresenta\u00e7\u00e3o<\/h5>\t\t<\/div>\n\t\t\t\t<\/div>\n\t\t\t\t<div class=\"elementor-element elementor-element-32089a5 elementor-widget elementor-widget-text-editor\" data-id=\"32089a5\" data-element_type=\"widget\" data-widget_type=\"text-editor.default\">\n\t\t\t\t<div class=\"elementor-widget-container\">\n\t\t\t\t\t\t\t<p><p>O curso de <b>P\u00f3s-Gradua\u00e7\u00e3o em Geom\u00e1tica<\/b> est\u00e1 localizado em <b>Campus Camobi &#8211; UFSM<\/b> na modalidade <b>Especializa\u00e7\u00e3o &#8211; Presencial<\/b> sendo <b>Noturno<\/b> o seu turno de funcionamento. A \u00e1rea de conhecimento do curso \u00e9 classificada como <b>GEOMETRIA E TOPOLOGIA<\/b>. Atualmente, a coordena\u00e7\u00e3o \u00e9 de responsabilidade de <b>LUIZ PATRIC KAYSER<\/b> e a coordena\u00e7\u00e3o substituta de <b>VALMIR VIERA<\/b>.<\/p><p>O curso \u00e9 ofertado em per\u00edodo <b>Semestral<\/b>, sendo <b>3<\/b> o n\u00famero de per\u00edodos indicados para sua conclus\u00e3o.<\/p><p class='mt-3'>aprovado pelo Conselho de Ensino, Pesquisa e Extens\u00e3o, em sua 894\u00aa Sess\u00e3o de 16 de dezembro de 2016<\/p><\/p>\t\t\t\t\t\t<\/div>\n\t\t\t\t<\/div>\n\t\t\t\t\t<\/div>\n\t\t<\/div>\n\t\t\t\t\t<\/div>\n\t\t<\/section>\n\t\t\t\t<section class=\"elementor-section elementor-top-section elementor-element elementor-element-45c9fd7 elementor-section-boxed elementor-section-height-default elementor-section-height-default\" data-id=\"45c9fd7\" data-element_type=\"section\">\n\t\t\t\t\t\t<div class=\"elementor-container elementor-column-gap-default\">\n\t\t\t\t\t<div class=\"elementor-column elementor-col-100 elementor-top-column elementor-element elementor-element-a193b3c\" data-id=\"a193b3c\" data-element_type=\"column\">\n\t\t\t<div class=\"elementor-widget-wrap elementor-element-populated\">\n\t\t\t\t\t\t<div class=\"elementor-element elementor-element-c125024 elementor-widget elementor-widget-wp-widget-ufsm_utilidades\" data-id=\"c125024\" data-element_type=\"widget\" data-widget_type=\"wp-widget-ufsm_utilidades.default\">\n\t\t\t\t<div class=\"elementor-widget-container\">\n\t\t\t\t\t<h5 class=\"card-title titulo-conteudos\">Utilidades<\/h5>\n\t\t\t\t\n\t\t<div class=\"row d-flex justify-content-around\">\n\t\t\t\t\t\t\t<div class=\"col-12 col-sm-6 col-md-2 mt-4 text-center\">\n\t\t\t\t\t\t\t\t\t\t\t<a href=\"https:\/\/www.ufsm.br\/cursos\/pos-graduacao\/santa-maria\/posgeomatica\/horarios\" class=\"item-utilidades d-block\">\n\t\t\t\t\t\t\t\t\t\t<i class=\"fas fa-pencil-alt animation-pulse\" aria-hidden=\"true\"><\/i><b>Oferta \/ Hor\u00e1rios<\/b><\/a>\n\t\t\t\t<\/div>\n\t\t\t\t\t\t\t<div class=\"col-12 col-sm-6 col-md-2 mt-4 text-center\">\n\t\t\t\t\t\t\t\t\t\t\t<a href=\"https:\/\/portal.ufsm.br\/aluno\/\" class=\"item-utilidades d-block\">\n\t\t\t\t\t\t\t\t\t\t<i class=\"fa fa-user animation-pulse\" aria-hidden=\"true\"><\/i><b>Portal do Aluno<\/b><\/a>\n\t\t\t\t<\/div>\n\t\t\t\t\t\t\t<div class=\"col-12 col-sm-6 col-md-2 mt-4 text-center\">\n\t\t\t\t\t\t\t\t\t\t\t<a href=\"https:\/\/www.ufsm.br\/cursos\/pos-graduacao\/santa-maria\/posgeomatica\/informacoes-do-curriculo\" class=\"item-utilidades d-block\">\n\t\t\t\t\t\t\t\t\t\t<i class=\"fa fa-clipboard animation-pulse\" aria-hidden=\"true\"><\/i><b>Informa\u00e7\u00f5es Curriculares<\/b><\/a>\n\t\t\t\t<\/div>\n\t\t\t\t\t\t\t<div class=\"col-12 col-sm-6 col-md-2 mt-4 text-center\">\n\t\t\t\t\t\t\t\t\t\t\t<a href=\"https:\/\/www.ufsm.br\/cursos\/pos-graduacao\/santa-maria\/posgeomatica\/calendario-de-defesas\" class=\"item-utilidades d-block\">\n\t\t\t\t\t\t\t\t\t\t<i class=\"fa fa-calendar animation-pulse\" aria-hidden=\"true\"><\/i><b>Calend\u00e1rio de Defesas<\/b><\/a>\n\t\t\t\t<\/div>\n\t\t\t\t\t\t\t<div class=\"col-12 col-sm-6 col-md-2 mt-4 text-center\">\n\t\t\t\t\t\t\t\t\t\t\t<a href=\"https:\/\/www.ufsm.br\/cursos\/pos-graduacao\/santa-maria\/posgeomatica\/tcc\" class=\"item-utilidades d-block\">\n\t\t\t\t\t\t\t\t\t\t<i class=\"fa fa-book animation-pulse\" aria-hidden=\"true\"><\/i><b>Trabalhos de Conclus\u00e3o<\/b><\/a>\n\t\t\t\t<\/div>\n\t\t\t\t\t<\/div>\n\t\t\t\t<\/div>\n\t\t\t\t<\/div>\n\t\t\t\t\t<\/div>\n\t\t<\/div>\n\t\t\t\t\t<\/div>\n\t\t<\/section>\n\t\t\t\t<section class=\"elementor-section elementor-top-section elementor-element elementor-element-c527731 elementor-section-boxed elementor-section-height-default elementor-section-height-default\" data-id=\"c527731\" data-element_type=\"section\">\n\t\t\t\t\t\t<div class=\"elementor-container elementor-column-gap-default\">\n\t\t\t\t\t<div class=\"elementor-column elementor-col-100 elementor-top-column elementor-element elementor-element-e5ee39b\" data-id=\"e5ee39b\" data-element_type=\"column\">\n\t\t\t<div class=\"elementor-widget-wrap elementor-element-populated\">\n\t\t\t\t\t\t<div class=\"elementor-element elementor-element-b1b4152 elementor-widget elementor-widget-wp-widget-ufsm_noticias_widget\" data-id=\"b1b4152\" data-element_type=\"widget\" data-widget_type=\"wp-widget-ufsm_noticias_widget.default\">\n\t\t\t\t<div class=\"elementor-widget-container\">\n\t\t\t<h5 class='titulo-conteudos'>Not\u00edcias<\/h5><div class='widget-noticias-inside'>\n                        <div class=\"row\">\n                                    <div class=\"col-12 col-lg-12 pb-4\">\n                                        \n                                        \n                    \n                    <a class=\"noticias-widget-title d-block \"  title=\"Edital 30\/2022 \u2013 Processo Seletivo de P\u00f3s-Gradua\u00e7\u00e3o \u2013 Especializa\u00e7\u00e3o em Geom\u00e1tica\" href=\"https:\/\/www.ufsm.br\/cursos\/pos-graduacao\/santa-maria\/posgeomatica\/2022\/10\/13\/edital-30-2022-processo-seletivo-de-pos-graduacao-especializacao-em-geomatica\">\n                                                Edital 30\/2022 \u2013 Processo Seletivo de P\u00f3s-Gradua\u00e7\u00e3o \u2013 Especializa\u00e7\u00e3o em Geom\u00e1tica                    <\/a>\n                    \n                                            <div class=\"noticias-widget-introtext\">\n                            A Coordena\u00e7\u00e3o da Especializa\u00e7\u00e3o em Geom\u00e1tica e a Pr\u00f3-Reitoria de P\u00f3s-Gradua\u00e7\u00e3o e Pesquisa (PRPGP) tornam p\u00fablico que no&nbsp;per\u00edodo de 30 de setembro at\u00e9 \u00e0s 12h do dia 28 de novembro,&nbsp;estar\u00e3o abertas as inscri\u00e7\u00f5es para o processo seletivo de Especializa\u00e7\u00e3o em&hellip;                        <\/div>\n                    \n                                        \n                                        \n                                            \n                                                    <div title=\"Publicado em 13\/10\/2022 \" class=\"data-publicacao-widget\">\n                                <i  class=\"far fa-clock\"><\/i>\n                                13\/10\/2022                             <\/div>\n                                                                <\/div>\n                            <\/div>\n                    <div class=\"row\">\n                                    <div class=\"col-12 col-lg-12 pb-4\">\n                                        \n                                        \n                    \n                    <a class=\"noticias-widget-title d-block \"  title=\"Notas da 1\u00aa e 2\u00aa Etapas Avaliativas do Processo Seletivo para o Curso de Especializa\u00e7\u00e3o em Geom\u00e1tica &#8211; Edital N\u00ba 028\/2021\/PRPGP\/UFSM.\" href=\"https:\/\/www.ufsm.br\/cursos\/pos-graduacao\/santa-maria\/posgeomatica\/2022\/02\/03\/notas-da-1a-e-2a-etapas-avaliativas-do-processo-seletivo-para-o-curso-de-especializacao-em-geomatica-edital-no-028-2021-prpgp-ufsm\">\n                                                Notas da 1\u00aa e 2\u00aa Etapas Avaliativas do Processo Seletivo para o Curso de Especializa\u00e7\u00e3o em Geom\u00e1tica &#8211; Edital N\u00ba 028\/2021\/PRPGP\/UFSM.                    <\/a>\n                    \n                                            <div class=\"noticias-widget-introtext\">\n                            A Comiss\u00e3o de Sele\u00e7\u00e3o do Curso de Especializa\u00e7\u00e3o em Geom\u00e1tica informa as notas da 1\u00aa e 2\u00aa Etapas Avaliativas do Processo Seletivo para o Curso de Especializa\u00e7\u00e3o em Geom\u00e1tica, conforme Edital N\u00ba 028\/2021\/PRPGP\/UFSM.                        <\/div>\n                    \n                                        \n                                        \n                                            \n                                                    <div title=\"Publicado em 03\/02\/2022 \" class=\"data-publicacao-widget\">\n                                <i  class=\"far fa-clock\"><\/i>\n                                03\/02\/2022                             <\/div>\n                                                                <\/div>\n                            <\/div>\n                    <div class=\"row\">\n                                    <div class=\"col-12 col-lg-12 pb-4\">\n                                        \n                                        \n                    \n                    <a class=\"noticias-widget-title d-block \"  title=\"Edital para processo seletivo do Programa de P\u00f3s-gradua\u00e7\u00e3o em Geom\u00e1tica &#8211; Ingresso 1\u00b0 Semestre de 2022\" href=\"https:\/\/www.ufsm.br\/cursos\/pos-graduacao\/santa-maria\/posgeomatica\/2022\/01\/03\/edital-para-processo-seletivo-do-programa-de-pos-graduacao-em-geomatica-ingresso-1-semestre-de-2022\">\n                                                Edital para processo seletivo do Programa de P\u00f3s-gradua\u00e7\u00e3o em Geom\u00e1tica &#8211; Ingresso 1\u00b0 Semestre de 2022                    <\/a>\n                    \n                                            <div class=\"noticias-widget-introtext\">\n                            A Coordena\u00e7\u00e3o do Programa Especializa\u00e7\u00e3o em Geom\u00e1tica e a Pr\u00f3-Reitoria de P\u00f3s-gradua\u00e7\u00e3o e Pesquisa (PRPGP) tornam p\u00fablico o Edital 28\/2021\/PRPGP\/UFSM, com inscri\u00e7\u00f5es no per\u00edodo de&nbsp;03 a 14 de janeiro de 2022, \u00e0s 12 horas&nbsp;para o processo seletivo da P\u00f3s-gradua\u00e7\u00e3o, em&hellip;                        <\/div>\n                    \n                                        \n                                        \n                                            \n                                                    <div title=\"Publicado em 03\/01\/2022 \" class=\"data-publicacao-widget\">\n                                <i  class=\"far fa-clock\"><\/i>\n                                03\/01\/2022                             <\/div>\n                                                                <\/div>\n                            <\/div>\n                    <div class=\"row\">\n                                    <div class=\"col-12 col-lg-12 pb-4\">\n                                        \n                                        \n                    \n                    <a class=\"noticias-widget-title d-block \"  title=\"Resultado da Sele\u00e7\u00e3o \u00e0 Especializa\u00e7\u00e3o &#8211; Edital 19.56\/2021 PRPGP\" href=\"https:\/\/www.ufsm.br\/cursos\/pos-graduacao\/santa-maria\/posgeomatica\/2021\/09\/16\/resultado-da-selecao-a-especializacao-edital-19-56-2021-prpgp\">\n                                                Resultado da Sele\u00e7\u00e3o \u00e0 Especializa\u00e7\u00e3o &#8211; Edital 19.56\/2021 PRPGP                    <\/a>\n                    \n                                            <div class=\"noticias-widget-introtext\">\n                            A Coordena\u00e7\u00e3o do Programa de P\u00f3s-Gradua\u00e7\u00e3o em Geom\u00e1tica e a Pr\u00f3-Reitoria de P\u00f3s-gradua\u00e7\u00e3o e Pesquisa (PRPGP) informa o resultado da Etapa 1, o resultado da Etapa 2 e o resultado da Sele\u00e7\u00e3o \u00e0 Especializa\u00e7\u00e3o Edital 19.56\/2021 PRPGP \u2013 Especializa\u00e7\u00e3o em&hellip;                        <\/div>\n                    \n                                        \n                                        \n                                            \n                                                    <div title=\"Publicado em 16\/09\/2021 \" class=\"data-publicacao-widget\">\n                                <i  class=\"far fa-clock\"><\/i>\n                                16\/09\/2021                             <\/div>\n                                                                <\/div>\n                            <\/div>\n                    <div class=\"row\">\n                                    <div class=\"col-12 col-lg-12 pb-4\">\n                                        \n                                        \n                    \n                    <a class=\"noticias-widget-title d-block \"  title=\"Rela\u00e7\u00e3o das Inscri\u00e7\u00f5es Homologadas no Edital 019\/2021 PRPGP\" href=\"https:\/\/www.ufsm.br\/cursos\/pos-graduacao\/santa-maria\/posgeomatica\/2021\/08\/31\/relacao-das-inscricoes-homologadas-no-edital-019-2021-prpgp\">\n                                                Rela\u00e7\u00e3o das Inscri\u00e7\u00f5es Homologadas no Edital 019\/2021 PRPGP                    <\/a>\n                    \n                                            <div class=\"noticias-widget-introtext\">\n                            A Coordena\u00e7\u00e3o do Programa de P\u00f3s-Gradua\u00e7\u00e3o em Geom\u00e1tica e a Pr\u00f3-Reitoria de P\u00f3s-gradua\u00e7\u00e3o e Pesquisa (PRPGP) informa a rela\u00e7\u00e3o de inscri\u00e7\u00f5es homologadas referentes ao Edital 019\/2021 PRPGP \u2013 Especializa\u00e7\u00e3o em Geom\u00e1tica.                        <\/div>\n                    \n                                        \n                                        \n                                            \n                                                    <div title=\"Publicado em 31\/08\/2021 \" class=\"data-publicacao-widget\">\n                                <i  class=\"far fa-clock\"><\/i>\n                                31\/08\/2021                             <\/div>\n                                                                <\/div>\n                            <\/div>\n            <\/div>\n<div class=\"leia-mais p-1\">\n                <a href=\"https:\/\/www.ufsm.br\/cursos\/pos-graduacao\/santa-maria\/posgeomatica\/busca\/?q=&area=post&orderby=date&sites%5B%5D=611\">\n            LEIA MAIS            <span class=\"icon-box\">\n                <span class=\"bg-ufsm-widget-icon\">\n                    <i class=\"fas fa-chevron-right\" aria-hidden=\"true\"><\/i>\n                <\/span>\n            <\/span>\n        <\/a>\n    <\/div>\n\t\t<\/div>\n\t\t\t\t<\/div>\n\t\t\t\t\t<\/div>\n\t\t<\/div>\n\t\t\t\t\t<\/div>\n\t\t<\/section>\n\t\t\t\t<section class=\"elementor-section elementor-top-section elementor-element elementor-element-0f6b01c elementor-section-boxed elementor-section-height-default elementor-section-height-default\" data-id=\"0f6b01c\" data-element_type=\"section\">\n\t\t\t\t\t\t<div class=\"elementor-container elementor-column-gap-default\">\n\t\t\t\t\t<div class=\"elementor-column elementor-col-100 elementor-top-column elementor-element elementor-element-42e3747\" data-id=\"42e3747\" data-element_type=\"column\">\n\t\t\t<div class=\"elementor-widget-wrap elementor-element-populated\">\n\t\t\t\t\t\t<div class=\"elementor-element elementor-element-d8e28f5 elementor-widget elementor-widget-wp-widget-ufsm_eventos_widget\" data-id=\"d8e28f5\" data-element_type=\"widget\" data-widget_type=\"wp-widget-ufsm_eventos_widget.default\">\n\t\t\t\t<div class=\"elementor-widget-container\">\n\t\t\t<H2 class='titulo-conteudos'>Eventos<\/H2>\n          <div class='d-flex flex-column align-items-center justify-content-center py-4'>\n        <span class='text-muted fs-5 mb-2 d-flex align-items-center'>\n          <i class='fas fa-calendar-times fa-2x me-2'><\/i>\n          Nenhum evento futuro encontrado.\n        <\/span>\n        <a class='btn btn-outline-primary mt-2' href='https:\/\/www.ufsm.br\/cursos\/pos-graduacao\/santa-maria\/posgeomatica\/busca\/?q=&orderby=date&order=DESC&perpage=15&area=eventos&sites%5B%5D=611'>\n          Confira os eventos j\u00e1 realizados\n          <i class='fas fa-arrow-right ms-2'><\/i>\n        <\/a>\n          <\/div>\n        \t\t<\/div>\n\t\t\t\t<\/div>\n\t\t\t\t\t<\/div>\n\t\t<\/div>\n\t\t\t\t\t<\/div>\n\t\t<\/section>\n\t\t\t\t<\/div>\n\t\t","protected":false},"excerpt":{"rendered":"<p>Apresenta\u00e7\u00e3o<\/p>\n","protected":false},"author":8,"featured_media":0,"parent":0,"menu_order":0,"comment_status":"closed","ping_status":"closed","template":"","meta":{"footnotes":""},"categories":[],"tags":[],"class_list":["post-5","page","type-page","status-publish","hentry"],"acf":[],"_links":{"self":[{"href":"https:\/\/www.ufsm.br\/cursos\/pos-graduacao\/santa-maria\/posgeomatica\/wp-json\/wp\/v2\/pages\/5","targetHints":{"allow":["GET"]}}],"collection":[{"href":"https:\/\/www.ufsm.br\/cursos\/pos-graduacao\/santa-maria\/posgeomatica\/wp-json\/wp\/v2\/pages"}],"about":[{"href":"https:\/\/www.ufsm.br\/cursos\/pos-graduacao\/santa-maria\/posgeomatica\/wp-json\/wp\/v2\/types\/page"}],"author":[{"embeddable":true,"href":"https:\/\/www.ufsm.br\/cursos\/pos-graduacao\/santa-maria\/posgeomatica\/wp-json\/wp\/v2\/users\/8"}],"replies":[{"embeddable":true,"href":"https:\/\/www.ufsm.br\/cursos\/pos-graduacao\/santa-maria\/posgeomatica\/wp-json\/wp\/v2\/comments?post=5"}],"version-history":[{"count":0,"href":"https:\/\/www.ufsm.br\/cursos\/pos-graduacao\/santa-maria\/posgeomatica\/wp-json\/wp\/v2\/pages\/5\/revisions"}],"wp:attachment":[{"href":"https:\/\/www.ufsm.br\/cursos\/pos-graduacao\/santa-maria\/posgeomatica\/wp-json\/wp\/v2\/media?parent=5"}],"wp:term":[{"taxonomy":"category","embeddable":true,"href":"https:\/\/www.ufsm.br\/cursos\/pos-graduacao\/santa-maria\/posgeomatica\/wp-json\/wp\/v2\/categories?post=5"},{"taxonomy":"post_tag","embeddable":true,"href":"https:\/\/www.ufsm.br\/cursos\/pos-graduacao\/santa-maria\/posgeomatica\/wp-json\/wp\/v2\/tags?post=5"}],"curies":[{"name":"wp","href":"https:\/\/api.w.org\/{rel}","templated":true}]}}